CRAN Package Check Results for Package zoltr

Last updated on 2021-04-15 09:50:21 CEST.

Flavor Version Tinstall Tcheck Ttotal Status Flags
r-devel-linux-x86_64-debian-clang 0.5.1 5.02 46.80 51.82 NOTE
r-devel-linux-x86_64-debian-gcc 0.5.1 3.91 36.85 40.76 NOTE
r-devel-linux-x86_64-fedora-clang 0.5.1 71.72 NOTE
r-devel-linux-x86_64-fedora-gcc 0.5.1 78.31 NOTE
r-devel-windows-ix86+x86_64 0.5.1 12.00 64.00 76.00 NOTE
r-devel-windows-x86_64-gcc10-UCRT 0.5.1 NOTE
r-patched-linux-x86_64 0.5.1 5.04 45.20 50.24 OK
r-patched-solaris-x86 0.5.1 97.20 OK
r-release-linux-x86_64 0.5.1 5.14 44.86 50.00 OK
r-release-macos-x86_64 0.5.1 OK
r-release-windows-ix86+x86_64 0.5.1 13.00 71.00 84.00 OK
r-oldrel-macos-x86_64 0.5.1 OK
r-oldrel-windows-ix86+x86_64 0.5.1 6.00 50.00 56.00 OK

Check Details

Version: 0.5.1
Check: LazyData
Result: NOTE
     'LazyData' is specified without a 'data' directory
Flavors: r-devel-linux-x86_64-debian-clang, r-devel-linux-x86_64-debian-gcc, r-devel-linux-x86_64-fedora-clang, r-devel-linux-x86_64-fedora-gcc, r-devel-windows-ix86+x86_64, r-devel-windows-x86_64-gcc10-UCRT