CRAN Package Check Results for Package zenplots

Last updated on 2021-04-15 09:50:21 CEST.

Flavor Version Tinstall Tcheck Ttotal Status Flags
r-devel-linux-x86_64-debian-clang 1.0.3 14.16 147.87 162.03 OK
r-devel-linux-x86_64-debian-gcc 1.0.3 9.89 120.35 130.24 OK
r-devel-linux-x86_64-fedora-clang 1.0.3 223.91 OK
r-devel-linux-x86_64-fedora-gcc 1.0.3 219.50 OK
r-devel-windows-ix86+x86_64 1.0.3 25.00 292.00 317.00 OK
r-devel-windows-x86_64-gcc10-UCRT 1.0.3 ERROR
r-patched-linux-x86_64 1.0.3 12.65 143.22 155.87 OK
r-patched-solaris-x86 1.0.3 304.30 OK
r-release-linux-x86_64 1.0.3 13.27 143.52 156.79 OK
r-release-macos-x86_64 1.0.3 OK
r-release-windows-ix86+x86_64 1.0.3 19.00 355.00 374.00 OK
r-oldrel-macos-x86_64 1.0.3 ERROR
r-oldrel-windows-ix86+x86_64 1.0.3 21.00 154.00 175.00 OK

Check Details

Version: 1.0.3
Check: package dependencies
Result: NOTE
    Package suggested but not available for checking: 'Rgraphviz'
Flavor: r-devel-windows-x86_64-gcc10-UCRT

Version: 1.0.3
Check: examples
Result: ERROR
    Running examples in 'zenplots-Ex.R' failed
    The error most likely occurred in:
    
    > ### Name: graph_pairs
    > ### Title: Turn pairs or paths into a graph
    > ### Aliases: graph_pairs
    >
    > ### ** Examples
    >
    > ## Get some pairs
    > pairs <- matrix(c(1,2, 5,1, 3,4, 2,3, 4,2), ncol = 2, byrow = TRUE)
    > g <- graph_pairs(pairs)
    > ## which can be displayed using plot(g)
    > ## if the graph package is installed.
    > library(graph)
    Loading required package: BiocGenerics
    Loading required package: parallel
    
    Attaching package: 'BiocGenerics'
    
    The following objects are masked from 'package:parallel':
    
     clusterApply, clusterApplyLB, clusterCall, clusterEvalQ,
     clusterExport, clusterMap, parApply, parCapply, parLapply,
     parLapplyLB, parRapply, parSapply, parSapplyLB
    
    The following objects are masked from 'package:stats':
    
     IQR, mad, sd, var, xtabs
    
    The following objects are masked from 'package:base':
    
     Filter, Find, Map, Position, Reduce, anyDuplicated, append,
     as.data.frame, basename, cbind, colnames, dirname, do.call,
     duplicated, eval, evalq, get, grep, grepl, intersect, is.unsorted,
     lapply, mapply, match, mget, order, paste, pmax, pmax.int, pmin,
     pmin.int, rank, rbind, rownames, sapply, setdiff, sort, table,
     tapply, union, unique, unsplit, which.max, which.min
    
    > plot(g)
    Error: package required but not installed: 'Rgraphviz'
    Execution halted
Flavor: r-devel-windows-x86_64-gcc10-UCRT

Version: 1.0.3
Check: re-building of vignette outputs
Result: WARN
    Error(s) in re-building vignettes:
    --- re-building 'intro.Rmd' using rmarkdown
    Loading required package: TSP
    Loading required package: gtools
    Loading required package: graph
    Loading required package: BiocGenerics
    Loading required package: parallel
    
    Attaching package: 'BiocGenerics'
    
    The following objects are masked from 'package:parallel':
    
     clusterApply, clusterApplyLB, clusterCall, clusterEvalQ,
     clusterExport, clusterMap, parApply, parCapply, parLapply,
     parLapplyLB, parRapply, parSapply, parSapplyLB
    
    The following objects are masked from 'package:stats':
    
     IQR, mad, sd, var, xtabs
    
    The following objects are masked from 'package:base':
    
     Filter, Find, Map, Position, Reduce, anyDuplicated, append,
     as.data.frame, basename, cbind, colnames, dirname, do.call,
     duplicated, eval, evalq, get, grep, grepl, intersect, is.unsorted,
     lapply, mapply, match, mget, order, paste, pmax, pmax.int, pmin,
     pmin.int, rank, rbind, rownames, sapply, setdiff, sort, table,
     tapply, union, unique, unsplit, which.max, which.min
    
    Quitting from lines 98-102 (intro.Rmd)
    Error: processing vignette 'intro.Rmd' failed with diagnostics:
    there is no package called 'Rgraphviz'
    --- failed re-building 'intro.Rmd'
    
    --- re-building 'selected_features.Rmd' using rmarkdown
    Loading required package: TSP
    Loading required package: gtools
    Loading required package: graph
    Loading required package: BiocGenerics
    Loading required package: parallel
    
    Attaching package: 'BiocGenerics'
    
    The following objects are masked from 'package:parallel':
    
     clusterApply, clusterApplyLB, clusterCall, clusterEvalQ,
     clusterExport, clusterMap, parApply, parCapply, parLapply,
     parLapplyLB, parRapply, parSapply, parSapplyLB
    
    The following objects are masked from 'package:stats':
    
     IQR, mad, sd, var, xtabs
    
    The following objects are masked from 'package:base':
    
     Filter, Find, Map, Position, Reduce, anyDuplicated, append,
     as.data.frame, basename, cbind, colnames, dirname, do.call,
     duplicated, eval, evalq, get, grep, grepl, intersect, is.unsorted,
     lapply, mapply, match, mget, order, paste, pmax, pmax.int, pmin,
     pmin.int, rank, rbind, rownames, sapply, setdiff, sort, table,
     tapply, union, unique, unsplit, which.max, which.min
    
    Loading required package: rJava
    Quitting from lines 249-251 (selected_features.Rmd)
    Error: processing vignette 'selected_features.Rmd' failed with diagnostics:
    package required but not installed: 'Rgraphviz'
    --- failed re-building 'selected_features.Rmd'
    
    SUMMARY: processing the following files failed:
     'intro.Rmd' 'selected_features.Rmd'
    
    Error: Vignette re-building failed.
    Execution halted
Flavor: r-devel-windows-x86_64-gcc10-UCRT

Version: 1.0.3
Check: whether package can be installed
Result: ERROR
    Installation failed.
Flavor: r-oldrel-macos-x86_64