CRAN Package Check Results for Package yamlet

Last updated on 2020-03-30 20:48:47 CEST.

Flavor Version Tinstall Tcheck Ttotal Status Flags
r-devel-linux-x86_64-debian-clang 0.4.6 6.12 68.15 74.27 ERROR
r-devel-linux-x86_64-debian-gcc 0.4.6 5.70 51.81 57.51 OK
r-devel-linux-x86_64-fedora-clang 0.4.6 88.14 OK
r-devel-linux-x86_64-fedora-gcc 0.4.6 87.25 OK
r-devel-windows-ix86+x86_64 0.4.6 17.00 77.00 94.00 OK
r-devel-windows-ix86+x86_64-gcc8 0.4.6 21.00 90.00 111.00 OK
r-patched-linux-x86_64 0.4.6 7.03 64.92 71.95 OK
r-patched-solaris-x86 0.4.6 128.80 OK
r-release-linux-x86_64 0.4.6 5.95 61.40 67.35 OK
r-release-windows-ix86+x86_64 0.4.6 31.00 114.00 145.00 OK
r-release-osx-x86_64 0.4.6 OK
r-oldrel-windows-ix86+x86_64 0.4.6 16.00 118.00 134.00 OK
r-oldrel-osx-x86_64 0.4.6 OK

Check Details

Version: 0.4.6
Check: tests
Result: ERROR
     Running 'testthat.R' [5s/5s]
    Running the tests in 'tests/testthat.R' failed.
    Complete output:
     > library(testthat)
     > library(yamlet)
    
     Attaching package: 'yamlet'
    
     The following object is masked from 'package:stats':
    
     filter
    
     >
     > test_check("yamlet")
     -- 1. Failure: resolve correctly classifies conditional elements (@test-yamlet.R
     setequal(names(a$value), c("label", "units")) isn't true.
    
     -- 2. Failure: micro symbol is_pareseable (@test-yamlet.R#466) ----------------
     is_parseable("µg/L") isn't true.
    
     == testthat results ===========================================================
     [ OK: 126 | SKIPPED: 3 | WARNINGS: 59 | FAILED: 2 ]
     1. Failure: resolve correctly classifies conditional elements (@test-yamlet.R#348)
     2. Failure: micro symbol is_pareseable (@test-yamlet.R#466)
    
     Error: testthat unit tests failed
     Execution halted
Flavor: r-devel-linux-x86_64-debian-clang