CRAN Package Check Results for Package xtune

Last updated on 2021-06-16 09:53:43 CEST.

Flavor Version Tinstall Tcheck Ttotal Status Flags
r-devel-linux-x86_64-debian-clang 0.1.0 8.96 112.96 121.92 NOTE
r-devel-linux-x86_64-debian-gcc 0.1.0 7.60 83.73 91.33 NOTE
r-devel-linux-x86_64-fedora-clang 0.1.0 150.58 OK
r-devel-linux-x86_64-fedora-gcc 0.1.0 140.63 OK
r-devel-windows-x86_64 0.1.0 14.00 138.00 152.00 NOTE
r-devel-windows-x86_64-gcc10-UCRT 0.1.0 OK
r-patched-linux-x86_64 0.1.0 11.90 110.17 122.07 NOTE
r-patched-solaris-x86 0.1.0 203.70 OK
r-release-linux-x86_64 0.1.0 8.57 106.67 115.24 NOTE
r-release-macos-arm64 0.1.0 OK
r-release-macos-x86_64 0.1.0 OK
r-release-windows-ix86+x86_64 0.1.0 20.00 137.00 157.00 NOTE
r-oldrel-macos-x86_64 0.1.0 OK
r-oldrel-windows-ix86+x86_64 0.1.0 15.00 197.00 212.00 NOTE

Check Details

Version: 0.1.0
Check: package vignettes
Result: NOTE
    Package vignette with placeholder title 'Vignette Title':
     'vignette.Rmd'
Flavors: r-devel-linux-x86_64-debian-clang, r-devel-linux-x86_64-debian-gcc, r-devel-windows-x86_64, r-patched-linux-x86_64, r-release-linux-x86_64, r-release-windows-ix86+x86_64, r-oldrel-windows-ix86+x86_64