CRAN Package Check Results for Package xrnet

Last updated on 2021-04-15 09:50:21 CEST.

Flavor Version Tinstall Tcheck Ttotal Status Flags
r-devel-linux-x86_64-debian-clang 0.1.7 109.99 56.82 166.81 OK
r-devel-linux-x86_64-debian-gcc 0.1.7 90.80 48.22 139.02 OK
r-devel-linux-x86_64-fedora-clang 0.1.7 247.99 NOTE
r-devel-linux-x86_64-fedora-gcc 0.1.7 238.09 OK
r-devel-windows-ix86+x86_64 0.1.7 249.00 132.00 381.00 OK
r-devel-windows-x86_64-gcc10-UCRT 0.1.7 OK
r-patched-linux-x86_64 0.1.7 106.89 58.14 165.03 OK
r-patched-solaris-x86 0.1.7 233.10 OK
r-release-linux-x86_64 0.1.7 109.83 58.76 168.59 OK
r-release-macos-x86_64 0.1.7 NOTE
r-release-windows-ix86+x86_64 0.1.7 210.00 149.00 359.00 OK
r-oldrel-macos-x86_64 0.1.7 NOTE
r-oldrel-windows-ix86+x86_64 0.1.7 206.00 125.00 331.00 OK

Check Details

Version: 0.1.7
Check: installed package size
Result: NOTE
     installed size is 26.7Mb
     sub-directories of 1Mb or more:
     libs 26.2Mb
Flavors: r-devel-linux-x86_64-fedora-clang, r-release-macos-x86_64, r-oldrel-macos-x86_64