CRAN Package Check Results for Package xplain

Last updated on 2021-04-15 09:50:21 CEST.

Flavor Version Tinstall Tcheck Ttotal Status Flags
r-devel-linux-x86_64-debian-clang 0.2.2 2.84 25.92 28.76 NOTE
r-devel-linux-x86_64-debian-gcc 0.2.2 2.43 20.10 22.53 NOTE
r-devel-linux-x86_64-fedora-clang 0.2.2 44.48 NOTE
r-devel-linux-x86_64-fedora-gcc 0.2.2 34.19 NOTE
r-devel-windows-ix86+x86_64 0.2.2 8.00 38.00 46.00 NOTE
r-devel-windows-x86_64-gcc10-UCRT 0.2.2 NOTE
r-patched-linux-x86_64 0.2.2 2.98 24.54 27.52 OK
r-patched-solaris-x86 0.2.2 52.90 NOTE
r-release-linux-x86_64 0.2.2 3.06 24.57 27.63 OK
r-release-macos-x86_64 0.2.2 NOTE
r-release-windows-ix86+x86_64 0.2.2 24.00 42.00 66.00 OK
r-oldrel-macos-x86_64 0.2.2 ERROR
r-oldrel-windows-ix86+x86_64 0.2.1 7.00 52.00 59.00 ERROR

Check Details

Version: 0.2.2
Check: LazyData
Result: NOTE
     'LazyData' is specified without a 'data' directory
Flavors: r-devel-linux-x86_64-debian-clang, r-devel-linux-x86_64-debian-gcc, r-devel-linux-x86_64-fedora-clang, r-devel-linux-x86_64-fedora-gcc, r-devel-windows-ix86+x86_64, r-devel-windows-x86_64-gcc10-UCRT

Version: 0.2.2
Check: dependencies in R code
Result: NOTE
    Namespace in Imports field not imported from: ‘RCurl’
     All declared Imports should be used.
Flavors: r-devel-linux-x86_64-fedora-clang, r-devel-linux-x86_64-fedora-gcc, r-devel-windows-x86_64-gcc10-UCRT, r-patched-solaris-x86, r-release-macos-x86_64

Version: 0.2.2
Check: whether package can be installed
Result: ERROR
    Installation failed.
Flavor: r-oldrel-macos-x86_64

Version: 0.2.1
Check: examples
Result: ERROR
    Running examples in 'xplain-Ex.R' failed
    The error most likely occurred in:
    
    > ### Name: xplain
    > ### Title: Showing interpretation information for the results of a function
    > ### Aliases: xplain
    >
    > ### ** Examples
    >
    >
    > library(car)
    Loading required package: carData
    >
    > xplain(call="lm(education ~ young + income + urban, data=Anscombe)",
    + xml="http://www.zuckarelli.de/xplain/example_lm.xml")
    Error in xplain(call = "lm(education ~ young + income + urban, data=Anscombe)", :
     xplain XML file '-' does not exist.
    Execution halted
Flavor: r-oldrel-windows-ix86+x86_64