CRAN Package Check Results for Package xgboost

Last updated on 2020-07-06 21:50:42 CEST.

Flavor Version Tinstall Tcheck Ttotal Status Flags
r-devel-linux-x86_64-debian-clang 1.1.1.1 178.36 244.05 422.41 NOTE
r-devel-linux-x86_64-debian-gcc 1.1.1.1 190.60 187.53 378.13 NOTE
r-devel-linux-x86_64-fedora-clang 1.1.1.1 545.98 NOTE
r-devel-linux-x86_64-fedora-gcc 1.1.1.1 522.27 NOTE
r-devel-windows-ix86+x86_64 1.1.1.1 344.00 290.00 634.00 NOTE
r-patched-linux-x86_64 1.1.1.1 196.70 224.91 421.61 NOTE
r-patched-solaris-x86 1.1.1.1 580.50 NOTE
r-release-linux-x86_64 1.1.1.1 202.64 223.99 426.63 NOTE
r-release-osx-x86_64 1.1.1.1 WARN
r-release-windows-ix86+x86_64 1.1.1.1 270.00 301.00 571.00 NOTE
r-oldrel-osx-x86_64 1.1.1.1 NOTE
r-oldrel-windows-ix86+x86_64 1.1.1.1 303.00 413.00 716.00 NOTE

Check Details

Version: 1.1.1.1
Check: for GNU extensions in Makefiles
Result: NOTE
    GNU make is a SystemRequirements.
Flavors: r-devel-linux-x86_64-debian-clang, r-devel-linux-x86_64-debian-gcc, r-devel-linux-x86_64-fedora-clang, r-devel-linux-x86_64-fedora-gcc, r-devel-windows-ix86+x86_64, r-patched-linux-x86_64, r-patched-solaris-x86, r-release-linux-x86_64, r-release-osx-x86_64, r-release-windows-ix86+x86_64, r-oldrel-osx-x86_64, r-oldrel-windows-ix86+x86_64

Version: 1.1.1.1
Check: installed package size
Result: NOTE
     installed size is 37.9Mb
     sub-directories of 1Mb or more:
     libs 37.0Mb
Flavors: r-devel-linux-x86_64-fedora-clang, r-devel-windows-ix86+x86_64, r-release-osx-x86_64, r-release-windows-ix86+x86_64, r-oldrel-osx-x86_64, r-oldrel-windows-ix86+x86_64

Version: 1.1.1.1
Check: whether package can be installed
Result: WARN
    Found the following significant warnings:
     WARNING: OpenMP is unavailable on this Mac OSX system. Training speed may be suboptimal.
Flavor: r-release-osx-x86_64