CRAN Package Check Results for Package xesreadR

Last updated on 2021-04-15 09:50:21 CEST.

Flavor Version Tinstall Tcheck Ttotal Status Flags
r-devel-linux-x86_64-debian-clang 0.2.3 9.02 66.26 75.28 NOTE
r-devel-linux-x86_64-debian-gcc 0.2.3 6.17 50.05 56.22 NOTE
r-devel-linux-x86_64-fedora-clang 0.2.3 96.70 NOTE
r-devel-linux-x86_64-fedora-gcc 0.2.3 86.60 NOTE
r-devel-windows-ix86+x86_64 0.2.3 21.00 72.00 93.00 NOTE
r-devel-windows-x86_64-gcc10-UCRT 0.2.3 NOTE
r-patched-linux-x86_64 0.2.3 8.29 61.89 70.18 OK
r-patched-solaris-x86 0.2.3 133.80 OK
r-release-linux-x86_64 0.2.3 7.76 62.80 70.56 OK
r-release-macos-x86_64 0.2.3 OK
r-release-windows-ix86+x86_64 0.2.3 21.00 87.00 108.00 OK
r-oldrel-macos-x86_64 0.2.3 OK
r-oldrel-windows-ix86+x86_64 0.2.3 12.00 64.00 76.00 OK

Check Details

Version: 0.2.3
Check: LazyData
Result: NOTE
     'LazyData' is specified without a 'data' directory
Flavors: r-devel-linux-x86_64-debian-clang, r-devel-linux-x86_64-debian-gcc, r-devel-linux-x86_64-fedora-clang, r-devel-linux-x86_64-fedora-gcc, r-devel-windows-ix86+x86_64, r-devel-windows-x86_64-gcc10-UCRT