CRAN Package Check Results for Package wv

Last updated on 2021-06-16 09:53:43 CEST.

Flavor Version Tinstall Tcheck Ttotal Status Flags
r-devel-linux-x86_64-debian-clang 0.1.1 183.43 43.17 226.60 OK
r-devel-linux-x86_64-debian-gcc 0.1.1 118.64 33.49 152.13 OK
r-devel-linux-x86_64-fedora-clang 0.1.1 328.82 NOTE
r-devel-linux-x86_64-fedora-gcc 0.1.1 288.83 NOTE
r-devel-windows-x86_64 0.1.1 218.00 73.00 291.00 OK
r-devel-windows-x86_64-gcc10-UCRT 0.1.1 NOTE
r-patched-linux-x86_64 0.1.1 144.35 42.11 186.46 OK
r-patched-solaris-x86 0.1.1 244.30 NOTE
r-release-linux-x86_64 0.1.1 142.59 41.94 184.53 OK
r-release-macos-arm64 0.1.1 NOTE
r-release-macos-x86_64 0.1.1 NOTE
r-release-windows-ix86+x86_64 0.1.1 408.00 94.00 502.00 OK
r-oldrel-macos-x86_64 0.1.1 NOTE
r-oldrel-windows-ix86+x86_64 0.1.1 422.00 154.00 576.00 OK

Check Details

Version: 0.1.1
Check: installed package size
Result: NOTE
     installed size is 7.9Mb
     sub-directories of 1Mb or more:
     help 1.6Mb
     libs 6.0Mb
Flavors: r-devel-linux-x86_64-fedora-clang, r-release-macos-arm64, r-release-macos-x86_64, r-oldrel-macos-x86_64

Version: 0.1.1
Check: dependencies in R code
Result: NOTE
    Namespace in Imports field not imported from: ‘simts’
     All declared Imports should be used.
Flavors: r-devel-linux-x86_64-fedora-clang, r-devel-linux-x86_64-fedora-gcc, r-devel-windows-x86_64-gcc10-UCRT, r-patched-solaris-x86, r-release-macos-arm64, r-release-macos-x86_64, r-oldrel-macos-x86_64