CRAN Package Check Results for Package wrswoR

Last updated on 2021-06-21 09:53:02 CEST.

Flavor Version Tinstall Tcheck Ttotal Status Flags
r-devel-linux-x86_64-debian-clang 1.1.1 21.18 31.91 53.09 NOTE
r-devel-linux-x86_64-debian-gcc 1.1.1 13.38 24.89 38.27 NOTE
r-devel-linux-x86_64-fedora-clang 1.1.1 78.24 NOTE
r-devel-linux-x86_64-fedora-gcc 1.1.1 62.98 NOTE
r-devel-windows-x86_64 1.1.1 29.00 62.00 91.00 NOTE
r-devel-windows-x86_64-gcc10-UCRT 1.1.1 NOTE
r-patched-linux-x86_64 1.1.1 16.49 31.19 47.68 NOTE
r-patched-solaris-x86 1.1.1 82.40 NOTE
r-release-linux-x86_64 1.1.1 16.35 31.06 47.41 NOTE
r-release-macos-arm64 1.1.1 NOTE
r-release-macos-x86_64 1.1.1 NOTE
r-release-windows-ix86+x86_64 1.1.1 51.00 79.00 130.00 NOTE
r-oldrel-macos-x86_64 1.1.1 OK

Check Details

Version: 1.1.1
Check: LazyData
Result: NOTE
     'LazyData' is specified without a 'data' directory
Flavors: r-devel-linux-x86_64-debian-clang, r-devel-linux-x86_64-debian-gcc, r-devel-linux-x86_64-fedora-clang, r-devel-linux-x86_64-fedora-gcc, r-devel-windows-x86_64, r-devel-windows-x86_64-gcc10-UCRT, r-patched-linux-x86_64, r-patched-solaris-x86, r-release-linux-x86_64, r-release-macos-arm64, r-release-macos-x86_64, r-release-windows-ix86+x86_64

Version: 1.1.1
Check: package dependencies
Result: NOTE
    Package suggested but not available for checking: 'knitcitations'
Flavor: r-devel-windows-x86_64-gcc10-UCRT