CRAN Package Check Results for Package wrangle

Last updated on 2021-04-15 09:50:21 CEST.

Flavor Version Tinstall Tcheck Ttotal Status Flags
r-devel-linux-x86_64-debian-clang 0.5.2 3.60 43.95 47.55 NOTE
r-devel-linux-x86_64-debian-gcc 0.5.2 3.28 33.85 37.13 NOTE
r-devel-linux-x86_64-fedora-clang 0.5.2 67.72 NOTE
r-devel-linux-x86_64-fedora-gcc 0.5.2 55.92 NOTE
r-devel-windows-ix86+x86_64 0.5.2 11.00 54.00 65.00 NOTE
r-devel-windows-x86_64-gcc10-UCRT 0.5.2 NOTE
r-patched-linux-x86_64 0.5.2 4.27 41.74 46.01 OK
r-patched-solaris-x86 0.5.2 86.40 OK
r-release-linux-x86_64 0.5.2 3.96 41.73 45.69 OK
r-release-macos-x86_64 0.5.2 OK
r-release-windows-ix86+x86_64 0.5.2 11.00 61.00 72.00 OK
r-oldrel-macos-x86_64 0.5.2 OK
r-oldrel-windows-ix86+x86_64 0.5.2 7.00 45.00 52.00 OK

Check Details

Version: 0.5.2
Check: LazyData
Result: NOTE
     'LazyData' is specified without a 'data' directory
Flavors: r-devel-linux-x86_64-debian-clang, r-devel-linux-x86_64-debian-gcc, r-devel-linux-x86_64-fedora-clang, r-devel-linux-x86_64-fedora-gcc, r-devel-windows-ix86+x86_64, r-devel-windows-x86_64-gcc10-UCRT