CRAN Package Check Results for Package wrProteo

Last updated on 2021-04-15 09:50:21 CEST.

Flavor Version Tinstall Tcheck Ttotal Status Flags
r-devel-linux-x86_64-debian-clang 1.4.0 9.23 177.40 186.63 NOTE
r-devel-linux-x86_64-debian-gcc 1.4.0 7.29 126.51 133.80 NOTE
r-devel-linux-x86_64-fedora-clang 1.4.0 233.50 NOTE
r-devel-linux-x86_64-fedora-gcc 1.4.0 199.63 NOTE
r-devel-windows-ix86+x86_64 1.4.0 17.00 189.00 206.00 NOTE
r-devel-windows-x86_64-gcc10-UCRT 1.4.0 NOTE
r-patched-linux-x86_64 1.4.0 10.18 166.15 176.33 OK
r-patched-solaris-x86 1.4.0 266.00 NOTE
r-release-linux-x86_64 1.4.0 11.28 167.63 178.91 OK
r-release-macos-x86_64 1.4.0 NOTE
r-release-windows-ix86+x86_64 1.4.0 14.00 214.00 228.00 NOTE
r-oldrel-macos-x86_64 1.4.0 NOTE
r-oldrel-windows-ix86+x86_64 1.4.0 14.00 162.00 176.00 NOTE

Check Details

Version: 1.4.0
Check: LazyData
Result: NOTE
     'LazyData' is specified without a 'data' directory
Flavors: r-devel-linux-x86_64-debian-clang, r-devel-linux-x86_64-debian-gcc, r-devel-linux-x86_64-fedora-clang, r-devel-linux-x86_64-fedora-gcc, r-devel-windows-ix86+x86_64, r-devel-windows-x86_64-gcc10-UCRT

Version: 1.4.0
Check: installed package size
Result: NOTE
     installed size is 6.6Mb
     sub-directories of 1Mb or more:
     doc 3.2Mb
     extdata 2.9Mb
Flavors: r-devel-linux-x86_64-fedora-clang, r-devel-windows-ix86+x86_64, r-patched-solaris-x86, r-release-macos-x86_64, r-release-windows-ix86+x86_64, r-oldrel-macos-x86_64, r-oldrel-windows-ix86+x86_64

Version: 1.4.0
Check: package dependencies
Result: NOTE
    Package suggested but not available for checking: 'ROTS'
Flavors: r-devel-windows-x86_64-gcc10-UCRT, r-patched-solaris-x86, r-release-macos-x86_64, r-oldrel-macos-x86_64