CRAN Package Check Results for Package wrMisc

Last updated on 2021-04-15 09:50:21 CEST.

Flavor Version Tinstall Tcheck Ttotal Status Flags
r-devel-linux-x86_64-debian-clang 1.5.4 15.08 111.14 126.22 OK
r-devel-linux-x86_64-debian-gcc 1.5.4 12.50 84.22 96.72 NOTE
r-devel-linux-x86_64-fedora-clang 1.5.4 168.71 NOTE
r-devel-linux-x86_64-fedora-gcc 1.5.4 159.40 NOTE
r-devel-windows-ix86+x86_64 1.5.4 28.00 140.00 168.00 OK
r-devel-windows-x86_64-gcc10-UCRT 1.5.4 OK
r-patched-linux-x86_64 1.5.4 16.26 100.55 116.81 OK
r-patched-solaris-x86 1.5.4 174.30 OK
r-release-linux-x86_64 1.5.4 14.37 100.94 115.31 OK
r-release-macos-x86_64 1.5.4 OK
r-release-windows-ix86+x86_64 1.5.4 22.00 158.00 180.00 OK
r-oldrel-macos-x86_64 1.5.4 OK
r-oldrel-windows-ix86+x86_64 1.5.4 24.00 118.00 142.00 OK

Check Details

Version: 1.5.4
Check: package dependencies
Result: NOTE
    Package suggested but not available for checking: ‘vsn’
Flavors: r-devel-linux-x86_64-debian-gcc, r-devel-linux-x86_64-fedora-clang, r-devel-linux-x86_64-fedora-gcc

Version: 1.5.4
Check: Rd cross-references
Result: NOTE
    Package unavailable to check Rd xrefs: ‘vsn’
Flavors: r-devel-linux-x86_64-debian-gcc, r-devel-linux-x86_64-fedora-clang, r-devel-linux-x86_64-fedora-gcc