CRAN Package Check Results for Package word2vec

Last updated on 2021-06-22 09:51:59 CEST.

Flavor Version Tinstall Tcheck Ttotal Status Flags
r-devel-linux-x86_64-debian-clang 0.3.3 128.00 35.63 163.63 NOTE
r-devel-linux-x86_64-debian-gcc 0.3.3 82.34 27.10 109.44 NOTE
r-devel-linux-x86_64-fedora-clang 0.3.3 246.68 NOTE
r-devel-linux-x86_64-fedora-gcc 0.3.3 206.35 NOTE
r-devel-windows-x86_64 0.3.3 153.00 67.00 220.00 NOTE
r-devel-windows-x86_64-gcc10-UCRT 0.3.3 NOTE
r-patched-linux-x86_64 0.3.3 99.37 34.07 133.44 NOTE
r-patched-solaris-x86 0.3.3 196.80 NOTE
r-release-linux-x86_64 0.3.3 101.63 34.07 135.70 NOTE
r-release-macos-arm64 0.3.3 NOTE
r-release-macos-x86_64 0.3.3 NOTE
r-release-windows-ix86+x86_64 0.3.3 294.00 68.00 362.00 NOTE
r-oldrel-macos-x86_64 0.3.3 OK

Check Details

Version: 0.3.3
Check: LazyData
Result: NOTE
     'LazyData' is specified without a 'data' directory
Flavors: r-devel-linux-x86_64-debian-clang, r-devel-linux-x86_64-debian-gcc, r-devel-linux-x86_64-fedora-clang, r-devel-linux-x86_64-fedora-gcc, r-devel-windows-x86_64, r-devel-windows-x86_64-gcc10-UCRT, r-patched-linux-x86_64, r-patched-solaris-x86, r-release-linux-x86_64, r-release-macos-arm64, r-release-macos-x86_64, r-release-windows-ix86+x86_64

Version: 0.3.3
Check: installed package size
Result: NOTE
     installed size is 5.9Mb
     sub-directories of 1Mb or more:
     libs 5.5Mb
Flavor: r-release-macos-arm64