CRAN Package Check Results for Package wellknown

Last updated on 2021-04-15 09:50:21 CEST.

Flavor Version Tinstall Tcheck Ttotal Status Flags
r-devel-linux-x86_64-debian-clang 0.7.2 185.15 41.85 227.00 OK
r-devel-linux-x86_64-debian-gcc 0.7.2 127.54 32.42 159.96 OK
r-devel-linux-x86_64-fedora-clang 0.7.2 327.87 NOTE
r-devel-linux-x86_64-fedora-gcc 0.7.2 287.26 OK
r-devel-windows-ix86+x86_64 0.7.2 385.00 90.00 475.00 OK
r-devel-windows-x86_64-gcc10-UCRT 0.7.2 OK
r-patched-linux-x86_64 0.7.2 140.70 40.32 181.02 OK
r-patched-solaris-x86 0.7.2 261.40 OK
r-release-linux-x86_64 0.7.2 138.84 40.60 179.44 OK
r-release-macos-x86_64 0.7.2 NOTE
r-release-windows-ix86+x86_64 0.7.2 307.00 103.00 410.00 OK
r-oldrel-macos-x86_64 0.7.2 NOTE
r-oldrel-windows-ix86+x86_64 0.7.2 23.00 5.00 28.00 ERROR

Check Details

Version: 0.7.2
Check: installed package size
Result: NOTE
     installed size is 18.6Mb
     sub-directories of 1Mb or more:
     libs 18.2Mb
Flavors: r-devel-linux-x86_64-fedora-clang, r-release-macos-x86_64, r-oldrel-macos-x86_64

Version: 0.7.2
Check: whether package can be installed
Result: ERROR
    Installation failed.
Flavor: r-oldrel-windows-ix86+x86_64