CRAN Package Check Results for Package webchem

Last updated on 2021-04-15 09:50:21 CEST.

Flavor Version Tinstall Tcheck Ttotal Status Flags
r-devel-linux-x86_64-debian-clang 1.1.1 7.38 64.54 71.92 OK
r-devel-linux-x86_64-debian-gcc 1.1.1 6.05 49.32 55.37 OK
r-devel-linux-x86_64-fedora-clang 1.1.1 94.16 OK
r-devel-linux-x86_64-fedora-gcc 1.1.1 85.41 OK
r-devel-windows-ix86+x86_64 1.1.1 19.00 75.00 94.00 OK
r-devel-windows-x86_64-gcc10-UCRT 1.1.1 OK
r-patched-linux-x86_64 1.1.1 8.04 60.10 68.14 OK
r-patched-solaris-x86 1.1.1 120.50 NOTE
r-release-linux-x86_64 1.1.1 8.16 61.55 69.71 OK
r-release-macos-x86_64 1.1.1 OK
r-release-windows-ix86+x86_64 1.1.1 36.00 88.00 124.00 OK
r-oldrel-macos-x86_64 1.1.1 OK
r-oldrel-windows-ix86+x86_64 1.1.1 15.00 61.00 76.00 OK

Check Details

Version: 1.1.1
Check: package dependencies
Result: NOTE
    Package suggested but not available for checking: ‘rcdk’
Flavor: r-patched-solaris-x86