CRAN Package Check Results for Package waterquality

Last updated on 2020-04-09 15:54:06 CEST.

Flavor Version Tinstall Tcheck Ttotal Status Flags
r-devel-linux-x86_64-debian-clang 0.2.2 10.67 138.96 149.63 OK
r-devel-linux-x86_64-debian-gcc 0.2.2 8.89 114.01 122.90 OK
r-devel-linux-x86_64-fedora-clang 0.2.2 176.67 NOTE
r-devel-linux-x86_64-fedora-gcc 0.2.2 175.82 NOTE
r-devel-windows-ix86+x86_64 0.2.2 20.00 191.00 211.00 OK
r-devel-windows-ix86+x86_64-gcc8 0.2.2 22.00 147.00 169.00 OK
r-patched-linux-x86_64 0.2.2 10.83 136.41 147.24 OK
r-patched-osx-x86_64 0.2.2 NOTE
r-patched-solaris-x86 0.2.2 275.80 NOTE
r-release-linux-x86_64 0.2.2 10.36 125.72 136.08 OK
r-release-windows-ix86+x86_64 0.2.2 18.00 176.00 194.00 OK
r-release-osx-x86_64 0.2.2 NOTE
r-oldrel-windows-ix86+x86_64 0.2.2 14.00 140.00 154.00 OK
r-oldrel-osx-x86_64 0.2.2 NOTE

Check Details

Version: 0.2.2
Check: dependencies in R code
Result: NOTE
    Namespace in Imports field not imported from: ‘rgdal’
     All declared Imports should be used.
Flavors: r-devel-linux-x86_64-fedora-clang, r-devel-linux-x86_64-fedora-gcc, r-patched-osx-x86_64, r-patched-solaris-x86, r-release-osx-x86_64, r-oldrel-osx-x86_64