CRAN Package Check Results for Package wTO

Last updated on 2021-06-15 09:53:07 CEST.

Flavor Version Tinstall Tcheck Ttotal Status Flags
r-devel-linux-x86_64-debian-clang 1.6.3 5.59 65.54 71.13 NOTE
r-devel-linux-x86_64-debian-gcc 1.6.3 4.32 48.52 52.84 NOTE
r-devel-linux-x86_64-fedora-clang 1.6.3 91.17 NOTE
r-devel-linux-x86_64-fedora-gcc 1.6.3 79.04 NOTE
r-devel-windows-x86_64 1.6.3 9.00 83.00 92.00 NOTE
r-devel-windows-x86_64-gcc10-UCRT 1.6.3 NOTE
r-patched-linux-x86_64 1.6.3 5.59 61.53 67.12 NOTE
r-patched-solaris-x86 1.6.3 122.80 NOTE
r-release-linux-x86_64 1.6.3 5.17 61.36 66.53 NOTE
r-release-macos-arm64 1.6.3 NOTE
r-release-macos-x86_64 1.6.3 NOTE
r-release-windows-ix86+x86_64 1.6.3 13.00 85.00 98.00 NOTE
r-oldrel-macos-x86_64 1.6.3 NOTE
r-oldrel-windows-ix86+x86_64 1.6.3 20.00 118.00 138.00 NOTE

Check Details

Version: 1.6.3
Check: package vignettes
Result: NOTE
    Package vignette with placeholder title 'Vignette Title':
     'wTOvignette.Rmd'
Flavors: r-devel-linux-x86_64-debian-clang, r-devel-linux-x86_64-debian-gcc, r-devel-windows-x86_64, r-patched-linux-x86_64, r-release-linux-x86_64, r-release-windows-ix86+x86_64, r-oldrel-windows-ix86+x86_64

Version: 1.6.3
Check: dependencies in R code
Result: NOTE
    Namespace in Imports field not imported from: ‘shiny’
     All declared Imports should be used.
Flavors: r-devel-linux-x86_64-fedora-clang, r-devel-linux-x86_64-fedora-gcc, r-devel-windows-x86_64-gcc10-UCRT, r-patched-solaris-x86, r-release-macos-arm64, r-release-macos-x86_64, r-oldrel-macos-x86_64