CRAN Package Check Results for Package vscc

Last updated on 2020-03-30 20:48:47 CEST.

Flavor Version Tinstall Tcheck Ttotal Status Flags
r-devel-linux-x86_64-debian-clang 0.2 2.08 55.66 57.74 NOTE
r-devel-linux-x86_64-debian-gcc 0.2 1.77 39.63 41.40 NOTE
r-devel-linux-x86_64-fedora-clang 0.2 70.60 NOTE
r-devel-linux-x86_64-fedora-gcc 0.2 69.00 NOTE
r-devel-windows-ix86+x86_64 0.2 6.00 69.00 75.00 NOTE
r-devel-windows-ix86+x86_64-gcc8 0.2 6.00 76.00 82.00 NOTE
r-patched-linux-x86_64 0.2 2.12 54.59 56.71 NOTE
r-patched-solaris-x86 0.2 123.50 NOTE
r-release-linux-x86_64 0.2 1.61 52.65 54.26 NOTE
r-release-windows-ix86+x86_64 0.2 8.00 81.00 89.00 NOTE
r-release-osx-x86_64 0.2 NOTE
r-oldrel-windows-ix86+x86_64 0.2 5.00 97.00 102.00 NOTE
r-oldrel-osx-x86_64 0.2 NOTE

Check Details

Version: 0.2
Check: R code for possible problems
Result: NOTE
    plot.vscc: no visible global function definition for 'rainbow'
    plot.vscc: no visible global function definition for 'pairs'
    Undefined global functions or variables:
     pairs rainbow
    Consider adding
     importFrom("grDevices", "rainbow")
     importFrom("graphics", "pairs")
    to your NAMESPACE file.
Flavors: r-devel-linux-x86_64-debian-clang, r-devel-linux-x86_64-debian-gcc, r-devel-linux-x86_64-fedora-clang, r-devel-linux-x86_64-fedora-gcc, r-devel-windows-ix86+x86_64, r-devel-windows-ix86+x86_64-gcc8, r-patched-linux-x86_64, r-patched-solaris-x86, r-release-linux-x86_64, r-release-windows-ix86+x86_64, r-release-osx-x86_64, r-oldrel-windows-ix86+x86_64, r-oldrel-osx-x86_64