CRAN Package Check Results for Package volesti

Last updated on 2021-04-15 09:50:20 CEST.

Flavor Version Tinstall Tcheck Ttotal Status Flags
r-devel-linux-x86_64-debian-clang 1.1.2 582.99 63.28 646.27 OK
r-devel-linux-x86_64-debian-gcc 1.1.2 459.60 64.44 524.04 OK
r-devel-linux-x86_64-fedora-clang 1.1.2 954.66 NOTE
r-devel-linux-x86_64-fedora-gcc 1.1.2 943.97 OK
r-devel-windows-ix86+x86_64 1.1.2 1332.00 184.00 1516.00 NOTE
r-devel-windows-x86_64-gcc10-UCRT 1.1.2 OK
r-patched-linux-x86_64 1.1.2 529.11 80.59 609.70 OK
r-patched-solaris-x86 1.1.2 657.40 OK
r-release-linux-x86_64 1.1.2 530.82 80.44 611.26 OK
r-release-macos-x86_64 1.1.2 NOTE
r-release-windows-ix86+x86_64 1.1.2 1111.00 207.00 1318.00 NOTE
r-oldrel-macos-x86_64 1.1.2 NOTE
r-oldrel-windows-ix86+x86_64 1.1.2 1126.00 130.00 1256.00 NOTE

Check Details

Version: 1.1.2
Check: installed package size
Result: NOTE
     installed size is 82.9Mb
     sub-directories of 1Mb or more:
     libs 82.5Mb
Flavors: r-devel-linux-x86_64-fedora-clang, r-devel-windows-ix86+x86_64, r-release-macos-x86_64, r-release-windows-ix86+x86_64, r-oldrel-macos-x86_64, r-oldrel-windows-ix86+x86_64