CRAN Package Check Results for Package vlad

Last updated on 2021-04-15 09:50:20 CEST.

Flavor Version Tinstall Tcheck Ttotal Status Flags
r-devel-linux-x86_64-debian-clang 0.2.2 152.12 58.84 210.96 OK
r-devel-linux-x86_64-debian-gcc 0.2.2 98.67 44.42 143.09 OK
r-devel-linux-x86_64-fedora-clang 0.2.2 299.11 NOTE
r-devel-linux-x86_64-fedora-gcc 0.2.2 258.05 OK
r-devel-windows-ix86+x86_64 0.2.2 357.00 107.00 464.00 OK
r-devel-windows-x86_64-gcc10-UCRT 0.2.2 OK
r-patched-linux-x86_64 0.2.2 118.02 55.61 173.63 OK
r-patched-solaris-x86 0.2.2 242.10 OK
r-release-linux-x86_64 0.2.2 113.59 57.31 170.90 OK
r-release-macos-x86_64 0.2.2 OK
r-release-windows-ix86+x86_64 0.2.2 346.00 125.00 471.00 OK
r-oldrel-macos-x86_64 0.2.2 OK
r-oldrel-windows-ix86+x86_64 0.2.2 230.00 86.00 316.00 OK

Check Details

Version: 0.2.2
Check: installed package size
Result: NOTE
     installed size is 5.9Mb
     sub-directories of 1Mb or more:
     libs 5.4Mb
Flavor: r-devel-linux-x86_64-fedora-clang