CRAN Package Check Results for Package vinereg

Last updated on 2021-04-15 09:50:20 CEST.

Flavor Version Tinstall Tcheck Ttotal Status Flags
r-devel-linux-x86_64-debian-clang 0.7.3 147.98 59.75 207.73 NOTE
r-devel-linux-x86_64-debian-gcc 0.7.3 117.86 45.25 163.11 NOTE
r-devel-linux-x86_64-fedora-clang 0.7.3 289.34 NOTE
r-devel-linux-x86_64-fedora-gcc 0.7.3 291.41 NOTE
r-devel-windows-ix86+x86_64 0.7.3 301.00 151.00 452.00 NOTE
r-devel-windows-x86_64-gcc10-UCRT 0.7.3 NOTE
r-patched-linux-x86_64 0.7.3 129.19 59.13 188.32 OK
r-patched-solaris-x86 0.7.3 269.10 OK
r-release-linux-x86_64 0.7.3 133.36 59.09 192.45 OK
r-release-macos-x86_64 0.7.3 NOTE
r-release-windows-ix86+x86_64 0.7.3 243.00 176.00 419.00 NOTE
r-oldrel-macos-x86_64 0.7.3 NOTE
r-oldrel-windows-ix86+x86_64 0.7.3 305.00 138.00 443.00 NOTE

Check Details

Version: 0.7.3
Check: LazyData
Result: NOTE
     'LazyData' is specified without a 'data' directory
Flavors: r-devel-linux-x86_64-debian-clang, r-devel-linux-x86_64-debian-gcc, r-devel-linux-x86_64-fedora-clang, r-devel-linux-x86_64-fedora-gcc, r-devel-windows-ix86+x86_64, r-devel-windows-x86_64-gcc10-UCRT

Version: 0.7.3
Check: installed package size
Result: NOTE
     installed size is 49.0Mb
     sub-directories of 1Mb or more:
     libs 48.7Mb
Flavors: r-devel-linux-x86_64-fedora-clang, r-devel-windows-ix86+x86_64, r-release-macos-x86_64, r-release-windows-ix86+x86_64, r-oldrel-macos-x86_64, r-oldrel-windows-ix86+x86_64