CRAN Package Check Results for Package vegclust

Last updated on 2021-04-15 09:50:20 CEST.

Flavor Version Tinstall Tcheck Ttotal Status Flags
r-devel-linux-x86_64-debian-clang 1.7.7 29.44 146.43 175.87 OK
r-devel-linux-x86_64-debian-gcc 1.7.7 21.17 105.99 127.16 OK
r-devel-linux-x86_64-fedora-clang 1.7.7 218.18 NOTE
r-devel-linux-x86_64-fedora-gcc 1.7.7 205.27 OK
r-devel-windows-ix86+x86_64 1.7.7 68.00 202.00 270.00 OK
r-devel-windows-x86_64-gcc10-UCRT 1.7.7 OK
r-patched-linux-x86_64 1.7.7 23.58 133.14 156.72 OK
r-patched-solaris-x86 1.7.7 266.30 OK
r-release-linux-x86_64 1.7.7 24.11 133.18 157.29 OK
r-release-macos-x86_64 1.7.7 OK
r-release-windows-ix86+x86_64 1.7.7 71.00 240.00 311.00 OK
r-oldrel-macos-x86_64 1.7.7 OK
r-oldrel-windows-ix86+x86_64 1.7.7 62.00 156.00 218.00 OK

Check Details

Version: 1.7.7
Check: Rd cross-references
Result: NOTE
    Undeclared packages ‘mclust’, ‘e1071’ in Rd xrefs
Flavor: r-devel-linux-x86_64-fedora-clang