CRAN Package Check Results for Package vctrs

Last updated on 2021-04-15 09:50:20 CEST.

Flavor Version Tinstall Tcheck Ttotal Status Flags
r-devel-linux-x86_64-debian-clang 0.3.7 31.25 155.35 186.60 OK
r-devel-linux-x86_64-debian-gcc 0.3.7 19.60 114.00 133.60 OK
r-devel-linux-x86_64-fedora-clang 0.3.7 231.01 OK
r-devel-linux-x86_64-fedora-gcc 0.3.7 224.74 OK
r-devel-windows-ix86+x86_64 0.3.7 96.00 247.00 343.00 OK
r-devel-windows-x86_64-gcc10-UCRT 0.3.7 OK
r-patched-linux-x86_64 0.3.7 23.04 147.53 170.57 OK
r-patched-solaris-x86 0.3.7 270.60 OK
r-release-linux-x86_64 0.3.7 22.97 149.48 172.45 OK
r-release-macos-x86_64 0.3.7 OK
r-release-windows-ix86+x86_64 0.3.7 1.00 9.00 10.00 ERROR
r-oldrel-macos-x86_64 0.3.7 OK
r-oldrel-windows-ix86+x86_64 0.3.7 89.00 202.00 291.00 OK

Check Details

Version: 0.3.7
Check: whether package can be installed
Result: ERROR
    Installation failed.
Flavor: r-release-windows-ix86+x86_64