CRAN Package Check Results for Package vardpoor

Last updated on 2021-04-15 09:50:20 CEST.

Flavor Version Tinstall Tcheck Ttotal Status Flags
r-devel-linux-x86_64-debian-clang 0.20.1 12.86 102.76 115.62 NOTE
r-devel-linux-x86_64-debian-gcc 0.20.1 11.68 73.36 85.04 NOTE
r-devel-linux-x86_64-fedora-clang 0.20.1 134.75 NOTE
r-devel-linux-x86_64-fedora-gcc 0.20.1 120.04 NOTE
r-devel-windows-ix86+x86_64 0.20.1 22.00 86.00 108.00 NOTE
r-devel-windows-x86_64-gcc10-UCRT 0.20.1 NOTE
r-patched-linux-x86_64 0.20.1 12.76 85.79 98.55 OK
r-patched-solaris-x86 0.20.1 145.20 OK
r-release-linux-x86_64 0.20.1 11.17 86.94 98.11 OK
r-release-macos-x86_64 0.20.1 OK
r-release-windows-ix86+x86_64 0.20.1 21.00 95.00 116.00 OK
r-oldrel-macos-x86_64 0.20.1 OK
r-oldrel-windows-ix86+x86_64 0.20.1 20.00 79.00 99.00 OK

Check Details

Version: 0.20.1
Check: LazyData
Result: NOTE
     'LazyData' is specified without a 'data' directory
Flavors: r-devel-linux-x86_64-debian-clang, r-devel-linux-x86_64-debian-gcc, r-devel-linux-x86_64-fedora-clang, r-devel-linux-x86_64-fedora-gcc, r-devel-windows-ix86+x86_64, r-devel-windows-x86_64-gcc10-UCRT