CRAN Package Check Results for Package validate

Last updated on 2021-04-15 09:50:20 CEST.

Flavor Version Tinstall Tcheck Ttotal Status Flags
r-devel-linux-x86_64-debian-clang 1.0.2 11.45 89.11 100.56 OK
r-devel-linux-x86_64-debian-gcc 1.0.2 9.89 66.77 76.66 OK
r-devel-linux-x86_64-fedora-clang 1.0.2 128.67 OK
r-devel-linux-x86_64-fedora-gcc 1.0.2 119.24 OK
r-devel-windows-ix86+x86_64 1.0.2 28.00 138.00 166.00 OK
r-devel-windows-x86_64-gcc10-UCRT 1.0.2 OK
r-patched-linux-x86_64 1.0.2 10.42 84.28 94.70 OK
r-patched-solaris-x86 1.0.2 156.70 OK
r-release-linux-x86_64 1.0.2 10.62 83.87 94.49 OK
r-release-macos-x86_64 1.0.2 OK
r-release-windows-ix86+x86_64 1.0.2 22.00 159.00 181.00 OK
r-oldrel-macos-x86_64 1.0.2 ERROR
r-oldrel-windows-ix86+x86_64 1.0.2 21.00 121.00 142.00 ERROR

Check Details

Version: 1.0.2
Check: tests
Result: ERROR
     Running ‘tinytest.R’ [3s/3s]
    Running the tests in ‘tests/tinytest.R’ failed.
    Last 13 lines of output:
     Running test_validator.R.............. 13 tests <1b>[0;32mOK<1b>[0m
     Running test_validator.R.............. 13 tests <1b>[0;32mOK<1b>[0m
     Running test_validator.R.............. 13 tests <1b>[0;32mOK<1b>[0m <1b>[0;34m0.1s<1b>[0m
     ----- FAILED[data]: test_genericrules.R<259--260>
     call| expect_equal(as.logical(values(confront(transactions, rule))),
     call| c(TRUE, FALSE, TRUE, TRUE), info = "regex in does_not_contain")
     diff| Lengths (4, 0) differ (comparison on first 0 components)
     info| regex in does_not_contain
     ----- FAILED[data]: test_genericrules.R<264--265>
     call| expect_equal(as.logical(values(confront(transactions, rule))),
     call| c(TRUE, FALSE, TRUE, TRUE), info = "regex in does_not_contain")
     diff| Lengths (4, 0) differ (comparison on first 0 components)
     info| regex in does_not_contain
     Error: 2 out of 399 tests failed
     Execution halted
Flavor: r-oldrel-macos-x86_64

Version: 1.0.2
Check: running tests for arch ‘i386’
Result: ERROR
     Running 'tinytest.R' [4s]
    Running the tests in 'tests/tinytest.R' failed.
    Complete output:
     >
     > if ( requireNamespace("tinytest", quietly=TRUE) ){
     + # redirect plots
     + pdf(file=tempfile())
     + tinytest::test_package("validate")
     + }
    
     Running test_confrontation.R.......... 0 tests
     Running test_confrontation.R.......... 1 tests <1b>[0;32mOK<1b>[0m
     Running test_confrontation.R.......... 2 tests <1b>[0;32mOK<1b>[0m
     Running test_confrontation.R.......... 2 tests <1b>[0;32mOK<1b>[0m
     Running test_confrontation.R.......... 2 tests <1b>[0;32mOK<1b>[0m
     Running test_confrontation.R.......... 3 tests <1b>[0;32mOK<1b>[0m
     Running test_confrontation.R.......... 4 tests <1b>[0;32mOK<1b>[0m
     Running test_confrontation.R.......... 5 tests <1b>[0;32mOK<1b>[0m
     Running test_confrontation.R.......... 5 tests <1b>[0;32mOK<1b>[0m
     Running test_confrontation.R.......... 6 tests <1b>[0;32mOK<1b>[0m
     Running test_confrontation.R.......... 7 tests <1b>[0;32mOK<1b>[0m
     Running test_confrontation.R.......... 8 tests <1b>[0;32mOK<1b>[0m
     Running test_confrontation.R.......... 9 tests <1b>[0;32mOK<1b>[0m
     Running test_confrontation.R.......... 9 tests <1b>[0;32mOK<1b>[0m
     Running test_confrontation.R.......... 9 tests <1b>[0;32mOK<1b>[0m
     Running test_confrontation.R.......... 9 tests <1b>[0;32mOK<1b>[0m
     Running test_confrontation.R.......... 9 tests <1b>[0;32mOK<1b>[0m
     Running test_confrontation.R.......... 10 tests <1b>[0;32mOK<1b>[0m
     Running test_confrontation.R.......... 10 tests <1b>[0;32mOK<1b>[0m
     Running test_confrontation.R.......... 11 tests <1b>[0;32mOK<1b>[0m
     Running test_confrontation.R.......... 12 tests <1b>[0;32mOK<1b>[0m
     Running test_confrontation.R.......... 13 tests <1b>[0;32mOK<1b>[0m
     Running test_confrontation.R.......... 13 tests <1b>[0;32mOK<1b>[0m
     Running test_confrontation.R.......... 13 tests <1b>[0;32mOK<1b>[0m
     Running test_confrontation.R.......... 14 tests <1b>[0;32mOK<1b>[0m
     Running test_confrontation.R.......... 15 tests <1b>[0;32mOK<1b>[0m
     Running test_confrontation.R.......... 15 tests <1b>[0;32mOK<1b>[0m
     Running test_confrontation.R.......... 15 tests <1b>[0;32mOK<1b>[0m
     Running test_confrontation.R.......... 16 tests <1b>[0;32mOK<1b>[0m
     Running test_confrontation.R.......... 17 tests <1b>[0;32mOK<1b>[0m
     Running test_confrontation.R.......... 17 tests <1b>[0;32mOK<1b>[0m
     Running test_confrontation.R.......... 17 tests <1b>[0;32mOK<1b>[0m
     Running test_confrontation.R.......... 18 tests <1b>[0;32mOK<1b>[0m
     Running test_confrontation.R.......... 19 tests <1b>[0;32mOK<1b>[0m
     Running test_confrontation.R.......... 20 tests <1b>[0;32mOK<1b>[0m
     Running test_confrontation.R.......... 21 tests <1b>[0;32mOK<1b>[0m
     Running test_confrontation.R.......... 22 tests <1b>[0;32mOK<1b>[0m
     Running test_confrontation.R.......... 22 tests <1b>[0;32mOK<1b>[0m
     Running test_confrontation.R.......... 23 tests <1b>[0;32mOK<1b>[0m
     Running test_confrontation.R.......... 23 tests <1b>[0;32mOK<1b>[0m
     Running test_confrontation.R.......... 23 tests <1b>[0;32mOK<1b>[0m
     Running test_confrontation.R.......... 24 tests <1b>[0;32mOK<1b>[0m
     Running test_confrontation.R.......... 25 tests <1b>[0;32mOK<1b>[0m
     Running test_confrontation.R.......... 26 tests <1b>[0;32mOK<1b>[0m
     Running test_confrontation.R.......... 26 tests <1b>[0;32mOK<1b>[0m
     Running test_confrontation.R.......... 26 tests <1b>[0;32mOK<1b>[0m
     Running test_confrontation.R.......... 26 tests <1b>[0;32mOK<1b>[0m
     Running test_confrontation.R.......... 26 tests <1b>[0;32mOK<1b>[0m
     Running test_confrontation.R.......... 26 tests <1b>[0;32mOK<1b>[0m
     Running test_confrontation.R.......... 26 tests <1b>[0;32mOK<1b>[0m
     Running test_confrontation.R.......... 26 tests <1b>[0;32mOK<1b>[0m
     Running test_confrontation.R.......... 27 tests <1b>[0;32mOK<1b>[0m
     Running test_confrontation.R.......... 28 tests <1b>[0;32mOK<1b>[0m
     Running test_confrontation.R.......... 28 tests <1b>[0;32mOK<1b>[0m
     Running test_confrontation.R.......... 29 tests <1b>[0;32mOK<1b>[0m
     Running test_confrontation.R.......... 30 tests <1b>[0;32mOK<1b>[0m
     Running test_confrontation.R.......... 31 tests <1b>[0;32mOK<1b>[0m
     Running test_confrontation.R.......... 31 tests <1b>[0;32mOK<1b>[0m
     Running test_confrontation.R.......... 31 tests <1b>[0;32mOK<1b>[0m
     Running test_confrontation.R.......... 31 tests <1b>[0;32mOK<1b>[0m
     Running test_confrontation.R.......... 31 tests <1b>[0;32mOK<1b>[0m
     Running test_confrontation.R.......... 32 tests <1b>[0;32mOK<1b>[0m
     Running test_confrontation.R.......... 32 tests <1b>[0;32mOK<1b>[0m
     Running test_confrontation.R.......... 33 tests <1b>[0;32mOK<1b>[0m
     Running test_confrontation.R.......... 33 tests <1b>[0;32mOK<1b>[0m
     Running test_confrontation.R.......... 34 tests <1b>[0;32mOK<1b>[0m
     Running test_confrontation.R.......... 34 tests <1b>[0;32mOK<1b>[0m
     Running test_confrontation.R.......... 35 tests <1b>[0;32mOK<1b>[0m
     Running test_confrontation.R.......... 35 tests <1b>[0;32mOK<1b>[0m
     Running test_confrontation.R.......... 35 tests <1b>[0;32mOK<1b>[0m
     Running test_confrontation.R.......... 36 tests <1b>[0;32mOK<1b>[0m
     Running test_confrontation.R.......... 36 tests <1b>[0;32mOK<1b>[0m
     Running test_confrontation.R.......... 36 tests <1b>[0;32mOK<1b>[0m
     Running test_confrontation.R.......... 37 tests <1b>[0;32mOK<1b>[0m
     Running test_confrontation.R.......... 38 tests <1b>[0;32mOK<1b>[0m
     Running test_confrontation.R.......... 38 tests <1b>[0;32mOK<1b>[0m
     Running test_confrontation.R.......... 39 tests <1b>[0;32mOK<1b>[0m
     Running test_confrontation.R.......... 40 tests <1b>[0;32mOK<1b>[0m
     Running test_confrontation.R.......... 40 tests <1b>[0;32mOK<1b>[0m
     Running test_confrontation.R.......... 40 tests <1b>[0;32mOK<1b>[0m
     Running test_confrontation.R.......... 41 tests <1b>[0;32mOK<1b>[0m
     Running test_confrontation.R.......... 42 tests <1b>[0;32mOK<1b>[0m
     Running test_confrontation.R.......... 42 tests <1b>[0;32mOK<1b>[0m
     Running test_confrontation.R.......... 42 tests <1b>[0;32mOK<1b>[0m
     Running test_confrontation.R.......... 43 tests <1b>[0;32mOK<1b>[0m
     Running test_confrontation.R.......... 43 tests <1b>[0;32mOK<1b>[0m
     Running test_confrontation.R.......... 43 tests <1b>[0;32mOK<1b>[0m
     Running test_confrontation.R.......... 44 tests <1b>[0;32mOK<1b>[0m
     Running test_confrontation.R.......... 44 tests <1b>[0;32mOK<1b>[0m
     Running test_confrontation.R.......... 44 tests <1b>[0;32mOK<1b>[0m
     Running test_confrontation.R.......... 44 tests <1b>[0;32mOK<1b>[0m
     Running test_confrontation.R.......... 44 tests <1b>[0;32mOK<1b>[0m
     Running test_confrontation.R.......... 45 tests <1b>[0;32mOK<1b>[0m
     Running test_confrontation.R.......... 46 tests <1b>[0;32mOK<1b>[0m
     Running test_confrontation.R.......... 47 tests <1b>[0;32mOK<1b>[0m
     Running test_confrontation.R.......... 47 tests <1b>[0;32mOK<1b>[0m
     Running test_confrontation.R.......... 48 tests <1b>[0;32mOK<1b>[0m
     Running test_confrontation.R.......... 49 tests <1b>[0;32mOK<1b>[0m
     Running test_confrontation.R.......... 50 tests <1b>[0;32mOK<1b>[0m
     Running test_confrontation.R.......... 51 tests <1b>[0;32mOK<1b>[0m
     Running test_confrontation.R.......... 52 tests <1b>[0;32mOK<1b>[0m
     Running test_confrontation.R.......... 52 tests <1b>[0;32mOK<1b>[0m
     Running test_confrontation.R.......... 53 tests <1b>[0;32mOK<1b>[0m
     Running test_confrontation.R.......... 54 tests <1b>[0;32mOK<1b>[0m
     Running test_confrontation.R.......... 54 tests <1b>[0;32mOK<1b>[0m
     Running test_confrontation.R.......... 54 tests <1b>[0;32mOK<1b>[0m
     Running test_confrontation.R.......... 55 tests <1b>[0;32mOK<1b>[0m
     Running test_confrontation.R.......... 55 tests <1b>[0;32mOK<1b>[0m
     Running test_confrontation.R.......... 56 tests <1b>[0;32mOK<1b>[0m <1b>[0;34m0.8s<1b>[0m
    
     Running test_genericrules.R........... 1 tests <1b>[0;32mOK<1b>[0m
     Running test_genericrules.R........... 2 tests <1b>[0;32mOK<1b>[0m
     Running test_genericrules.R........... 3 tests <1b>[0;32mOK<1b>[0m
     Running test_genericrules.R........... 4 tests <1b>[0;32mOK<1b>[0m
     Running test_genericrules.R........... 5 tests <1b>[0;32mOK<1b>[0m
     Running test_genericrules.R........... 6 tests <1b>[0;32mOK<1b>[0m
     Running test_genericrules.R........... 7 tests <1b>[0;32mOK<1b>[0m
     Running test_genericrules.R........... 8 tests <1b>[0;32mOK<1b>[0m
     Running test_genericrules.R........... 9 tests <1b>[0;32mOK<1b>[0m
     Running test_genericrules.R........... 10 tests <1b>[0;32mOK<1b>[0m
     Running test_genericrules.R........... 11 tests <1b>[0;32mOK<1b>[0m
     Running test_genericrules.R........... 12 tests <1b>[0;32mOK<1b>[0m
     Running test_genericrules.R........... 13 tests <1b>[0;32mOK<1b>[0m
     Running test_genericrules.R........... 14 tests <1b>[0;32mOK<1b>[0m
     Running test_genericrules.R........... 15 tests <1b>[0;32mOK<1b>[0m
     Running test_genericrules.R........... 16 tests <1b>[0;32mOK<1b>[0m
     Running test_genericrules.R........... 17 tests <1b>[0;32mOK<1b>[0m
     Running test_genericrules.R........... 18 tests <1b>[0;32mOK<1b>[0m
     Running test_genericrules.R........... 19 tests <1b>[0;32mOK<1b>[0m
     Running test_genericrules.R........... 20 tests <1b>[0;32mOK<1b>[0m
     Running test_genericrules.R........... 21 tests <1b>[0;32mOK<1b>[0m
     Running test_genericrules.R........... 22 tests <1b>[0;32mOK<1b>[0m
     Running test_genericrules.R........... 23 tests <1b>[0;32mOK<1b>[0m
     Running test_genericrules.R........... 24 tests <1b>[0;32mOK<1b>[0m
     Running test_genericrules.R........... 25 tests <1b>[0;32mOK<1b>[0m
     Running test_genericrules.R........... 26 tests <1b>[0;32mOK<1b>[0m
     Running test_genericrules.R........... 27 tests <1b>[0;32mOK<1b>[0m
     Running test_genericrules.R........... 27 tests <1b>[0;32mOK<1b>[0m
     Running test_genericrules.R........... 27 tests <1b>[0;32mOK<1b>[0m
     Running test_genericrules.R........... 28 tests <1b>[0;32mOK<1b>[0m
     Running test_genericrules.R........... 28 tests <1b>[0;32mOK<1b>[0m
     Running test_genericrules.R........... 29 tests <1b>[0;32mOK<1b>[0m
     Running test_genericrules.R........... 30 tests <1b>[0;32mOK<1b>[0m
     Running test_genericrules.R........... 31 tests <1b>[0;32mOK<1b>[0m
     Running test_genericrules.R........... 32 tests <1b>[0;32mOK<1b>[0m
     Running test_genericrules.R........... 33 tests <1b>[0;32mOK<1b>[0m
     Running test_genericrules.R........... 34 tests <1b>[0;32mOK<1b>[0m
     Running test_genericrules.R........... 34 tests <1b>[0;32mOK<1b>[0m
     Running test_genericrules.R........... 34 tests <1b>[0;32mOK<1b>[0m
     Running test_genericrules.R........... 35 tests <1b>[0;32mOK<1b>[0m
     Running test_genericrules.R........... 35 tests <1b>[0;32mOK<1b>[0m
     Running test_genericrules.R........... 36 tests <1b>[0;32mOK<1b>[0m
     Running test_genericrules.R........... 36 tests <1b>[0;32mOK<1b>[0m
     Running test_genericrules.R........... 36 tests <1b>[0;32mOK<1b>[0m
     Running test_genericrules.R........... 36 tests <1b>[0;32mOK<1b>[0m
     Running test_genericrules.R........... 36 tests <1b>[0;32mOK<1b>[0m
     Running test_genericrules.R........... 37 tests <1b>[0;32mOK<1b>[0m
     Running test_genericrules.R........... 37 tests <1b>[0;32mOK<1b>[0m
     Running test_genericrules.R........... 38 tests <1b>[0;32mOK<1b>[0m
     Running test_genericrules.R........... 39 tests <1b>[0;32mOK<1b>[0m
     Running test_genericrules.R........... 40 tests <1b>[0;32mOK<1b>[0m
     Running test_genericrules.R........... 40 tests <1b>[0;32mOK<1b>[0m
     Running test_genericrules.R........... 40 tests <1b>[0;32mOK<1b>[0m
     Running test_genericrules.R........... 41 tests <1b>[0;32mOK<1b>[0m
     Running test_genericrules.R........... 41 tests <1b>[0;32mOK<1b>[0m
     Running test_genericrules.R........... 42 tests <1b>[0;32mOK<1b>[0m
     Running test_genericrules.R........... 43 tests <1b>[0;32mOK<1b>[0m
     Running test_genericrules.R........... 44 tests <1b>[0;32mOK<1b>[0m
     Running test_genericrules.R........... 45 tests <1b>[0;32mOK<1b>[0m
     Running test_genericrules.R........... 46 tests <1b>[0;32mOK<1b>[0m
     Running test_genericrules.R........... 47 tests <1b>[0;32mOK<1b>[0m
     Running test_genericrules.R........... 48 tests <1b>[0;32mOK<1b>[0m
     Running test_genericrules.R........... 49 tests <1b>[0;32mOK<1b>[0m
     Running test_genericrules.R........... 50 tests <1b>[0;32mOK<1b>[0m
     Running test_genericrules.R........... 51 tests <1b>[0;32mOK<1b>[0m
     Running test_genericrules.R........... 52 tests <1b>[0;32mOK<1b>[0m
     Running test_genericrules.R........... 53 tests <1b>[0;32mOK<1b>[0m
     Running test_genericrules.R........... 54 tests <1b>[0;32mOK<1b>[0m
     Running test_genericrules.R........... 55 tests <1b>[0;32mOK<1b>[0m
     Running test_genericrules.R........... 56 tests <1b>[0;32mOK<1b>[0m
     Running test_genericrules.R........... 57 tests <1b>[0;32mOK<1b>[0m
     Running test_genericrules.R........... 58 tests <1b>[0;32mOK<1b>[0m
     Running test_genericrules.R........... 59 tests <1b>[0;32mOK<1b>[0m
     Running test_genericrules.R........... 60 tests <1b>[0;32mOK<1b>[0m
     Running test_genericrules.R........... 61 tests <1b>[0;32mOK<1b>[0m
     Running test_genericrules.R........... 62 tests <1b>[0;32mOK<1b>[0m
     Running test_genericrules.R........... 63 tests <1b>[0;32mOK<1b>[0m
     Running test_genericrules.R........... 64 tests <1b>[0;32mOK<1b>[0m
     Running test_genericrules.R........... 64 tests <1b>[0;32mOK<1b>[0m
     Running test_genericrules.R........... 64 tests <1b>[0;32mOK<1b>[0m
     Running test_genericrules.R........... 65 tests <1b>[0;32mOK<1b>[0m
     Running test_genericrules.R........... 65 tests <1b>[0;32mOK<1b>[0m
     Running test_genericrules.R........... 65 tests <1b>[0;32mOK<1b>[0m
     Running test_genericrules.R........... 65 tests <1b>[0;32mOK<1b>[0m
     Running test_genericrules.R........... 66 tests <1b>[0;32mOK<1b>[0m
     Running test_genericrules.R........... 67 tests <1b>[0;32mOK<1b>[0m
     Running test_genericrules.R........... 67 tests <1b>[0;32mOK<1b>[0m
     Running test_genericrules.R........... 67 tests <1b>[0;32mOK<1b>[0m
     Running test_genericrules.R........... 68 tests <1b>[0;32mOK<1b>[0m
     Running test_genericrules.R........... 69 tests <1b>[0;32mOK<1b>[0m
     Running test_genericrules.R........... 69 tests <1b>[0;32mOK<1b>[0m
     Running test_genericrules.R........... 70 tests <1b>[0;32mOK<1b>[0m
     Running test_genericrules.R........... 71 tests <1b>[0;32mOK<1b>[0m
     Running test_genericrules.R........... 71 tests <1b>[0;32mOK<1b>[0m
     Running test_genericrules.R........... 72 tests <1b>[0;32mOK<1b>[0m
     Running test_genericrules.R........... 72 tests <1b>[0;32mOK<1b>[0m
     Running test_genericrules.R........... 72 tests <1b>[0;32mOK<1b>[0m
     Running test_genericrules.R........... 73 tests <1b>[0;32mOK<1b>[0m
     Running test_genericrules.R........... 73 tests <1b>[0;32mOK<1b>[0m
     Running test_genericrules.R........... 74 tests <1b>[0;31m1 fails<1b>[0m
     Running test_genericrules.R........... 74 tests <1b>[0;31m1 fails<1b>[0m
     Running test_genericrules.R........... 75 tests <1b>[0;31m2 fails<1b>[0m
     Running test_genericrules.R........... 75 tests <1b>[0;31m2 fails<1b>[0m
     Running test_genericrules.R........... 75 tests <1b>[0;31m2 fails<1b>[0m
     Running test_genericrules.R........... 75 tests <1b>[0;31m2 fails<1b>[0m
     Running test_genericrules.R........... 75 tests <1b>[0;31m2 fails<1b>[0m
     Running test_genericrules.R........... 75 tests <1b>[0;31m2 fails<1b>[0m
     Running test_genericrules.R........... 76 tests <1b>[0;31m2 fails<1b>[0m
     Running test_genericrules.R........... 76 tests <1b>[0;31m2 fails<1b>[0m
     Running test_genericrules.R........... 76 tests <1b>[0;31m2 fails<1b>[0m
     Running test_genericrules.R........... 76 tests <1b>[0;31m2 fails<1b>[0m
     Running test_genericrules.R........... 77 tests <1b>[0;31m2 fails<1b>[0m
     Running test_genericrules.R........... 78 tests <1b>[0;31m2 fails<1b>[0m
     Running test_genericrules.R........... 79 tests <1b>[0;31m2 fails<1b>[0m
     Running test_genericrules.R........... 79 tests <1b>[0;31m2 fails<1b>[0m
     Running test_genericrules.R........... 79 tests <1b>[0;31m2 fails<1b>[0m
     Running test_genericrules.R........... 80 tests <1b>[0;31m2 fails<1b>[0m
     Running test_genericrules.R........... 80 tests <1b>[0;31m2 fails<1b>[0m
     Running test_genericrules.R........... 81 tests <1b>[0;31m2 fails<1b>[0m
     Running test_genericrules.R........... 82 tests <1b>[0;31m2 fails<1b>[0m <1b>[0;34m0.4s<1b>[0m
    
     Running test_gh_issue_091.R........... 0 tests
     Running test_gh_issue_091.R........... 0 tests
     Running test_gh_issue_091.R........... 0 tests
     Running test_gh_issue_091.R........... 1 tests <1b>[0;32mOK<1b>[0m
     Running test_gh_issue_091.R........... 2 tests <1b>[0;32mOK<1b>[0m <1b>[0;34m0.2s<1b>[0m
    
     Running test_gh_issue_092.R........... 0 tests
     Running test_gh_issue_092.R........... 1 tests <1b>[0;32mOK<1b>[0m
     Running test_gh_issue_092.R........... 2 tests <1b>[0;32mOK<1b>[0m <1b>[0;36m16ms<1b>[0m
    
     Running test_gh_issue_098.R........... 0 tests
     Running test_gh_issue_098.R........... 0 tests
     Running test_gh_issue_098.R........... 1 tests <1b>[0;32mOK<1b>[0m
     Running test_gh_issue_098.R........... 2 tests <1b>[0;32mOK<1b>[0m <1b>[0;36m16ms<1b>[0m
    
     Running test_gh_issue_109.R........... 0 tests
     Running test_gh_issue_109.R........... 0 tests
     Running test_gh_issue_109.R........... 1 tests <1b>[0;32mOK<1b>[0m <1b>[0;36m0ms<1b>[0m
    
     Running test_gh_issue_112.R........... 1 tests <1b>[0;32mOK<1b>[0m <1b>[0;36m16ms<1b>[0m
    
     Running test_gh_issue_116.R........... 0 tests
     Running test_gh_issue_116.R........... 0 tests
     Running test_gh_issue_116.R........... 0 tests
     Running test_gh_issue_116.R........... 0 tests
     Running test_gh_issue_116.R........... 1 tests <1b>[0;32mOK<1b>[0m <1b>[0;36m31ms<1b>[0m
    
     Running test_gh_issue_128.R........... 1 tests <1b>[0;32mOK<1b>[0m
     Running test_gh_issue_128.R........... 1 tests <1b>[0;32mOK<1b>[0m
     Running test_gh_issue_128.R........... 1 tests <1b>[0;32mOK<1b>[0m
     Running test_gh_issue_128.R........... 1 tests <1b>[0;32mOK<1b>[0m
     Running test_gh_issue_128.R........... 2 tests <1b>[0;32mOK<1b>[0m
     Running test_gh_issue_128.R........... 3 tests <1b>[0;32mOK<1b>[0m <1b>[0;36m16ms<1b>[0m
    
     Running test_indicator.R.............. 0 tests
     Running test_indicator.R.............. 0 tests
     Running test_indicator.R.............. 1 tests <1b>[0;32mOK<1b>[0m
     Running test_indicator.R.............. 1 tests <1b>[0;32mOK<1b>[0m
     Running test_indicator.R.............. 1 tests <1b>[0;32mOK<1b>[0m
     Running test_indicator.R.............. 2 tests <1b>[0;32mOK<1b>[0m
     Running test_indicator.R.............. 3 tests <1b>[0;32mOK<1b>[0m
     Running test_indicator.R.............. 3 tests <1b>[0;32mOK<1b>[0m
     Running test_indicator.R.............. 4 tests <1b>[0;32mOK<1b>[0m
     Running test_indicator.R.............. 4 tests <1b>[0;32mOK<1b>[0m
     Running test_indicator.R.............. 4 tests <1b>[0;32mOK<1b>[0m
     Running test_indicator.R.............. 5 tests <1b>[0;32mOK<1b>[0m
     Running test_indicator.R.............. 6 tests <1b>[0;32mOK<1b>[0m
     Running test_indicator.R.............. 6 tests <1b>[0;32mOK<1b>[0m
     Running test_indicator.R.............. 6 tests <1b>[0;32mOK<1b>[0m
     Running test_indicator.R.............. 7 tests <1b>[0;32mOK<1b>[0m <1b>[0;36m62ms<1b>[0m
    
     Running test_linear_coefficients.R.... 0 tests
     Running test_linear_coefficients.R.... 1 tests <1b>[0;32mOK<1b>[0m
     Running test_linear_coefficients.R.... 2 tests <1b>[0;32mOK<1b>[0m
     Running test_linear_coefficients.R.... 2 tests <1b>[0;32mOK<1b>[0m
     Running test_linear_coefficients.R.... 3 tests <1b>[0;32mOK<1b>[0m
     Running test_linear_coefficients.R.... 4 tests <1b>[0;32mOK<1b>[0m
     Running test_linear_coefficients.R.... 4 tests <1b>[0;32mOK<1b>[0m
     Running test_linear_coefficients.R.... 5 tests <1b>[0;32mOK<1b>[0m
     Running test_linear_coefficients.R.... 6 tests <1b>[0;32mOK<1b>[0m
     Running test_linear_coefficients.R.... 6 tests <1b>[0;32mOK<1b>[0m
     Running test_linear_coefficients.R.... 7 tests <1b>[0;32mOK<1b>[0m
     Running test_linear_coefficients.R.... 8 tests <1b>[0;32mOK<1b>[0m
     Running test_linear_coefficients.R.... 8 tests <1b>[0;32mOK<1b>[0m
     Running test_linear_coefficients.R.... 9 tests <1b>[0;32mOK<1b>[0m
     Running test_linear_coefficients.R.... 10 tests <1b>[0;32mOK<1b>[0m
     Running test_linear_coefficients.R.... 15 tests <1b>[0;32mOK<1b>[0m
     Running test_linear_coefficients.R.... 16 tests <1b>[0;32mOK<1b>[0m
     Running test_linear_coefficients.R.... 17 tests <1b>[0;32mOK<1b>[0m
     Running test_linear_coefficients.R.... 17 tests <1b>[0;32mOK<1b>[0m
     Running test_linear_coefficients.R.... 18 tests <1b>[0;32mOK<1b>[0m
     Running test_linear_coefficients.R.... 19 tests <1b>[0;32mOK<1b>[0m <1b>[0;36m78ms<1b>[0m
    
     Running test_lumberjack.R............. 0 tests
     Running test_lumberjack.R............. 0 tests
     Running test_lumberjack.R............. 0 tests
     Running test_lumberjack.R............. 0 tests
     Running test_lumberjack.R............. 0 tests
     Running test_lumberjack.R............. 0 tests
     Running test_lumberjack.R............. 0 tests
     Running test_lumberjack.R............. 1 tests <1b>[0;32mOK<1b>[0m
     Running test_lumberjack.R............. 1 tests <1b>[0;32mOK<1b>[0m
     Running test_lumberjack.R............. 2 tests <1b>[0;32mOK<1b>[0m
     Running test_lumberjack.R............. 3 tests <1b>[0;32mOK<1b>[0m
     Running test_lumberjack.R............. 4 tests <1b>[0;32mOK<1b>[0m
     Running test_lumberjack.R............. 4 tests <1b>[0;32mOK<1b>[0m
     Running test_lumberjack.R............. 4 tests <1b>[0;32mOK<1b>[0m
     Running test_lumberjack.R............. 4 tests <1b>[0;32mOK<1b>[0m
     Running test_lumberjack.R............. 4 tests <1b>[0;32mOK<1b>[0m
     Running test_lumberjack.R............. 4 tests <1b>[0;32mOK<1b>[0m
     Running test_lumberjack.R............. 4 tests <1b>[0;32mOK<1b>[0m
     Running test_lumberjack.R............. 4 tests <1b>[0;32mOK<1b>[0m
     Running test_lumberjack.R............. 5 tests <1b>[0;32mOK<1b>[0m
     Running test_lumberjack.R............. 5 tests <1b>[0;32mOK<1b>[0m
     Running test_lumberjack.R............. 6 tests <1b>[0;32mOK<1b>[0m
     Running test_lumberjack.R............. 7 tests <1b>[0;32mOK<1b>[0m
     Running test_lumberjack.R............. 8 tests <1b>[0;32mOK<1b>[0m <1b>[0;34m0.1s<1b>[0m
    
     Running test_methods.R................ 0 tests
     Running test_methods.R................ 1 tests <1b>[0;32mOK<1b>[0m
     Running test_methods.R................ 2 tests <1b>[0;32mOK<1b>[0m
     Running test_methods.R................ 3 tests <1b>[0;32mOK<1b>[0m
     Running test_methods.R................ 4 tests <1b>[0;32mOK<1b>[0m
     Running test_methods.R................ 5 tests <1b>[0;32mOK<1b>[0m
     Running test_methods.R................ 6 tests <1b>[0;32mOK<1b>[0m
     Running test_methods.R................ 7 tests <1b>[0;32mOK<1b>[0m
     Running test_methods.R................ 8 tests <1b>[0;32mOK<1b>[0m
     Running test_methods.R................ 9 tests <1b>[0;32mOK<1b>[0m
     Running test_methods.R................ 9 tests <1b>[0;32mOK<1b>[0m
     Running test_methods.R................ 10 tests <1b>[0;32mOK<1b>[0m
     Running test_methods.R................ 11 tests <1b>[0;32mOK<1b>[0m
     Running test_methods.R................ 12 tests <1b>[0;32mOK<1b>[0m
     Running test_methods.R................ 13 tests <1b>[0;32mOK<1b>[0m
     Running test_methods.R................ 14 tests <1b>[0;32mOK<1b>[0m
     Running test_methods.R................ 15 tests <1b>[0;32mOK<1b>[0m
     Running test_methods.R................ 16 tests <1b>[0;32mOK<1b>[0m
     Running test_methods.R................ 17 tests <1b>[0;32mOK<1b>[0m
     Running test_methods.R................ 17 tests <1b>[0;32mOK<1b>[0m
     Running test_methods.R................ 18 tests <1b>[0;32mOK<1b>[0m
     Running test_methods.R................ 19 tests <1b>[0;32mOK<1b>[0m
     Running test_methods.R................ 19 tests <1b>[0;32mOK<1b>[0m
     Running test_methods.R................ 20 tests <1b>[0;32mOK<1b>[0m
     Running test_methods.R................ 20 tests <1b>[0;32mOK<1b>[0m
     Running test_methods.R................ 21 tests <1b>[0;32mOK<1b>[0m
     Running test_methods.R................ 21 tests <1b>[0;32mOK<1b>[0m
     Running test_methods.R................ 21 tests <1b>[0;32mOK<1b>[0m
     Running test_methods.R................ 22 tests <1b>[0;32mOK<1b>[0m
     Running test_methods.R................ 22 tests <1b>[0;32mOK<1b>[0m
     Running test_methods.R................ 23 tests <1b>[0;32mOK<1b>[0m
     Running test_methods.R................ 23 tests <1b>[0;32mOK<1b>[0m
     Running test_methods.R................ 24 tests <1b>[0;32mOK<1b>[0m
     Running test_methods.R................ 24 tests <1b>[0;32mOK<1b>[0m
     Running test_methods.R................ 25 tests <1b>[0;32mOK<1b>[0m
     Running test_methods.R................ 26 tests <1b>[0;32mOK<1b>[0m
     Running test_methods.R................ 26 tests <1b>[0;32mOK<1b>[0m
     Running test_methods.R................ 27 tests <1b>[0;32mOK<1b>[0m
     Running test_methods.R................ 28 tests <1b>[0;32mOK<1b>[0m
     Running test_methods.R................ 29 tests <1b>[0;32mOK<1b>[0m
     Running test_methods.R................ 30 tests <1b>[0;32mOK<1b>[0m
     Running test_methods.R................ 30 tests <1b>[0;32mOK<1b>[0m
     Running test_methods.R................ 31 tests <1b>[0;32mOK<1b>[0m
     Running test_methods.R................ 31 tests <1b>[0;32mOK<1b>[0m
     Running test_methods.R................ 32 tests <1b>[0;32mOK<1b>[0m
     Running test_methods.R................ 32 tests <1b>[0;32mOK<1b>[0m
     Running test_methods.R................ 32 tests <1b>[0;32mOK<1b>[0m
     Running test_methods.R................ 32 tests <1b>[0;32mOK<1b>[0m
     Running test_methods.R................ 33 tests <1b>[0;32mOK<1b>[0m
     Running test_methods.R................ 33 tests <1b>[0;32mOK<1b>[0m
     Running test_methods.R................ 34 tests <1b>[0;32mOK<1b>[0m <1b>[0;34m0.4s<1b>[0m
    
     Running test_options.R................ 0 tests
     Running test_options.R................ 0 tests
     Running test_options.R................ 1 tests <1b>[0;32mOK<1b>[0m
     Running test_options.R................ 1 tests <1b>[0;32mOK<1b>[0m
     Running test_options.R................ 2 tests <1b>[0;32mOK<1b>[0m
     Running test_options.R................ 2 tests <1b>[0;32mOK<1b>[0m
     Running test_options.R................ 2 tests <1b>[0;32mOK<1b>[0m
     Running test_options.R................ 2 tests <1b>[0;32mOK<1b>[0m
     Running test_options.R................ 3 tests <1b>[0;32mOK<1b>[0m
     Running test_options.R................ 4 tests <1b>[0;32mOK<1b>[0m
     Running test_options.R................ 5 tests <1b>[0;32mOK<1b>[0m
     Running test_options.R................ 5 tests <1b>[0;32mOK<1b>[0m
     Running test_options.R................ 6 tests <1b>[0;32mOK<1b>[0m
     Running test_options.R................ 7 tests <1b>[0;32mOK<1b>[0m
     Running test_options.R................ 8 tests <1b>[0;32mOK<1b>[0m <1b>[0;36m47ms<1b>[0m
    
     Running test_parse.R.................. 1 tests <1b>[0;32mOK<1b>[0m
     Running test_parse.R.................. 2 tests <1b>[0;32mOK<1b>[0m
     Running test_parse.R.................. 3 tests <1b>[0;32mOK<1b>[0m
     Running test_parse.R.................. 4 tests <1b>[0;32mOK<1b>[0m
     Running test_parse.R.................. 5 tests <1b>[0;32mOK<1b>[0m
     Running test_parse.R.................. 6 tests <1b>[0;32mOK<1b>[0m
     Running test_parse.R.................. 7 tests <1b>[0;32mOK<1b>[0m
     Running test_parse.R.................. 8 tests <1b>[0;32mOK<1b>[0m
     Running test_parse.R.................. 9 tests <1b>[0;32mOK<1b>[0m
     Running test_parse.R.................. 10 tests <1b>[0;32mOK<1b>[0m
     Running test_parse.R.................. 11 tests <1b>[0;32mOK<1b>[0m
     Running test_parse.R.................. 12 tests <1b>[0;32mOK<1b>[0m
     Running test_parse.R.................. 13 tests <1b>[0;32mOK<1b>[0m
     Running test_parse.R.................. 13 tests <1b>[0;32mOK<1b>[0m
     Running test_parse.R.................. 13 tests <1b>[0;32mOK<1b>[0m
     Running test_parse.R.................. 14 tests <1b>[0;32mOK<1b>[0m
     Running test_parse.R.................. 15 tests <1b>[0;32mOK<1b>[0m
     Running test_parse.R.................. 16 tests <1b>[0;32mOK<1b>[0m
     Running test_parse.R.................. 17 tests <1b>[0;32mOK<1b>[0m
     Running test_parse.R.................. 18 tests <1b>[0;32mOK<1b>[0m
     Running test_parse.R.................. 19 tests <1b>[0;32mOK<1b>[0m
     Running test_parse.R.................. 20 tests <1b>[0;32mOK<1b>[0m
     Running test_parse.R.................. 21 tests <1b>[0;32mOK<1b>[0m
     Running test_parse.R.................. 22 tests <1b>[0;32mOK<1b>[0m
     Running test_parse.R.................. 22 tests <1b>[0;32mOK<1b>[0m
     Running test_parse.R.................. 23 tests <1b>[0;32mOK<1b>[0m
     Running test_parse.R.................. 24 tests <1b>[0;32mOK<1b>[0m
     Running test_parse.R.................. 24 tests <1b>[0;32mOK<1b>[0m
     Running test_parse.R.................. 25 tests <1b>[0;32mOK<1b>[0m
     Running test_parse.R.................. 26 tests <1b>[0;32mOK<1b>[0m
     Running test_parse.R.................. 26 tests <1b>[0;32mOK<1b>[0m
     Running test_parse.R.................. 27 tests <1b>[0;32mOK<1b>[0m
     Running test_parse.R.................. 28 tests <1b>[0;32mOK<1b>[0m
     Running test_parse.R.................. 28 tests <1b>[0;32mOK<1b>[0m
     Running test_parse.R.................. 29 tests <1b>[0;32mOK<1b>[0m
     Running test_parse.R.................. 30 tests <1b>[0;32mOK<1b>[0m
     Running test_parse.R.................. 31 tests <1b>[0;32mOK<1b>[0m
     Running test_parse.R.................. 31 tests <1b>[0;32mOK<1b>[0m
     Running test_parse.R.................. 32 tests <1b>[0;32mOK<1b>[0m
     Running test_parse.R.................. 33 tests <1b>[0;32mOK<1b>[0m
     Running test_parse.R.................. 34 tests <1b>[0;32mOK<1b>[0m
     Running test_parse.R.................. 35 tests <1b>[0;32mOK<1b>[0m
     Running test_parse.R.................. 36 tests <1b>[0;32mOK<1b>[0m
     Running test_parse.R.................. 37 tests <1b>[0;32mOK<1b>[0m
     Running test_parse.R.................. 38 tests <1b>[0;32mOK<1b>[0m
     Running test_parse.R.................. 39 tests <1b>[0;32mOK<1b>[0m
     Running test_parse.R.................. 40 tests <1b>[0;32mOK<1b>[0m
     Running test_parse.R.................. 41 tests <1b>[0;32mOK<1b>[0m
     Running test_parse.R.................. 42 tests <1b>[0;32mOK<1b>[0m
     Running test_parse.R.................. 43 tests <1b>[0;32mOK<1b>[0m
     Running test_parse.R.................. 44 tests <1b>[0;32mOK<1b>[0m
     Running test_parse.R.................. 45 tests <1b>[0;32mOK<1b>[0m
     Running test_parse.R.................. 46 tests <1b>[0;32mOK<1b>[0m
     Running test_parse.R.................. 47 tests <1b>[0;32mOK<1b>[0m
     Running test_parse.R.................. 48 tests <1b>[0;32mOK<1b>[0m
     Running test_parse.R.................. 48 tests <1b>[0;32mOK<1b>[0m
     Running test_parse.R.................. 48 tests <1b>[0;32mOK<1b>[0m
     Running test_parse.R.................. 49 tests <1b>[0;32mOK<1b>[0m
     Running test_parse.R.................. 49 tests <1b>[0;32mOK<1b>[0m
     Running test_parse.R.................. 49 tests <1b>[0;32mOK<1b>[0m
     Running test_parse.R.................. 50 tests <1b>[0;32mOK<1b>[0m
     Running test_parse.R.................. 50 tests <1b>[0;32mOK<1b>[0m
     Running test_parse.R.................. 50 tests <1b>[0;32mOK<1b>[0m
     Running test_parse.R.................. 51 tests <1b>[0;32mOK<1b>[0m
     Running test_parse.R.................. 51 tests <1b>[0;32mOK<1b>[0m
     Running test_parse.R.................. 51 tests <1b>[0;32mOK<1b>[0m
     Running test_parse.R.................. 52 tests <1b>[0;32mOK<1b>[0m
     Running test_parse.R.................. 52 tests <1b>[0;32mOK<1b>[0m
     Running test_parse.R.................. 52 tests <1b>[0;32mOK<1b>[0m
     Running test_parse.R.................. 53 tests <1b>[0;32mOK<1b>[0m
     Running test_parse.R.................. 53 tests <1b>[0;32mOK<1b>[0m
     Running test_parse.R.................. 53 tests <1b>[0;32mOK<1b>[0m
     Running test_parse.R.................. 54 tests <1b>[0;32mOK<1b>[0m
     Running test_parse.R.................. 54 tests <1b>[0;32mOK<1b>[0m
     Running test_parse.R.................. 54 tests <1b>[0;32mOK<1b>[0m
     Running test_parse.R.................. 54 tests <1b>[0;32mOK<1b>[0m
     Running test_parse.R.................. 55 tests <1b>[0;32mOK<1b>[0m
     Running test_parse.R.................. 55 tests <1b>[0;32mOK<1b>[0m
     Running test_parse.R.................. 56 tests <1b>[0;32mOK<1b>[0m
     Running test_parse.R.................. 56 tests <1b>[0;32mOK<1b>[0m
     Running test_parse.R.................. 57 tests <1b>[0;32mOK<1b>[0m
     Running test_parse.R.................. 57 tests <1b>[0;32mOK<1b>[0m
     Running test_parse.R.................. 58 tests <1b>[0;32mOK<1b>[0m
     Running test_parse.R.................. 58 tests <1b>[0;32mOK<1b>[0m
     Running test_parse.R.................. 59 tests <1b>[0;32mOK<1b>[0m <1b>[0;34m0.1s<1b>[0m
    
     Running test_poc.R.................... 0 tests
     Running test_poc.R.................... 0 tests
     Running test_poc.R.................... 1 tests <1b>[0;32mOK<1b>[0m
     Running test_poc.R.................... 1 tests <1b>[0;32mOK<1b>[0m
     Running test_poc.R.................... 1 tests <1b>[0;32mOK<1b>[0m
     Running test_poc.R.................... 2 tests <1b>[0;32mOK<1b>[0m
     Running test_poc.R.................... 2 tests <1b>[0;32mOK<1b>[0m
     Running test_poc.R.................... 2 tests <1b>[0;32mOK<1b>[0m
     Running test_poc.R.................... 3 tests <1b>[0;32mOK<1b>[0m
     Running test_poc.R.................... 3 tests <1b>[0;32mOK<1b>[0m
     Running test_poc.R.................... 4 tests <1b>[0;32mOK<1b>[0m
     Running test_poc.R.................... 4 tests <1b>[0;32mOK<1b>[0m
     Running test_poc.R.................... 5 tests <1b>[0;32mOK<1b>[0m
     Running test_poc.R.................... 5 tests <1b>[0;32mOK<1b>[0m
     Running test_poc.R.................... 5 tests <1b>[0;32mOK<1b>[0m
     Running test_poc.R.................... 6 tests <1b>[0;32mOK<1b>[0m
     Running test_poc.R.................... 6 tests <1b>[0;32mOK<1b>[0m
     Running test_poc.R.................... 6 tests <1b>[0;32mOK<1b>[0m
     Running test_poc.R.................... 7 tests <1b>[0;32mOK<1b>[0m
     Running test_poc.R.................... 7 tests <1b>[0;32mOK<1b>[0m
     Running test_poc.R.................... 7 tests <1b>[0;32mOK<1b>[0m
     Running test_poc.R.................... 8 tests <1b>[0;32mOK<1b>[0m
     Running test_poc.R.................... 8 tests <1b>[0;32mOK<1b>[0m
     Running test_poc.R.................... 8 tests <1b>[0;32mOK<1b>[0m
     Running test_poc.R.................... 9 tests <1b>[0;32mOK<1b>[0m
     Running test_poc.R.................... 9 tests <1b>[0;32mOK<1b>[0m
     Running test_poc.R.................... 9 tests <1b>[0;32mOK<1b>[0m
     Running test_poc.R.................... 9 tests <1b>[0;32mOK<1b>[0m
     Running test_poc.R.................... 10 tests <1b>[0;32mOK<1b>[0m
     Running test_poc.R.................... 10 tests <1b>[0;32mOK<1b>[0m
     Running test_poc.R.................... 10 tests <1b>[0;32mOK<1b>[0m
     Running test_poc.R.................... 11 tests <1b>[0;32mOK<1b>[0m
     Running test_poc.R.................... 11 tests <1b>[0;32mOK<1b>[0m
     Running test_poc.R.................... 12 tests <1b>[0;32mOK<1b>[0m
     Running test_poc.R.................... 12 tests <1b>[0;32mOK<1b>[0m
     Running test_poc.R.................... 13 tests <1b>[0;32mOK<1b>[0m
     Running test_poc.R.................... 13 tests <1b>[0;32mOK<1b>[0m
     Running test_poc.R.................... 13 tests <1b>[0;32mOK<1b>[0m
     Running test_poc.R.................... 14 tests <1b>[0;32mOK<1b>[0m
     Running test_poc.R.................... 14 tests <1b>[0;32mOK<1b>[0m
     Running test_poc.R.................... 15 tests <1b>[0;32mOK<1b>[0m
     Running test_poc.R.................... 15 tests <1b>[0;32mOK<1b>[0m
     Running test_poc.R.................... 16 tests <1b>[0;32mOK<1b>[0m
     Running test_poc.R.................... 16 tests <1b>[0;32mOK<1b>[0m
     Running test_poc.R.................... 16 tests <1b>[0;32mOK<1b>[0m
     Running test_poc.R.................... 17 tests <1b>[0;32mOK<1b>[0m
     Running test_poc.R.................... 17 tests <1b>[0;32mOK<1b>[0m
     Running test_poc.R.................... 18 tests <1b>[0;32mOK<1b>[0m
     Running test_poc.R.................... 18 tests <1b>[0;32mOK<1b>[0m
     Running test_poc.R.................... 19 tests <1b>[0;32mOK<1b>[0m
     Running test_poc.R.................... 19 tests <1b>[0;32mOK<1b>[0m
     Running test_poc.R.................... 20 tests <1b>[0;32mOK<1b>[0m
     Running test_poc.R.................... 20 tests <1b>[0;32mOK<1b>[0m
     Running test_poc.R.................... 21 tests <1b>[0;32mOK<1b>[0m
     Running test_poc.R.................... 21 tests <1b>[0;32mOK<1b>[0m
     Running test_poc.R.................... 21 tests <1b>[0;32mOK<1b>[0m
     Running test_poc.R.................... 22 tests <1b>[0;32mOK<1b>[0m
     Running test_poc.R.................... 22 tests <1b>[0;32mOK<1b>[0m
     Running test_poc.R.................... 23 tests <1b>[0;32mOK<1b>[0m
     Running test_poc.R.................... 23 tests <1b>[0;32mOK<1b>[0m
     Running test_poc.R.................... 24 tests <1b>[0;32mOK<1b>[0m
     Running test_poc.R.................... 24 tests <1b>[0;32mOK<1b>[0m
     Running test_poc.R.................... 24 tests <1b>[0;32mOK<1b>[0m
     Running test_poc.R.................... 25 tests <1b>[0;32mOK<1b>[0m
     Running test_poc.R.................... 25 tests <1b>[0;32mOK<1b>[0m
     Running test_poc.R.................... 26 tests <1b>[0;32mOK<1b>[0m
     Running test_poc.R.................... 26 tests <1b>[0;32mOK<1b>[0m
     Running test_poc.R.................... 26 tests <1b>[0;32mOK<1b>[0m
     Running test_poc.R.................... 27 tests <1b>[0;32mOK<1b>[0m
     Running test_poc.R.................... 27 tests <1b>[0;32mOK<1b>[0m
     Running test_poc.R.................... 28 tests <1b>[0;32mOK<1b>[0m
     Running test_poc.R.................... 28 tests <1b>[0;32mOK<1b>[0m
     Running test_poc.R.................... 28 tests <1b>[0;32mOK<1b>[0m
     Running test_poc.R.................... 29 tests <1b>[0;32mOK<1b>[0m
     Running test_poc.R.................... 29 tests <1b>[0;32mOK<1b>[0m
     Running test_poc.R.................... 29 tests <1b>[0;32mOK<1b>[0m
     Running test_poc.R.................... 30 tests <1b>[0;32mOK<1b>[0m
     Running test_poc.R.................... 30 tests <1b>[0;32mOK<1b>[0m
     Running test_poc.R.................... 31 tests <1b>[0;32mOK<1b>[0m
     Running test_poc.R.................... 31 tests <1b>[0;32mOK<1b>[0m
     Running test_poc.R.................... 31 tests <1b>[0;32mOK<1b>[0m
     Running test_poc.R.................... 31 tests <1b>[0;32mOK<1b>[0m
     Running test_poc.R.................... 32 tests <1b>[0;32mOK<1b>[0m
     Running test_poc.R.................... 32 tests <1b>[0;32mOK<1b>[0m
     Running test_poc.R.................... 32 tests <1b>[0;32mOK<1b>[0m
     Running test_poc.R.................... 32 tests <1b>[0;32mOK<1b>[0m
     Running test_poc.R.................... 33 tests <1b>[0;32mOK<1b>[0m
     Running test_poc.R.................... 33 tests <1b>[0;32mOK<1b>[0m
     Running test_poc.R.................... 34 tests <1b>[0;32mOK<1b>[0m <1b>[0;34m0.3s<1b>[0m
    
     Running test_run_validation.R......... 1 tests <1b>[0;32mOK<1b>[0m
     Running test_run_validation.R......... 2 tests <1b>[0;32mOK<1b>[0m
     Running test_run_validation.R......... 3 tests <1b>[0;32mOK<1b>[0m
     Running test_run_validation.R......... 4 tests <1b>[0;32mOK<1b>[0m
     Running test_run_validation.R......... 4 tests <1b>[0;32mOK<1b>[0m
     Running test_run_validation.R......... 4 tests <1b>[0;32mOK<1b>[0m
     Running test_run_validation.R......... 5 tests <1b>[0;32mOK<1b>[0m <1b>[0;36m31ms<1b>[0m
    
     Running test_syntax.R................. 1 tests <1b>[0;32mOK<1b>[0m
     Running test_syntax.R................. 2 tests <1b>[0;32mOK<1b>[0m
     Running test_syntax.R................. 3 tests <1b>[0;32mOK<1b>[0m
     Running test_syntax.R................. 3 tests <1b>[0;32mOK<1b>[0m
     Running test_syntax.R................. 4 tests <1b>[0;32mOK<1b>[0m
     Running test_syntax.R................. 5 tests <1b>[0;32mOK<1b>[0m
     Running test_syntax.R................. 5 tests <1b>[0;32mOK<1b>[0m
     Running test_syntax.R................. 6 tests <1b>[0;32mOK<1b>[0m
     Running test_syntax.R................. 6 tests <1b>[0;32mOK<1b>[0m
     Running test_syntax.R................. 7 tests <1b>[0;32mOK<1b>[0m
     Running test_syntax.R................. 8 tests <1b>[0;32mOK<1b>[0m
     Running test_syntax.R................. 8 tests <1b>[0;32mOK<1b>[0m
     Running test_syntax.R................. 8 tests <1b>[0;32mOK<1b>[0m
     Running test_syntax.R................. 8 tests <1b>[0;32mOK<1b>[0m
     Running test_syntax.R................. 8 tests <1b>[0;32mOK<1b>[0m
     Running test_syntax.R................. 9 tests <1b>[0;32mOK<1b>[0m
     Running test_syntax.R................. 9 tests <1b>[0;32mOK<1b>[0m
     Running test_syntax.R................. 10 tests <1b>[0;32mOK<1b>[0m
     Running test_syntax.R................. 10 tests <1b>[0;32mOK<1b>[0m
     Running test_syntax.R................. 11 tests <1b>[0;32mOK<1b>[0m
     Running test_syntax.R................. 11 tests <1b>[0;32mOK<1b>[0m
     Running test_syntax.R................. 12 tests <1b>[0;32mOK<1b>[0m
     Running test_syntax.R................. 13 tests <1b>[0;32mOK<1b>[0m
     Running test_syntax.R................. 14 tests <1b>[0;32mOK<1b>[0m
     Running test_syntax.R................. 15 tests <1b>[0;32mOK<1b>[0m
     Running test_syntax.R................. 16 tests <1b>[0;32mOK<1b>[0m
     Running test_syntax.R................. 17 tests <1b>[0;32mOK<1b>[0m
     Running test_syntax.R................. 18 tests <1b>[0;32mOK<1b>[0m
     Running test_syntax.R................. 18 tests <1b>[0;32mOK<1b>[0m
     Running test_syntax.R................. 18 tests <1b>[0;32mOK<1b>[0m
     Running test_syntax.R................. 19 tests <1b>[0;32mOK<1b>[0m
     Running test_syntax.R................. 20 tests <1b>[0;32mOK<1b>[0m
     Running test_syntax.R................. 21 tests <1b>[0;32mOK<1b>[0m
     Running test_syntax.R................. 21 tests <1b>[0;32mOK<1b>[0m
     Running test_syntax.R................. 21 tests <1b>[0;32mOK<1b>[0m
     Running test_syntax.R................. 22 tests <1b>[0;32mOK<1b>[0m
     Running test_syntax.R................. 22 tests <1b>[0;32mOK<1b>[0m
     Running test_syntax.R................. 22 tests <1b>[0;32mOK<1b>[0m
     Running test_syntax.R................. 23 tests <1b>[0;32mOK<1b>[0m
     Running test_syntax.R................. 23 tests <1b>[0;32mOK<1b>[0m
     Running test_syntax.R................. 24 tests <1b>[0;32mOK<1b>[0m
     Running test_syntax.R................. 24 tests <1b>[0;32mOK<1b>[0m
     Running test_syntax.R................. 25 tests <1b>[0;32mOK<1b>[0m <1b>[0;36m78ms<1b>[0m
    
     Running test_utils.R.................. 1 tests <1b>[0;32mOK<1b>[0m
     Running test_utils.R.................. 1 tests <1b>[0;32mOK<1b>[0m
     Running test_utils.R.................. 2 tests <1b>[0;32mOK<1b>[0m
     Running test_utils.R.................. 2 tests <1b>[0;32mOK<1b>[0m
     Running test_utils.R.................. 2 tests <1b>[0;32mOK<1b>[0m
     Running test_utils.R.................. 3 tests <1b>[0;32mOK<1b>[0m
     Running test_utils.R.................. 4 tests <1b>[0;32mOK<1b>[0m
     Running test_utils.R.................. 5 tests <1b>[0;32mOK<1b>[0m
     Running test_utils.R.................. 6 tests <1b>[0;32mOK<1b>[0m
     Running test_utils.R.................. 6 tests <1b>[0;32mOK<1b>[0m
     Running test_utils.R.................. 7 tests <1b>[0;32mOK<1b>[0m
     Running test_utils.R.................. 7 tests <1b>[0;32mOK<1b>[0m
     Running test_utils.R.................. 8 tests <1b>[0;32mOK<1b>[0m
     Running test_utils.R.................. 9 tests <1b>[0;32mOK<1b>[0m
     Running test_utils.R.................. 10 tests <1b>[0;32mOK<1b>[0m
     Running test_utils.R.................. 11 tests <1b>[0;32mOK<1b>[0m
     Running test_utils.R.................. 12 tests <1b>[0;32mOK<1b>[0m
     Running test_utils.R.................. 13 tests <1b>[0;32mOK<1b>[0m
     Running test_utils.R.................. 13 tests <1b>[0;32mOK<1b>[0m
     Running test_utils.R.................. 13 tests <1b>[0;32mOK<1b>[0m
     Running test_utils.R.................. 13 tests <1b>[0;32mOK<1b>[0m
     Running test_utils.R.................. 13 tests <1b>[0;32mOK<1b>[0m
     Running test_utils.R.................. 14 tests <1b>[0;32mOK<1b>[0m
     Running test_utils.R.................. 14 tests <1b>[0;32mOK<1b>[0m
     Running test_utils.R.................. 15 tests <1b>[0;32mOK<1b>[0m
     Running test_utils.R.................. 16 tests <1b>[0;32mOK<1b>[0m
     Running test_utils.R.................. 17 tests <1b>[0;32mOK<1b>[0m
     Running test_utils.R.................. 17 tests <1b>[0;32mOK<1b>[0m
     Running test_utils.R.................. 17 tests <1b>[0;32mOK<1b>[0m
     Running test_utils.R.................. 17 tests <1b>[0;32mOK<1b>[0m
     Running test_utils.R.................. 18 tests <1b>[0;32mOK<1b>[0m
     Running test_utils.R.................. 19 tests <1b>[0;32mOK<1b>[0m
     Running test_utils.R.................. 20 tests <1b>[0;32mOK<1b>[0m
     Running test_utils.R.................. 21 tests <1b>[0;32mOK<1b>[0m
     Running test_utils.R.................. 21 tests <1b>[0;32mOK<1b>[0m
     Running test_utils.R.................. 22 tests <1b>[0;32mOK<1b>[0m
     Running test_utils.R.................. 23 tests <1b>[0;32mOK<1b>[0m
     Running test_utils.R.................. 23 tests <1b>[0;32mOK<1b>[0m
     Running test_utils.R.................. 24 tests <1b>[0;32mOK<1b>[0m
     Running test_utils.R.................. 24 tests <1b>[0;32mOK<1b>[0m
     Running test_utils.R.................. 25 tests <1b>[0;32mOK<1b>[0m
     Running test_utils.R.................. 26 tests <1b>[0;32mOK<1b>[0m
     Running test_utils.R.................. 27 tests <1b>[0;32mOK<1b>[0m
     Running test_utils.R.................. 28 tests <1b>[0;32mOK<1b>[0m
     Running test_utils.R.................. 29 tests <1b>[0;32mOK<1b>[0m
     Running test_utils.R.................. 30 tests <1b>[0;32mOK<1b>[0m
     Running test_utils.R.................. 31 tests <1b>[0;32mOK<1b>[0m
     Running test_utils.R.................. 32 tests <1b>[0;32mOK<1b>[0m
     Running test_utils.R.................. 33 tests <1b>[0;32mOK<1b>[0m
     Running test_utils.R.................. 34 tests <1b>[0;32mOK<1b>[0m
     Running test_utils.R.................. 35 tests <1b>[0;32mOK<1b>[0m
     Running test_utils.R.................. 37 tests <1b>[0;32mOK<1b>[0m <1b>[0;34m0.2s<1b>[0m
    
     Running test_validator.R.............. 0 tests
     Running test_validator.R.............. 0 tests
     Running test_validator.R.............. 1 tests <1b>[0;32mOK<1b>[0m
     Running test_validator.R.............. 1 tests <1b>[0;32mOK<1b>[0m
     Running test_validator.R.............. 2 tests <1b>[0;32mOK<1b>[0m
     Running test_validator.R.............. 2 tests <1b>[0;32mOK<1b>[0m
     Running test_validator.R.............. 3 tests <1b>[0;32mOK<1b>[0m
     Running test_validator.R.............. 3 tests <1b>[0;32mOK<1b>[0m
     Running test_validator.R.............. 4 tests <1b>[0;32mOK<1b>[0m
     Running test_validator.R.............. 5 tests <1b>[0;32mOK<1b>[0m
     Running test_validator.R.............. 6 tests <1b>[0;32mOK<1b>[0m
     Running test_validator.R.............. 7 tests <1b>[0;32mOK<1b>[0m
     Running test_validator.R.............. 8 tests <1b>[0;32mOK<1b>[0m
     Running test_validator.R.............. 9 tests <1b>[0;32mOK<1b>[0m
     Running test_validator.R.............. 9 tests <1b>[0;32mOK<1b>[0m
     Running test_validator.R.............. 10 tests <1b>[0;32mOK<1b>[0m
     Running test_validator.R.............. 11 tests <1b>[0;32mOK<1b>[0m
     Running test_validator.R.............. 11 tests <1b>[0;32mOK<1b>[0m
     Running test_validator.R.............. 11 tests <1b>[0;32mOK<1b>[0m
     Running test_validator.R.............. 11 tests <1b>[0;32mOK<1b>[0m
     Running test_validator.R.............. 12 tests <1b>[0;32mOK<1b>[0m
     Running test_validator.R.............. 12 tests <1b>[0;32mOK<1b>[0m
     Running test_validator.R.............. 12 tests <1b>[0;32mOK<1b>[0m
     Running test_validator.R.............. 12 tests <1b>[0;32mOK<1b>[0m
     Running test_validator.R.............. 12 tests <1b>[0;32mOK<1b>[0m
     Running test_validator.R.............. 12 tests <1b>[0;32mOK<1b>[0m
     Running test_validator.R.............. 12 tests <1b>[0;32mOK<1b>[0m
     Running test_validator.R.............. 12 tests <1b>[0;32mOK<1b>[0m
     Running test_validator.R.............. 12 tests <1b>[0;32mOK<1b>[0m
     Running test_validator.R.............. 12 tests <1b>[0;32mOK<1b>[0m
     Running test_validator.R.............. 13 tests <1b>[0;32mOK<1b>[0m
     Running test_validator.R.............. 13 tests <1b>[0;32mOK<1b>[0m
     Running test_validator.R.............. 13 tests <1b>[0;32mOK<1b>[0m <1b>[0;36m78ms<1b>[0m
     ----- FAILED[data]: test_genericrules.R<259--260>
     call| expect_equal(as.logical(values(confront(transactions, rule))),
     call| c(TRUE, FALSE, TRUE, TRUE), info = "regex in does_not_contain")
     diff| Lengths (4, 0) differ (comparison on first 0 components)
     info| regex in does_not_contain
     ----- FAILED[data]: test_genericrules.R<264--265>
     call| expect_equal(as.logical(values(confront(transactions, rule))),
     call| c(TRUE, FALSE, TRUE, TRUE), info = "regex in does_not_contain")
     diff| Lengths (4, 0) differ (comparison on first 0 components)
     info| regex in does_not_contain
     Error: 2 out of 399 tests failed
     Execution halted
Flavor: r-oldrel-windows-ix86+x86_64

Version: 1.0.2
Check: running tests for arch ‘x64’
Result: ERROR
     Running 'tinytest.R' [4s]
    Running the tests in 'tests/tinytest.R' failed.
    Complete output:
     >
     > if ( requireNamespace("tinytest", quietly=TRUE) ){
     + # redirect plots
     + pdf(file=tempfile())
     + tinytest::test_package("validate")
     + }
    
     Running test_confrontation.R.......... 0 tests
     Running test_confrontation.R.......... 1 tests <1b>[0;32mOK<1b>[0m
     Running test_confrontation.R.......... 2 tests <1b>[0;32mOK<1b>[0m
     Running test_confrontation.R.......... 2 tests <1b>[0;32mOK<1b>[0m
     Running test_confrontation.R.......... 2 tests <1b>[0;32mOK<1b>[0m
     Running test_confrontation.R.......... 3 tests <1b>[0;32mOK<1b>[0m
     Running test_confrontation.R.......... 4 tests <1b>[0;32mOK<1b>[0m
     Running test_confrontation.R.......... 5 tests <1b>[0;32mOK<1b>[0m
     Running test_confrontation.R.......... 5 tests <1b>[0;32mOK<1b>[0m
     Running test_confrontation.R.......... 6 tests <1b>[0;32mOK<1b>[0m
     Running test_confrontation.R.......... 7 tests <1b>[0;32mOK<1b>[0m
     Running test_confrontation.R.......... 8 tests <1b>[0;32mOK<1b>[0m
     Running test_confrontation.R.......... 9 tests <1b>[0;32mOK<1b>[0m
     Running test_confrontation.R.......... 9 tests <1b>[0;32mOK<1b>[0m
     Running test_confrontation.R.......... 9 tests <1b>[0;32mOK<1b>[0m
     Running test_confrontation.R.......... 9 tests <1b>[0;32mOK<1b>[0m
     Running test_confrontation.R.......... 9 tests <1b>[0;32mOK<1b>[0m
     Running test_confrontation.R.......... 10 tests <1b>[0;32mOK<1b>[0m
     Running test_confrontation.R.......... 10 tests <1b>[0;32mOK<1b>[0m
     Running test_confrontation.R.......... 11 tests <1b>[0;32mOK<1b>[0m
     Running test_confrontation.R.......... 12 tests <1b>[0;32mOK<1b>[0m
     Running test_confrontation.R.......... 13 tests <1b>[0;32mOK<1b>[0m
     Running test_confrontation.R.......... 13 tests <1b>[0;32mOK<1b>[0m
     Running test_confrontation.R.......... 13 tests <1b>[0;32mOK<1b>[0m
     Running test_confrontation.R.......... 14 tests <1b>[0;32mOK<1b>[0m
     Running test_confrontation.R.......... 15 tests <1b>[0;32mOK<1b>[0m
     Running test_confrontation.R.......... 15 tests <1b>[0;32mOK<1b>[0m
     Running test_confrontation.R.......... 15 tests <1b>[0;32mOK<1b>[0m
     Running test_confrontation.R.......... 16 tests <1b>[0;32mOK<1b>[0m
     Running test_confrontation.R.......... 17 tests <1b>[0;32mOK<1b>[0m
     Running test_confrontation.R.......... 17 tests <1b>[0;32mOK<1b>[0m
     Running test_confrontation.R.......... 17 tests <1b>[0;32mOK<1b>[0m
     Running test_confrontation.R.......... 18 tests <1b>[0;32mOK<1b>[0m
     Running test_confrontation.R.......... 19 tests <1b>[0;32mOK<1b>[0m
     Running test_confrontation.R.......... 20 tests <1b>[0;32mOK<1b>[0m
     Running test_confrontation.R.......... 21 tests <1b>[0;32mOK<1b>[0m
     Running test_confrontation.R.......... 22 tests <1b>[0;32mOK<1b>[0m
     Running test_confrontation.R.......... 22 tests <1b>[0;32mOK<1b>[0m
     Running test_confrontation.R.......... 23 tests <1b>[0;32mOK<1b>[0m
     Running test_confrontation.R.......... 23 tests <1b>[0;32mOK<1b>[0m
     Running test_confrontation.R.......... 23 tests <1b>[0;32mOK<1b>[0m
     Running test_confrontation.R.......... 24 tests <1b>[0;32mOK<1b>[0m
     Running test_confrontation.R.......... 25 tests <1b>[0;32mOK<1b>[0m
     Running test_confrontation.R.......... 26 tests <1b>[0;32mOK<1b>[0m
     Running test_confrontation.R.......... 26 tests <1b>[0;32mOK<1b>[0m
     Running test_confrontation.R.......... 26 tests <1b>[0;32mOK<1b>[0m
     Running test_confrontation.R.......... 26 tests <1b>[0;32mOK<1b>[0m
     Running test_confrontation.R.......... 26 tests <1b>[0;32mOK<1b>[0m
     Running test_confrontation.R.......... 26 tests <1b>[0;32mOK<1b>[0m
     Running test_confrontation.R.......... 26 tests <1b>[0;32mOK<1b>[0m
     Running test_confrontation.R.......... 26 tests <1b>[0;32mOK<1b>[0m
     Running test_confrontation.R.......... 27 tests <1b>[0;32mOK<1b>[0m
     Running test_confrontation.R.......... 28 tests <1b>[0;32mOK<1b>[0m
     Running test_confrontation.R.......... 28 tests <1b>[0;32mOK<1b>[0m
     Running test_confrontation.R.......... 29 tests <1b>[0;32mOK<1b>[0m
     Running test_confrontation.R.......... 30 tests <1b>[0;32mOK<1b>[0m
     Running test_confrontation.R.......... 31 tests <1b>[0;32mOK<1b>[0m
     Running test_confrontation.R.......... 31 tests <1b>[0;32mOK<1b>[0m
     Running test_confrontation.R.......... 31 tests <1b>[0;32mOK<1b>[0m
     Running test_confrontation.R.......... 31 tests <1b>[0;32mOK<1b>[0m
     Running test_confrontation.R.......... 31 tests <1b>[0;32mOK<1b>[0m
     Running test_confrontation.R.......... 32 tests <1b>[0;32mOK<1b>[0m
     Running test_confrontation.R.......... 32 tests <1b>[0;32mOK<1b>[0m
     Running test_confrontation.R.......... 33 tests <1b>[0;32mOK<1b>[0m
     Running test_confrontation.R.......... 33 tests <1b>[0;32mOK<1b>[0m
     Running test_confrontation.R.......... 34 tests <1b>[0;32mOK<1b>[0m
     Running test_confrontation.R.......... 34 tests <1b>[0;32mOK<1b>[0m
     Running test_confrontation.R.......... 35 tests <1b>[0;32mOK<1b>[0m
     Running test_confrontation.R.......... 35 tests <1b>[0;32mOK<1b>[0m
     Running test_confrontation.R.......... 35 tests <1b>[0;32mOK<1b>[0m
     Running test_confrontation.R.......... 36 tests <1b>[0;32mOK<1b>[0m
     Running test_confrontation.R.......... 36 tests <1b>[0;32mOK<1b>[0m
     Running test_confrontation.R.......... 36 tests <1b>[0;32mOK<1b>[0m
     Running test_confrontation.R.......... 37 tests <1b>[0;32mOK<1b>[0m
     Running test_confrontation.R.......... 38 tests <1b>[0;32mOK<1b>[0m
     Running test_confrontation.R.......... 38 tests <1b>[0;32mOK<1b>[0m
     Running test_confrontation.R.......... 39 tests <1b>[0;32mOK<1b>[0m
     Running test_confrontation.R.......... 40 tests <1b>[0;32mOK<1b>[0m
     Running test_confrontation.R.......... 40 tests <1b>[0;32mOK<1b>[0m
     Running test_confrontation.R.......... 40 tests <1b>[0;32mOK<1b>[0m
     Running test_confrontation.R.......... 41 tests <1b>[0;32mOK<1b>[0m
     Running test_confrontation.R.......... 42 tests <1b>[0;32mOK<1b>[0m
     Running test_confrontation.R.......... 42 tests <1b>[0;32mOK<1b>[0m
     Running test_confrontation.R.......... 42 tests <1b>[0;32mOK<1b>[0m
     Running test_confrontation.R.......... 43 tests <1b>[0;32mOK<1b>[0m
     Running test_confrontation.R.......... 43 tests <1b>[0;32mOK<1b>[0m
     Running test_confrontation.R.......... 43 tests <1b>[0;32mOK<1b>[0m
     Running test_confrontation.R.......... 44 tests <1b>[0;32mOK<1b>[0m
     Running test_confrontation.R.......... 44 tests <1b>[0;32mOK<1b>[0m
     Running test_confrontation.R.......... 44 tests <1b>[0;32mOK<1b>[0m
     Running test_confrontation.R.......... 44 tests <1b>[0;32mOK<1b>[0m
     Running test_confrontation.R.......... 44 tests <1b>[0;32mOK<1b>[0m
     Running test_confrontation.R.......... 45 tests <1b>[0;32mOK<1b>[0m
     Running test_confrontation.R.......... 46 tests <1b>[0;32mOK<1b>[0m
     Running test_confrontation.R.......... 47 tests <1b>[0;32mOK<1b>[0m
     Running test_confrontation.R.......... 47 tests <1b>[0;32mOK<1b>[0m
     Running test_confrontation.R.......... 48 tests <1b>[0;32mOK<1b>[0m
     Running test_confrontation.R.......... 49 tests <1b>[0;32mOK<1b>[0m
     Running test_confrontation.R.......... 50 tests <1b>[0;32mOK<1b>[0m
     Running test_confrontation.R.......... 51 tests <1b>[0;32mOK<1b>[0m
     Running test_confrontation.R.......... 52 tests <1b>[0;32mOK<1b>[0m
     Running test_confrontation.R.......... 52 tests <1b>[0;32mOK<1b>[0m
     Running test_confrontation.R.......... 53 tests <1b>[0;32mOK<1b>[0m
     Running test_confrontation.R.......... 54 tests <1b>[0;32mOK<1b>[0m
     Running test_confrontation.R.......... 54 tests <1b>[0;32mOK<1b>[0m
     Running test_confrontation.R.......... 54 tests <1b>[0;32mOK<1b>[0m
     Running test_confrontation.R.......... 55 tests <1b>[0;32mOK<1b>[0m
     Running test_confrontation.R.......... 55 tests <1b>[0;32mOK<1b>[0m
     Running test_confrontation.R.......... 56 tests <1b>[0;32mOK<1b>[0m <1b>[0;34m0.7s<1b>[0m
    
     Running test_genericrules.R........... 1 tests <1b>[0;32mOK<1b>[0m
     Running test_genericrules.R........... 2 tests <1b>[0;32mOK<1b>[0m
     Running test_genericrules.R........... 3 tests <1b>[0;32mOK<1b>[0m
     Running test_genericrules.R........... 4 tests <1b>[0;32mOK<1b>[0m
     Running test_genericrules.R........... 5 tests <1b>[0;32mOK<1b>[0m
     Running test_genericrules.R........... 6 tests <1b>[0;32mOK<1b>[0m
     Running test_genericrules.R........... 7 tests <1b>[0;32mOK<1b>[0m
     Running test_genericrules.R........... 8 tests <1b>[0;32mOK<1b>[0m
     Running test_genericrules.R........... 9 tests <1b>[0;32mOK<1b>[0m
     Running test_genericrules.R........... 10 tests <1b>[0;32mOK<1b>[0m
     Running test_genericrules.R........... 11 tests <1b>[0;32mOK<1b>[0m
     Running test_genericrules.R........... 12 tests <1b>[0;32mOK<1b>[0m
     Running test_genericrules.R........... 13 tests <1b>[0;32mOK<1b>[0m
     Running test_genericrules.R........... 14 tests <1b>[0;32mOK<1b>[0m
     Running test_genericrules.R........... 15 tests <1b>[0;32mOK<1b>[0m
     Running test_genericrules.R........... 16 tests <1b>[0;32mOK<1b>[0m
     Running test_genericrules.R........... 17 tests <1b>[0;32mOK<1b>[0m
     Running test_genericrules.R........... 18 tests <1b>[0;32mOK<1b>[0m
     Running test_genericrules.R........... 19 tests <1b>[0;32mOK<1b>[0m
     Running test_genericrules.R........... 20 tests <1b>[0;32mOK<1b>[0m
     Running test_genericrules.R........... 21 tests <1b>[0;32mOK<1b>[0m
     Running test_genericrules.R........... 22 tests <1b>[0;32mOK<1b>[0m
     Running test_genericrules.R........... 23 tests <1b>[0;32mOK<1b>[0m
     Running test_genericrules.R........... 24 tests <1b>[0;32mOK<1b>[0m
     Running test_genericrules.R........... 25 tests <1b>[0;32mOK<1b>[0m
     Running test_genericrules.R........... 26 tests <1b>[0;32mOK<1b>[0m
     Running test_genericrules.R........... 27 tests <1b>[0;32mOK<1b>[0m
     Running test_genericrules.R........... 27 tests <1b>[0;32mOK<1b>[0m
     Running test_genericrules.R........... 27 tests <1b>[0;32mOK<1b>[0m
     Running test_genericrules.R........... 28 tests <1b>[0;32mOK<1b>[0m
     Running test_genericrules.R........... 28 tests <1b>[0;32mOK<1b>[0m
     Running test_genericrules.R........... 29 tests <1b>[0;32mOK<1b>[0m
     Running test_genericrules.R........... 30 tests <1b>[0;32mOK<1b>[0m
     Running test_genericrules.R........... 31 tests <1b>[0;32mOK<1b>[0m
     Running test_genericrules.R........... 32 tests <1b>[0;32mOK<1b>[0m
     Running test_genericrules.R........... 33 tests <1b>[0;32mOK<1b>[0m
     Running test_genericrules.R........... 34 tests <1b>[0;32mOK<1b>[0m
     Running test_genericrules.R........... 34 tests <1b>[0;32mOK<1b>[0m
     Running test_genericrules.R........... 34 tests <1b>[0;32mOK<1b>[0m
     Running test_genericrules.R........... 35 tests <1b>[0;32mOK<1b>[0m
     Running test_genericrules.R........... 35 tests <1b>[0;32mOK<1b>[0m
     Running test_genericrules.R........... 36 tests <1b>[0;32mOK<1b>[0m
     Running test_genericrules.R........... 36 tests <1b>[0;32mOK<1b>[0m
     Running test_genericrules.R........... 36 tests <1b>[0;32mOK<1b>[0m
     Running test_genericrules.R........... 36 tests <1b>[0;32mOK<1b>[0m
     Running test_genericrules.R........... 36 tests <1b>[0;32mOK<1b>[0m
     Running test_genericrules.R........... 37 tests <1b>[0;32mOK<1b>[0m
     Running test_genericrules.R........... 37 tests <1b>[0;32mOK<1b>[0m
     Running test_genericrules.R........... 38 tests <1b>[0;32mOK<1b>[0m
     Running test_genericrules.R........... 39 tests <1b>[0;32mOK<1b>[0m
     Running test_genericrules.R........... 40 tests <1b>[0;32mOK<1b>[0m
     Running test_genericrules.R........... 40 tests <1b>[0;32mOK<1b>[0m
     Running test_genericrules.R........... 40 tests <1b>[0;32mOK<1b>[0m
     Running test_genericrules.R........... 41 tests <1b>[0;32mOK<1b>[0m
     Running test_genericrules.R........... 41 tests <1b>[0;32mOK<1b>[0m
     Running test_genericrules.R........... 42 tests <1b>[0;32mOK<1b>[0m
     Running test_genericrules.R........... 43 tests <1b>[0;32mOK<1b>[0m
     Running test_genericrules.R........... 44 tests <1b>[0;32mOK<1b>[0m
     Running test_genericrules.R........... 45 tests <1b>[0;32mOK<1b>[0m
     Running test_genericrules.R........... 46 tests <1b>[0;32mOK<1b>[0m
     Running test_genericrules.R........... 47 tests <1b>[0;32mOK<1b>[0m
     Running test_genericrules.R........... 48 tests <1b>[0;32mOK<1b>[0m
     Running test_genericrules.R........... 49 tests <1b>[0;32mOK<1b>[0m
     Running test_genericrules.R........... 50 tests <1b>[0;32mOK<1b>[0m
     Running test_genericrules.R........... 51 tests <1b>[0;32mOK<1b>[0m
     Running test_genericrules.R........... 52 tests <1b>[0;32mOK<1b>[0m
     Running test_genericrules.R........... 53 tests <1b>[0;32mOK<1b>[0m
     Running test_genericrules.R........... 54 tests <1b>[0;32mOK<1b>[0m
     Running test_genericrules.R........... 55 tests <1b>[0;32mOK<1b>[0m
     Running test_genericrules.R........... 56 tests <1b>[0;32mOK<1b>[0m
     Running test_genericrules.R........... 57 tests <1b>[0;32mOK<1b>[0m
     Running test_genericrules.R........... 58 tests <1b>[0;32mOK<1b>[0m
     Running test_genericrules.R........... 59 tests <1b>[0;32mOK<1b>[0m
     Running test_genericrules.R........... 60 tests <1b>[0;32mOK<1b>[0m
     Running test_genericrules.R........... 61 tests <1b>[0;32mOK<1b>[0m
     Running test_genericrules.R........... 62 tests <1b>[0;32mOK<1b>[0m
     Running test_genericrules.R........... 63 tests <1b>[0;32mOK<1b>[0m
     Running test_genericrules.R........... 64 tests <1b>[0;32mOK<1b>[0m
     Running test_genericrules.R........... 64 tests <1b>[0;32mOK<1b>[0m
     Running test_genericrules.R........... 64 tests <1b>[0;32mOK<1b>[0m
     Running test_genericrules.R........... 65 tests <1b>[0;32mOK<1b>[0m
     Running test_genericrules.R........... 65 tests <1b>[0;32mOK<1b>[0m
     Running test_genericrules.R........... 65 tests <1b>[0;32mOK<1b>[0m
     Running test_genericrules.R........... 65 tests <1b>[0;32mOK<1b>[0m
     Running test_genericrules.R........... 66 tests <1b>[0;32mOK<1b>[0m
     Running test_genericrules.R........... 67 tests <1b>[0;32mOK<1b>[0m
     Running test_genericrules.R........... 67 tests <1b>[0;32mOK<1b>[0m
     Running test_genericrules.R........... 67 tests <1b>[0;32mOK<1b>[0m
     Running test_genericrules.R........... 68 tests <1b>[0;32mOK<1b>[0m
     Running test_genericrules.R........... 69 tests <1b>[0;32mOK<1b>[0m
     Running test_genericrules.R........... 69 tests <1b>[0;32mOK<1b>[0m
     Running test_genericrules.R........... 70 tests <1b>[0;32mOK<1b>[0m
     Running test_genericrules.R........... 71 tests <1b>[0;32mOK<1b>[0m
     Running test_genericrules.R........... 71 tests <1b>[0;32mOK<1b>[0m
     Running test_genericrules.R........... 72 tests <1b>[0;32mOK<1b>[0m
     Running test_genericrules.R........... 72 tests <1b>[0;32mOK<1b>[0m
     Running test_genericrules.R........... 72 tests <1b>[0;32mOK<1b>[0m
     Running test_genericrules.R........... 73 tests <1b>[0;32mOK<1b>[0m
     Running test_genericrules.R........... 73 tests <1b>[0;32mOK<1b>[0m
     Running test_genericrules.R........... 74 tests <1b>[0;31m1 fails<1b>[0m
     Running test_genericrules.R........... 74 tests <1b>[0;31m1 fails<1b>[0m
     Running test_genericrules.R........... 75 tests <1b>[0;31m2 fails<1b>[0m
     Running test_genericrules.R........... 75 tests <1b>[0;31m2 fails<1b>[0m
     Running test_genericrules.R........... 75 tests <1b>[0;31m2 fails<1b>[0m
     Running test_genericrules.R........... 75 tests <1b>[0;31m2 fails<1b>[0m
     Running test_genericrules.R........... 75 tests <1b>[0;31m2 fails<1b>[0m
     Running test_genericrules.R........... 75 tests <1b>[0;31m2 fails<1b>[0m
     Running test_genericrules.R........... 76 tests <1b>[0;31m2 fails<1b>[0m
     Running test_genericrules.R........... 76 tests <1b>[0;31m2 fails<1b>[0m
     Running test_genericrules.R........... 76 tests <1b>[0;31m2 fails<1b>[0m
     Running test_genericrules.R........... 76 tests <1b>[0;31m2 fails<1b>[0m
     Running test_genericrules.R........... 77 tests <1b>[0;31m2 fails<1b>[0m
     Running test_genericrules.R........... 78 tests <1b>[0;31m2 fails<1b>[0m
     Running test_genericrules.R........... 79 tests <1b>[0;31m2 fails<1b>[0m
     Running test_genericrules.R........... 79 tests <1b>[0;31m2 fails<1b>[0m
     Running test_genericrules.R........... 79 tests <1b>[0;31m2 fails<1b>[0m
     Running test_genericrules.R........... 80 tests <1b>[0;31m2 fails<1b>[0m
     Running test_genericrules.R........... 80 tests <1b>[0;31m2 fails<1b>[0m
     Running test_genericrules.R........... 81 tests <1b>[0;31m2 fails<1b>[0m
     Running test_genericrules.R........... 82 tests <1b>[0;31m2 fails<1b>[0m <1b>[0;34m0.3s<1b>[0m
    
     Running test_gh_issue_091.R........... 0 tests
     Running test_gh_issue_091.R........... 0 tests
     Running test_gh_issue_091.R........... 0 tests
     Running test_gh_issue_091.R........... 1 tests <1b>[0;32mOK<1b>[0m
     Running test_gh_issue_091.R........... 2 tests <1b>[0;32mOK<1b>[0m <1b>[0;34m0.1s<1b>[0m
    
     Running test_gh_issue_092.R........... 0 tests
     Running test_gh_issue_092.R........... 1 tests <1b>[0;32mOK<1b>[0m
     Running test_gh_issue_092.R........... 2 tests <1b>[0;32mOK<1b>[0m <1b>[0;36m16ms<1b>[0m
    
     Running test_gh_issue_098.R........... 0 tests
     Running test_gh_issue_098.R........... 0 tests
     Running test_gh_issue_098.R........... 1 tests <1b>[0;32mOK<1b>[0m
     Running test_gh_issue_098.R........... 2 tests <1b>[0;32mOK<1b>[0m <1b>[0;36m16ms<1b>[0m
    
     Running test_gh_issue_109.R........... 0 tests
     Running test_gh_issue_109.R........... 0 tests
     Running test_gh_issue_109.R........... 1 tests <1b>[0;32mOK<1b>[0m <1b>[0;36m0ms<1b>[0m
    
     Running test_gh_issue_112.R........... 1 tests <1b>[0;32mOK<1b>[0m <1b>[0;36m16ms<1b>[0m
    
     Running test_gh_issue_116.R........... 0 tests
     Running test_gh_issue_116.R........... 0 tests
     Running test_gh_issue_116.R........... 0 tests
     Running test_gh_issue_116.R........... 0 tests
     Running test_gh_issue_116.R........... 1 tests <1b>[0;32mOK<1b>[0m <1b>[0;36m16ms<1b>[0m
    
     Running test_gh_issue_128.R........... 1 tests <1b>[0;32mOK<1b>[0m
     Running test_gh_issue_128.R........... 1 tests <1b>[0;32mOK<1b>[0m
     Running test_gh_issue_128.R........... 1 tests <1b>[0;32mOK<1b>[0m
     Running test_gh_issue_128.R........... 1 tests <1b>[0;32mOK<1b>[0m
     Running test_gh_issue_128.R........... 2 tests <1b>[0;32mOK<1b>[0m
     Running test_gh_issue_128.R........... 3 tests <1b>[0;32mOK<1b>[0m <1b>[0;36m16ms<1b>[0m
    
     Running test_indicator.R.............. 0 tests
     Running test_indicator.R.............. 0 tests
     Running test_indicator.R.............. 1 tests <1b>[0;32mOK<1b>[0m
     Running test_indicator.R.............. 1 tests <1b>[0;32mOK<1b>[0m
     Running test_indicator.R.............. 1 tests <1b>[0;32mOK<1b>[0m
     Running test_indicator.R.............. 2 tests <1b>[0;32mOK<1b>[0m
     Running test_indicator.R.............. 3 tests <1b>[0;32mOK<1b>[0m
     Running test_indicator.R.............. 3 tests <1b>[0;32mOK<1b>[0m
     Running test_indicator.R.............. 4 tests <1b>[0;32mOK<1b>[0m
     Running test_indicator.R.............. 4 tests <1b>[0;32mOK<1b>[0m
     Running test_indicator.R.............. 4 tests <1b>[0;32mOK<1b>[0m
     Running test_indicator.R.............. 5 tests <1b>[0;32mOK<1b>[0m
     Running test_indicator.R.............. 6 tests <1b>[0;32mOK<1b>[0m
     Running test_indicator.R.............. 6 tests <1b>[0;32mOK<1b>[0m
     Running test_indicator.R.............. 6 tests <1b>[0;32mOK<1b>[0m
     Running test_indicator.R.............. 7 tests <1b>[0;32mOK<1b>[0m <1b>[0;36m62ms<1b>[0m
    
     Running test_linear_coefficients.R.... 0 tests
     Running test_linear_coefficients.R.... 1 tests <1b>[0;32mOK<1b>[0m
     Running test_linear_coefficients.R.... 2 tests <1b>[0;32mOK<1b>[0m
     Running test_linear_coefficients.R.... 2 tests <1b>[0;32mOK<1b>[0m
     Running test_linear_coefficients.R.... 3 tests <1b>[0;32mOK<1b>[0m
     Running test_linear_coefficients.R.... 4 tests <1b>[0;32mOK<1b>[0m
     Running test_linear_coefficients.R.... 4 tests <1b>[0;32mOK<1b>[0m
     Running test_linear_coefficients.R.... 5 tests <1b>[0;32mOK<1b>[0m
     Running test_linear_coefficients.R.... 6 tests <1b>[0;32mOK<1b>[0m
     Running test_linear_coefficients.R.... 6 tests <1b>[0;32mOK<1b>[0m
     Running test_linear_coefficients.R.... 7 tests <1b>[0;32mOK<1b>[0m
     Running test_linear_coefficients.R.... 8 tests <1b>[0;32mOK<1b>[0m
     Running test_linear_coefficients.R.... 8 tests <1b>[0;32mOK<1b>[0m
     Running test_linear_coefficients.R.... 9 tests <1b>[0;32mOK<1b>[0m
     Running test_linear_coefficients.R.... 10 tests <1b>[0;32mOK<1b>[0m
     Running test_linear_coefficients.R.... 15 tests <1b>[0;32mOK<1b>[0m
     Running test_linear_coefficients.R.... 16 tests <1b>[0;32mOK<1b>[0m
     Running test_linear_coefficients.R.... 17 tests <1b>[0;32mOK<1b>[0m
     Running test_linear_coefficients.R.... 17 tests <1b>[0;32mOK<1b>[0m
     Running test_linear_coefficients.R.... 18 tests <1b>[0;32mOK<1b>[0m
     Running test_linear_coefficients.R.... 19 tests <1b>[0;32mOK<1b>[0m <1b>[0;36m78ms<1b>[0m
    
     Running test_lumberjack.R............. 0 tests
     Running test_lumberjack.R............. 0 tests
     Running test_lumberjack.R............. 0 tests
     Running test_lumberjack.R............. 0 tests
     Running test_lumberjack.R............. 0 tests
     Running test_lumberjack.R............. 0 tests
     Running test_lumberjack.R............. 0 tests
     Running test_lumberjack.R............. 1 tests <1b>[0;32mOK<1b>[0m
     Running test_lumberjack.R............. 1 tests <1b>[0;32mOK<1b>[0m
     Running test_lumberjack.R............. 2 tests <1b>[0;32mOK<1b>[0m
     Running test_lumberjack.R............. 3 tests <1b>[0;32mOK<1b>[0m
     Running test_lumberjack.R............. 4 tests <1b>[0;32mOK<1b>[0m
     Running test_lumberjack.R............. 4 tests <1b>[0;32mOK<1b>[0m
     Running test_lumberjack.R............. 4 tests <1b>[0;32mOK<1b>[0m
     Running test_lumberjack.R............. 4 tests <1b>[0;32mOK<1b>[0m
     Running test_lumberjack.R............. 4 tests <1b>[0;32mOK<1b>[0m
     Running test_lumberjack.R............. 4 tests <1b>[0;32mOK<1b>[0m
     Running test_lumberjack.R............. 4 tests <1b>[0;32mOK<1b>[0m
     Running test_lumberjack.R............. 4 tests <1b>[0;32mOK<1b>[0m
     Running test_lumberjack.R............. 5 tests <1b>[0;32mOK<1b>[0m
     Running test_lumberjack.R............. 5 tests <1b>[0;32mOK<1b>[0m
     Running test_lumberjack.R............. 6 tests <1b>[0;32mOK<1b>[0m
     Running test_lumberjack.R............. 7 tests <1b>[0;32mOK<1b>[0m
     Running test_lumberjack.R............. 8 tests <1b>[0;32mOK<1b>[0m <1b>[0;36m94ms<1b>[0m
    
     Running test_methods.R................ 0 tests
     Running test_methods.R................ 1 tests <1b>[0;32mOK<1b>[0m
     Running test_methods.R................ 2 tests <1b>[0;32mOK<1b>[0m
     Running test_methods.R................ 3 tests <1b>[0;32mOK<1b>[0m
     Running test_methods.R................ 4 tests <1b>[0;32mOK<1b>[0m
     Running test_methods.R................ 5 tests <1b>[0;32mOK<1b>[0m
     Running test_methods.R................ 6 tests <1b>[0;32mOK<1b>[0m
     Running test_methods.R................ 7 tests <1b>[0;32mOK<1b>[0m
     Running test_methods.R................ 8 tests <1b>[0;32mOK<1b>[0m
     Running test_methods.R................ 9 tests <1b>[0;32mOK<1b>[0m
     Running test_methods.R................ 9 tests <1b>[0;32mOK<1b>[0m
     Running test_methods.R................ 10 tests <1b>[0;32mOK<1b>[0m
     Running test_methods.R................ 11 tests <1b>[0;32mOK<1b>[0m
     Running test_methods.R................ 12 tests <1b>[0;32mOK<1b>[0m
     Running test_methods.R................ 13 tests <1b>[0;32mOK<1b>[0m
     Running test_methods.R................ 14 tests <1b>[0;32mOK<1b>[0m
     Running test_methods.R................ 15 tests <1b>[0;32mOK<1b>[0m
     Running test_methods.R................ 16 tests <1b>[0;32mOK<1b>[0m
     Running test_methods.R................ 17 tests <1b>[0;32mOK<1b>[0m
     Running test_methods.R................ 17 tests <1b>[0;32mOK<1b>[0m
     Running test_methods.R................ 18 tests <1b>[0;32mOK<1b>[0m
     Running test_methods.R................ 19 tests <1b>[0;32mOK<1b>[0m
     Running test_methods.R................ 19 tests <1b>[0;32mOK<1b>[0m
     Running test_methods.R................ 20 tests <1b>[0;32mOK<1b>[0m
     Running test_methods.R................ 20 tests <1b>[0;32mOK<1b>[0m
     Running test_methods.R................ 21 tests <1b>[0;32mOK<1b>[0m
     Running test_methods.R................ 21 tests <1b>[0;32mOK<1b>[0m
     Running test_methods.R................ 21 tests <1b>[0;32mOK<1b>[0m
     Running test_methods.R................ 22 tests <1b>[0;32mOK<1b>[0m
     Running test_methods.R................ 22 tests <1b>[0;32mOK<1b>[0m
     Running test_methods.R................ 23 tests <1b>[0;32mOK<1b>[0m
     Running test_methods.R................ 23 tests <1b>[0;32mOK<1b>[0m
     Running test_methods.R................ 24 tests <1b>[0;32mOK<1b>[0m
     Running test_methods.R................ 24 tests <1b>[0;32mOK<1b>[0m
     Running test_methods.R................ 25 tests <1b>[0;32mOK<1b>[0m
     Running test_methods.R................ 26 tests <1b>[0;32mOK<1b>[0m
     Running test_methods.R................ 26 tests <1b>[0;32mOK<1b>[0m
     Running test_methods.R................ 27 tests <1b>[0;32mOK<1b>[0m
     Running test_methods.R................ 28 tests <1b>[0;32mOK<1b>[0m
     Running test_methods.R................ 29 tests <1b>[0;32mOK<1b>[0m
     Running test_methods.R................ 30 tests <1b>[0;32mOK<1b>[0m
     Running test_methods.R................ 30 tests <1b>[0;32mOK<1b>[0m
     Running test_methods.R................ 31 tests <1b>[0;32mOK<1b>[0m
     Running test_methods.R................ 31 tests <1b>[0;32mOK<1b>[0m
     Running test_methods.R................ 32 tests <1b>[0;32mOK<1b>[0m
     Running test_methods.R................ 32 tests <1b>[0;32mOK<1b>[0m
     Running test_methods.R................ 32 tests <1b>[0;32mOK<1b>[0m
     Running test_methods.R................ 32 tests <1b>[0;32mOK<1b>[0m
     Running test_methods.R................ 33 tests <1b>[0;32mOK<1b>[0m
     Running test_methods.R................ 33 tests <1b>[0;32mOK<1b>[0m
     Running test_methods.R................ 34 tests <1b>[0;32mOK<1b>[0m <1b>[0;34m0.3s<1b>[0m
    
     Running test_options.R................ 0 tests
     Running test_options.R................ 0 tests
     Running test_options.R................ 1 tests <1b>[0;32mOK<1b>[0m
     Running test_options.R................ 1 tests <1b>[0;32mOK<1b>[0m
     Running test_options.R................ 2 tests <1b>[0;32mOK<1b>[0m
     Running test_options.R................ 2 tests <1b>[0;32mOK<1b>[0m
     Running test_options.R................ 2 tests <1b>[0;32mOK<1b>[0m
     Running test_options.R................ 2 tests <1b>[0;32mOK<1b>[0m
     Running test_options.R................ 3 tests <1b>[0;32mOK<1b>[0m
     Running test_options.R................ 4 tests <1b>[0;32mOK<1b>[0m
     Running test_options.R................ 5 tests <1b>[0;32mOK<1b>[0m
     Running test_options.R................ 5 tests <1b>[0;32mOK<1b>[0m
     Running test_options.R................ 6 tests <1b>[0;32mOK<1b>[0m
     Running test_options.R................ 7 tests <1b>[0;32mOK<1b>[0m
     Running test_options.R................ 8 tests <1b>[0;32mOK<1b>[0m <1b>[0;36m31ms<1b>[0m
    
     Running test_parse.R.................. 1 tests <1b>[0;32mOK<1b>[0m
     Running test_parse.R.................. 2 tests <1b>[0;32mOK<1b>[0m
     Running test_parse.R.................. 3 tests <1b>[0;32mOK<1b>[0m
     Running test_parse.R.................. 4 tests <1b>[0;32mOK<1b>[0m
     Running test_parse.R.................. 5 tests <1b>[0;32mOK<1b>[0m
     Running test_parse.R.................. 6 tests <1b>[0;32mOK<1b>[0m
     Running test_parse.R.................. 7 tests <1b>[0;32mOK<1b>[0m
     Running test_parse.R.................. 8 tests <1b>[0;32mOK<1b>[0m
     Running test_parse.R.................. 9 tests <1b>[0;32mOK<1b>[0m
     Running test_parse.R.................. 10 tests <1b>[0;32mOK<1b>[0m
     Running test_parse.R.................. 11 tests <1b>[0;32mOK<1b>[0m
     Running test_parse.R.................. 12 tests <1b>[0;32mOK<1b>[0m
     Running test_parse.R.................. 13 tests <1b>[0;32mOK<1b>[0m
     Running test_parse.R.................. 13 tests <1b>[0;32mOK<1b>[0m
     Running test_parse.R.................. 13 tests <1b>[0;32mOK<1b>[0m
     Running test_parse.R.................. 14 tests <1b>[0;32mOK<1b>[0m
     Running test_parse.R.................. 15 tests <1b>[0;32mOK<1b>[0m
     Running test_parse.R.................. 16 tests <1b>[0;32mOK<1b>[0m
     Running test_parse.R.................. 17 tests <1b>[0;32mOK<1b>[0m
     Running test_parse.R.................. 18 tests <1b>[0;32mOK<1b>[0m
     Running test_parse.R.................. 19 tests <1b>[0;32mOK<1b>[0m
     Running test_parse.R.................. 20 tests <1b>[0;32mOK<1b>[0m
     Running test_parse.R.................. 21 tests <1b>[0;32mOK<1b>[0m
     Running test_parse.R.................. 22 tests <1b>[0;32mOK<1b>[0m
     Running test_parse.R.................. 22 tests <1b>[0;32mOK<1b>[0m
     Running test_parse.R.................. 23 tests <1b>[0;32mOK<1b>[0m
     Running test_parse.R.................. 24 tests <1b>[0;32mOK<1b>[0m
     Running test_parse.R.................. 24 tests <1b>[0;32mOK<1b>[0m
     Running test_parse.R.................. 25 tests <1b>[0;32mOK<1b>[0m
     Running test_parse.R.................. 26 tests <1b>[0;32mOK<1b>[0m
     Running test_parse.R.................. 26 tests <1b>[0;32mOK<1b>[0m
     Running test_parse.R.................. 27 tests <1b>[0;32mOK<1b>[0m
     Running test_parse.R.................. 28 tests <1b>[0;32mOK<1b>[0m
     Running test_parse.R.................. 28 tests <1b>[0;32mOK<1b>[0m
     Running test_parse.R.................. 29 tests <1b>[0;32mOK<1b>[0m
     Running test_parse.R.................. 30 tests <1b>[0;32mOK<1b>[0m
     Running test_parse.R.................. 31 tests <1b>[0;32mOK<1b>[0m
     Running test_parse.R.................. 31 tests <1b>[0;32mOK<1b>[0m
     Running test_parse.R.................. 32 tests <1b>[0;32mOK<1b>[0m
     Running test_parse.R.................. 33 tests <1b>[0;32mOK<1b>[0m
     Running test_parse.R.................. 34 tests <1b>[0;32mOK<1b>[0m
     Running test_parse.R.................. 35 tests <1b>[0;32mOK<1b>[0m
     Running test_parse.R.................. 36 tests <1b>[0;32mOK<1b>[0m
     Running test_parse.R.................. 37 tests <1b>[0;32mOK<1b>[0m
     Running test_parse.R.................. 38 tests <1b>[0;32mOK<1b>[0m
     Running test_parse.R.................. 39 tests <1b>[0;32mOK<1b>[0m
     Running test_parse.R.................. 40 tests <1b>[0;32mOK<1b>[0m
     Running test_parse.R.................. 41 tests <1b>[0;32mOK<1b>[0m
     Running test_parse.R.................. 42 tests <1b>[0;32mOK<1b>[0m
     Running test_parse.R.................. 43 tests <1b>[0;32mOK<1b>[0m
     Running test_parse.R.................. 44 tests <1b>[0;32mOK<1b>[0m
     Running test_parse.R.................. 45 tests <1b>[0;32mOK<1b>[0m
     Running test_parse.R.................. 46 tests <1b>[0;32mOK<1b>[0m
     Running test_parse.R.................. 47 tests <1b>[0;32mOK<1b>[0m
     Running test_parse.R.................. 48 tests <1b>[0;32mOK<1b>[0m
     Running test_parse.R.................. 48 tests <1b>[0;32mOK<1b>[0m
     Running test_parse.R.................. 48 tests <1b>[0;32mOK<1b>[0m
     Running test_parse.R.................. 49 tests <1b>[0;32mOK<1b>[0m
     Running test_parse.R.................. 49 tests <1b>[0;32mOK<1b>[0m
     Running test_parse.R.................. 49 tests <1b>[0;32mOK<1b>[0m
     Running test_parse.R.................. 50 tests <1b>[0;32mOK<1b>[0m
     Running test_parse.R.................. 50 tests <1b>[0;32mOK<1b>[0m
     Running test_parse.R.................. 50 tests <1b>[0;32mOK<1b>[0m
     Running test_parse.R.................. 51 tests <1b>[0;32mOK<1b>[0m
     Running test_parse.R.................. 51 tests <1b>[0;32mOK<1b>[0m
     Running test_parse.R.................. 51 tests <1b>[0;32mOK<1b>[0m
     Running test_parse.R.................. 52 tests <1b>[0;32mOK<1b>[0m
     Running test_parse.R.................. 52 tests <1b>[0;32mOK<1b>[0m
     Running test_parse.R.................. 52 tests <1b>[0;32mOK<1b>[0m
     Running test_parse.R.................. 53 tests <1b>[0;32mOK<1b>[0m
     Running test_parse.R.................. 53 tests <1b>[0;32mOK<1b>[0m
     Running test_parse.R.................. 53 tests <1b>[0;32mOK<1b>[0m
     Running test_parse.R.................. 54 tests <1b>[0;32mOK<1b>[0m
     Running test_parse.R.................. 54 tests <1b>[0;32mOK<1b>[0m
     Running test_parse.R.................. 54 tests <1b>[0;32mOK<1b>[0m
     Running test_parse.R.................. 54 tests <1b>[0;32mOK<1b>[0m
     Running test_parse.R.................. 55 tests <1b>[0;32mOK<1b>[0m
     Running test_parse.R.................. 55 tests <1b>[0;32mOK<1b>[0m
     Running test_parse.R.................. 56 tests <1b>[0;32mOK<1b>[0m
     Running test_parse.R.................. 56 tests <1b>[0;32mOK<1b>[0m
     Running test_parse.R.................. 57 tests <1b>[0;32mOK<1b>[0m
     Running test_parse.R.................. 57 tests <1b>[0;32mOK<1b>[0m
     Running test_parse.R.................. 58 tests <1b>[0;32mOK<1b>[0m
     Running test_parse.R.................. 58 tests <1b>[0;32mOK<1b>[0m
     Running test_parse.R.................. 59 tests <1b>[0;32mOK<1b>[0m <1b>[0;34m0.2s<1b>[0m
    
     Running test_poc.R.................... 0 tests
     Running test_poc.R.................... 0 tests
     Running test_poc.R.................... 1 tests <1b>[0;32mOK<1b>[0m
     Running test_poc.R.................... 1 tests <1b>[0;32mOK<1b>[0m
     Running test_poc.R.................... 1 tests <1b>[0;32mOK<1b>[0m
     Running test_poc.R.................... 2 tests <1b>[0;32mOK<1b>[0m
     Running test_poc.R.................... 2 tests <1b>[0;32mOK<1b>[0m
     Running test_poc.R.................... 2 tests <1b>[0;32mOK<1b>[0m
     Running test_poc.R.................... 3 tests <1b>[0;32mOK<1b>[0m
     Running test_poc.R.................... 3 tests <1b>[0;32mOK<1b>[0m
     Running test_poc.R.................... 4 tests <1b>[0;32mOK<1b>[0m
     Running test_poc.R.................... 4 tests <1b>[0;32mOK<1b>[0m
     Running test_poc.R.................... 5 tests <1b>[0;32mOK<1b>[0m
     Running test_poc.R.................... 5 tests <1b>[0;32mOK<1b>[0m
     Running test_poc.R.................... 5 tests <1b>[0;32mOK<1b>[0m
     Running test_poc.R.................... 6 tests <1b>[0;32mOK<1b>[0m
     Running test_poc.R.................... 6 tests <1b>[0;32mOK<1b>[0m
     Running test_poc.R.................... 6 tests <1b>[0;32mOK<1b>[0m
     Running test_poc.R.................... 7 tests <1b>[0;32mOK<1b>[0m
     Running test_poc.R.................... 7 tests <1b>[0;32mOK<1b>[0m
     Running test_poc.R.................... 7 tests <1b>[0;32mOK<1b>[0m
     Running test_poc.R.................... 8 tests <1b>[0;32mOK<1b>[0m
     Running test_poc.R.................... 8 tests <1b>[0;32mOK<1b>[0m
     Running test_poc.R.................... 8 tests <1b>[0;32mOK<1b>[0m
     Running test_poc.R.................... 9 tests <1b>[0;32mOK<1b>[0m
     Running test_poc.R.................... 9 tests <1b>[0;32mOK<1b>[0m
     Running test_poc.R.................... 9 tests <1b>[0;32mOK<1b>[0m
     Running test_poc.R.................... 9 tests <1b>[0;32mOK<1b>[0m
     Running test_poc.R.................... 10 tests <1b>[0;32mOK<1b>[0m
     Running test_poc.R.................... 10 tests <1b>[0;32mOK<1b>[0m
     Running test_poc.R.................... 10 tests <1b>[0;32mOK<1b>[0m
     Running test_poc.R.................... 11 tests <1b>[0;32mOK<1b>[0m
     Running test_poc.R.................... 11 tests <1b>[0;32mOK<1b>[0m
     Running test_poc.R.................... 12 tests <1b>[0;32mOK<1b>[0m
     Running test_poc.R.................... 12 tests <1b>[0;32mOK<1b>[0m
     Running test_poc.R.................... 13 tests <1b>[0;32mOK<1b>[0m
     Running test_poc.R.................... 13 tests <1b>[0;32mOK<1b>[0m
     Running test_poc.R.................... 13 tests <1b>[0;32mOK<1b>[0m
     Running test_poc.R.................... 14 tests <1b>[0;32mOK<1b>[0m
     Running test_poc.R.................... 14 tests <1b>[0;32mOK<1b>[0m
     Running test_poc.R.................... 15 tests <1b>[0;32mOK<1b>[0m
     Running test_poc.R.................... 15 tests <1b>[0;32mOK<1b>[0m
     Running test_poc.R.................... 16 tests <1b>[0;32mOK<1b>[0m
     Running test_poc.R.................... 16 tests <1b>[0;32mOK<1b>[0m
     Running test_poc.R.................... 16 tests <1b>[0;32mOK<1b>[0m
     Running test_poc.R.................... 17 tests <1b>[0;32mOK<1b>[0m
     Running test_poc.R.................... 17 tests <1b>[0;32mOK<1b>[0m
     Running test_poc.R.................... 18 tests <1b>[0;32mOK<1b>[0m
     Running test_poc.R.................... 18 tests <1b>[0;32mOK<1b>[0m
     Running test_poc.R.................... 19 tests <1b>[0;32mOK<1b>[0m
     Running test_poc.R.................... 19 tests <1b>[0;32mOK<1b>[0m
     Running test_poc.R.................... 20 tests <1b>[0;32mOK<1b>[0m
     Running test_poc.R.................... 20 tests <1b>[0;32mOK<1b>[0m
     Running test_poc.R.................... 21 tests <1b>[0;32mOK<1b>[0m
     Running test_poc.R.................... 21 tests <1b>[0;32mOK<1b>[0m
     Running test_poc.R.................... 21 tests <1b>[0;32mOK<1b>[0m
     Running test_poc.R.................... 22 tests <1b>[0;32mOK<1b>[0m
     Running test_poc.R.................... 22 tests <1b>[0;32mOK<1b>[0m
     Running test_poc.R.................... 23 tests <1b>[0;32mOK<1b>[0m
     Running test_poc.R.................... 23 tests <1b>[0;32mOK<1b>[0m
     Running test_poc.R.................... 24 tests <1b>[0;32mOK<1b>[0m
     Running test_poc.R.................... 24 tests <1b>[0;32mOK<1b>[0m
     Running test_poc.R.................... 24 tests <1b>[0;32mOK<1b>[0m
     Running test_poc.R.................... 25 tests <1b>[0;32mOK<1b>[0m
     Running test_poc.R.................... 25 tests <1b>[0;32mOK<1b>[0m
     Running test_poc.R.................... 26 tests <1b>[0;32mOK<1b>[0m
     Running test_poc.R.................... 26 tests <1b>[0;32mOK<1b>[0m
     Running test_poc.R.................... 26 tests <1b>[0;32mOK<1b>[0m
     Running test_poc.R.................... 27 tests <1b>[0;32mOK<1b>[0m
     Running test_poc.R.................... 27 tests <1b>[0;32mOK<1b>[0m
     Running test_poc.R.................... 28 tests <1b>[0;32mOK<1b>[0m
     Running test_poc.R.................... 28 tests <1b>[0;32mOK<1b>[0m
     Running test_poc.R.................... 28 tests <1b>[0;32mOK<1b>[0m
     Running test_poc.R.................... 29 tests <1b>[0;32mOK<1b>[0m
     Running test_poc.R.................... 29 tests <1b>[0;32mOK<1b>[0m
     Running test_poc.R.................... 29 tests <1b>[0;32mOK<1b>[0m
     Running test_poc.R.................... 30 tests <1b>[0;32mOK<1b>[0m
     Running test_poc.R.................... 30 tests <1b>[0;32mOK<1b>[0m
     Running test_poc.R.................... 31 tests <1b>[0;32mOK<1b>[0m
     Running test_poc.R.................... 31 tests <1b>[0;32mOK<1b>[0m
     Running test_poc.R.................... 31 tests <1b>[0;32mOK<1b>[0m
     Running test_poc.R.................... 31 tests <1b>[0;32mOK<1b>[0m
     Running test_poc.R.................... 32 tests <1b>[0;32mOK<1b>[0m
     Running test_poc.R.................... 32 tests <1b>[0;32mOK<1b>[0m
     Running test_poc.R.................... 32 tests <1b>[0;32mOK<1b>[0m
     Running test_poc.R.................... 32 tests <1b>[0;32mOK<1b>[0m
     Running test_poc.R.................... 33 tests <1b>[0;32mOK<1b>[0m
     Running test_poc.R.................... 33 tests <1b>[0;32mOK<1b>[0m
     Running test_poc.R.................... 34 tests <1b>[0;32mOK<1b>[0m <1b>[0;34m0.4s<1b>[0m
    
     Running test_run_validation.R......... 1 tests <1b>[0;32mOK<1b>[0m
     Running test_run_validation.R......... 2 tests <1b>[0;32mOK<1b>[0m
     Running test_run_validation.R......... 3 tests <1b>[0;32mOK<1b>[0m
     Running test_run_validation.R......... 4 tests <1b>[0;32mOK<1b>[0m
     Running test_run_validation.R......... 4 tests <1b>[0;32mOK<1b>[0m
     Running test_run_validation.R......... 4 tests <1b>[0;32mOK<1b>[0m
     Running test_run_validation.R......... 5 tests <1b>[0;32mOK<1b>[0m <1b>[0;36m47ms<1b>[0m
    
     Running test_syntax.R................. 1 tests <1b>[0;32mOK<1b>[0m
     Running test_syntax.R................. 2 tests <1b>[0;32mOK<1b>[0m
     Running test_syntax.R................. 3 tests <1b>[0;32mOK<1b>[0m
     Running test_syntax.R................. 3 tests <1b>[0;32mOK<1b>[0m
     Running test_syntax.R................. 4 tests <1b>[0;32mOK<1b>[0m
     Running test_syntax.R................. 5 tests <1b>[0;32mOK<1b>[0m
     Running test_syntax.R................. 5 tests <1b>[0;32mOK<1b>[0m
     Running test_syntax.R................. 6 tests <1b>[0;32mOK<1b>[0m
     Running test_syntax.R................. 6 tests <1b>[0;32mOK<1b>[0m
     Running test_syntax.R................. 7 tests <1b>[0;32mOK<1b>[0m
     Running test_syntax.R................. 8 tests <1b>[0;32mOK<1b>[0m
     Running test_syntax.R................. 8 tests <1b>[0;32mOK<1b>[0m
     Running test_syntax.R................. 8 tests <1b>[0;32mOK<1b>[0m
     Running test_syntax.R................. 8 tests <1b>[0;32mOK<1b>[0m
     Running test_syntax.R................. 8 tests <1b>[0;32mOK<1b>[0m
     Running test_syntax.R................. 9 tests <1b>[0;32mOK<1b>[0m
     Running test_syntax.R................. 9 tests <1b>[0;32mOK<1b>[0m
     Running test_syntax.R................. 10 tests <1b>[0;32mOK<1b>[0m
     Running test_syntax.R................. 10 tests <1b>[0;32mOK<1b>[0m
     Running test_syntax.R................. 11 tests <1b>[0;32mOK<1b>[0m
     Running test_syntax.R................. 11 tests <1b>[0;32mOK<1b>[0m
     Running test_syntax.R................. 12 tests <1b>[0;32mOK<1b>[0m
     Running test_syntax.R................. 13 tests <1b>[0;32mOK<1b>[0m
     Running test_syntax.R................. 14 tests <1b>[0;32mOK<1b>[0m
     Running test_syntax.R................. 15 tests <1b>[0;32mOK<1b>[0m
     Running test_syntax.R................. 16 tests <1b>[0;32mOK<1b>[0m
     Running test_syntax.R................. 17 tests <1b>[0;32mOK<1b>[0m
     Running test_syntax.R................. 18 tests <1b>[0;32mOK<1b>[0m
     Running test_syntax.R................. 18 tests <1b>[0;32mOK<1b>[0m
     Running test_syntax.R................. 18 tests <1b>[0;32mOK<1b>[0m
     Running test_syntax.R................. 19 tests <1b>[0;32mOK<1b>[0m
     Running test_syntax.R................. 20 tests <1b>[0;32mOK<1b>[0m
     Running test_syntax.R................. 21 tests <1b>[0;32mOK<1b>[0m
     Running test_syntax.R................. 21 tests <1b>[0;32mOK<1b>[0m
     Running test_syntax.R................. 21 tests <1b>[0;32mOK<1b>[0m
     Running test_syntax.R................. 22 tests <1b>[0;32mOK<1b>[0m
     Running test_syntax.R................. 22 tests <1b>[0;32mOK<1b>[0m
     Running test_syntax.R................. 22 tests <1b>[0;32mOK<1b>[0m
     Running test_syntax.R................. 23 tests <1b>[0;32mOK<1b>[0m
     Running test_syntax.R................. 23 tests <1b>[0;32mOK<1b>[0m
     Running test_syntax.R................. 24 tests <1b>[0;32mOK<1b>[0m
     Running test_syntax.R................. 24 tests <1b>[0;32mOK<1b>[0m
     Running test_syntax.R................. 25 tests <1b>[0;32mOK<1b>[0m <1b>[0;36m78ms<1b>[0m
    
     Running test_utils.R.................. 1 tests <1b>[0;32mOK<1b>[0m
     Running test_utils.R.................. 1 tests <1b>[0;32mOK<1b>[0m
     Running test_utils.R.................. 2 tests <1b>[0;32mOK<1b>[0m
     Running test_utils.R.................. 2 tests <1b>[0;32mOK<1b>[0m
     Running test_utils.R.................. 2 tests <1b>[0;32mOK<1b>[0m
     Running test_utils.R.................. 3 tests <1b>[0;32mOK<1b>[0m
     Running test_utils.R.................. 4 tests <1b>[0;32mOK<1b>[0m
     Running test_utils.R.................. 5 tests <1b>[0;32mOK<1b>[0m
     Running test_utils.R.................. 6 tests <1b>[0;32mOK<1b>[0m
     Running test_utils.R.................. 6 tests <1b>[0;32mOK<1b>[0m
     Running test_utils.R.................. 7 tests <1b>[0;32mOK<1b>[0m
     Running test_utils.R.................. 7 tests <1b>[0;32mOK<1b>[0m
     Running test_utils.R.................. 8 tests <1b>[0;32mOK<1b>[0m
     Running test_utils.R.................. 9 tests <1b>[0;32mOK<1b>[0m
     Running test_utils.R.................. 10 tests <1b>[0;32mOK<1b>[0m
     Running test_utils.R.................. 11 tests <1b>[0;32mOK<1b>[0m
     Running test_utils.R.................. 12 tests <1b>[0;32mOK<1b>[0m
     Running test_utils.R.................. 13 tests <1b>[0;32mOK<1b>[0m
     Running test_utils.R.................. 13 tests <1b>[0;32mOK<1b>[0m
     Running test_utils.R.................. 13 tests <1b>[0;32mOK<1b>[0m
     Running test_utils.R.................. 13 tests <1b>[0;32mOK<1b>[0m
     Running test_utils.R.................. 13 tests <1b>[0;32mOK<1b>[0m
     Running test_utils.R.................. 14 tests <1b>[0;32mOK<1b>[0m
     Running test_utils.R.................. 14 tests <1b>[0;32mOK<1b>[0m
     Running test_utils.R.................. 15 tests <1b>[0;32mOK<1b>[0m
     Running test_utils.R.................. 16 tests <1b>[0;32mOK<1b>[0m
     Running test_utils.R.................. 17 tests <1b>[0;32mOK<1b>[0m
     Running test_utils.R.................. 17 tests <1b>[0;32mOK<1b>[0m
     Running test_utils.R.................. 17 tests <1b>[0;32mOK<1b>[0m
     Running test_utils.R.................. 17 tests <1b>[0;32mOK<1b>[0m
     Running test_utils.R.................. 18 tests <1b>[0;32mOK<1b>[0m
     Running test_utils.R.................. 19 tests <1b>[0;32mOK<1b>[0m
     Running test_utils.R.................. 20 tests <1b>[0;32mOK<1b>[0m
     Running test_utils.R.................. 21 tests <1b>[0;32mOK<1b>[0m
     Running test_utils.R.................. 21 tests <1b>[0;32mOK<1b>[0m
     Running test_utils.R.................. 22 tests <1b>[0;32mOK<1b>[0m
     Running test_utils.R.................. 23 tests <1b>[0;32mOK<1b>[0m
     Running test_utils.R.................. 23 tests <1b>[0;32mOK<1b>[0m
     Running test_utils.R.................. 24 tests <1b>[0;32mOK<1b>[0m
     Running test_utils.R.................. 24 tests <1b>[0;32mOK<1b>[0m
     Running test_utils.R.................. 25 tests <1b>[0;32mOK<1b>[0m
     Running test_utils.R.................. 26 tests <1b>[0;32mOK<1b>[0m
     Running test_utils.R.................. 27 tests <1b>[0;32mOK<1b>[0m
     Running test_utils.R.................. 28 tests <1b>[0;32mOK<1b>[0m
     Running test_utils.R.................. 29 tests <1b>[0;32mOK<1b>[0m
     Running test_utils.R.................. 30 tests <1b>[0;32mOK<1b>[0m
     Running test_utils.R.................. 31 tests <1b>[0;32mOK<1b>[0m
     Running test_utils.R.................. 32 tests <1b>[0;32mOK<1b>[0m
     Running test_utils.R.................. 33 tests <1b>[0;32mOK<1b>[0m
     Running test_utils.R.................. 34 tests <1b>[0;32mOK<1b>[0m
     Running test_utils.R.................. 35 tests <1b>[0;32mOK<1b>[0m
     Running test_utils.R.................. 37 tests <1b>[0;32mOK<1b>[0m <1b>[0;34m0.2s<1b>[0m
    
     Running test_validator.R.............. 0 tests
     Running test_validator.R.............. 0 tests
     Running test_validator.R.............. 1 tests <1b>[0;32mOK<1b>[0m
     Running test_validator.R.............. 1 tests <1b>[0;32mOK<1b>[0m
     Running test_validator.R.............. 2 tests <1b>[0;32mOK<1b>[0m
     Running test_validator.R.............. 2 tests <1b>[0;32mOK<1b>[0m
     Running test_validator.R.............. 3 tests <1b>[0;32mOK<1b>[0m
     Running test_validator.R.............. 3 tests <1b>[0;32mOK<1b>[0m
     Running test_validator.R.............. 4 tests <1b>[0;32mOK<1b>[0m
     Running test_validator.R.............. 5 tests <1b>[0;32mOK<1b>[0m
     Running test_validator.R.............. 6 tests <1b>[0;32mOK<1b>[0m
     Running test_validator.R.............. 7 tests <1b>[0;32mOK<1b>[0m
     Running test_validator.R.............. 8 tests <1b>[0;32mOK<1b>[0m
     Running test_validator.R.............. 9 tests <1b>[0;32mOK<1b>[0m
     Running test_validator.R.............. 9 tests <1b>[0;32mOK<1b>[0m
     Running test_validator.R.............. 10 tests <1b>[0;32mOK<1b>[0m
     Running test_validator.R.............. 11 tests <1b>[0;32mOK<1b>[0m
     Running test_validator.R.............. 11 tests <1b>[0;32mOK<1b>[0m
     Running test_validator.R.............. 11 tests <1b>[0;32mOK<1b>[0m
     Running test_validator.R.............. 11 tests <1b>[0;32mOK<1b>[0m
     Running test_validator.R.............. 12 tests <1b>[0;32mOK<1b>[0m
     Running test_validator.R.............. 12 tests <1b>[0;32mOK<1b>[0m
     Running test_validator.R.............. 12 tests <1b>[0;32mOK<1b>[0m
     Running test_validator.R.............. 12 tests <1b>[0;32mOK<1b>[0m
     Running test_validator.R.............. 12 tests <1b>[0;32mOK<1b>[0m
     Running test_validator.R.............. 12 tests <1b>[0;32mOK<1b>[0m
     Running test_validator.R.............. 12 tests <1b>[0;32mOK<1b>[0m
     Running test_validator.R.............. 12 tests <1b>[0;32mOK<1b>[0m
     Running test_validator.R.............. 12 tests <1b>[0;32mOK<1b>[0m
     Running test_validator.R.............. 12 tests <1b>[0;32mOK<1b>[0m
     Running test_validator.R.............. 13 tests <1b>[0;32mOK<1b>[0m
     Running test_validator.R.............. 13 tests <1b>[0;32mOK<1b>[0m
     Running test_validator.R.............. 13 tests <1b>[0;32mOK<1b>[0m <1b>[0;34m0.1s<1b>[0m
     ----- FAILED[data]: test_genericrules.R<259--260>
     call| expect_equal(as.logical(values(confront(transactions, rule))),
     call| c(TRUE, FALSE, TRUE, TRUE), info = "regex in does_not_contain")
     diff| Lengths (4, 0) differ (comparison on first 0 components)
     info| regex in does_not_contain
     ----- FAILED[data]: test_genericrules.R<264--265>
     call| expect_equal(as.logical(values(confront(transactions, rule))),
     call| c(TRUE, FALSE, TRUE, TRUE), info = "regex in does_not_contain")
     diff| Lengths (4, 0) differ (comparison on first 0 components)
     info| regex in does_not_contain
     Error: 2 out of 399 tests failed
     Execution halted
Flavor: r-oldrel-windows-ix86+x86_64