CRAN Package Check Results for Package utile.tables

Last updated on 2021-04-15 09:50:20 CEST.

Flavor Version Tinstall Tcheck Ttotal Status Flags
r-devel-linux-x86_64-debian-clang 0.2.1 2.88 32.18 35.06 NOTE
r-devel-linux-x86_64-debian-gcc 0.2.1 2.29 25.22 27.51 NOTE
r-devel-linux-x86_64-fedora-clang 0.2.1 51.79 NOTE
r-devel-linux-x86_64-fedora-gcc 0.2.1 41.80 NOTE
r-devel-windows-ix86+x86_64 0.2.1 7.00 43.00 50.00 NOTE
r-devel-windows-x86_64-gcc10-UCRT 0.2.1 NOTE
r-patched-linux-x86_64 0.2.1 2.38 30.36 32.74 OK
r-patched-solaris-x86 0.2.1 65.70 OK
r-release-linux-x86_64 0.2.1 3.14 30.69 33.83 OK
r-release-macos-x86_64 0.2.1 OK
r-release-windows-ix86+x86_64 0.2.1 27.00 51.00 78.00 OK
r-oldrel-macos-x86_64 0.2.1 OK
r-oldrel-windows-ix86+x86_64 0.2.1 5.00 33.00 38.00 OK

Check Details

Version: 0.2.1
Check: LazyData
Result: NOTE
     'LazyData' is specified without a 'data' directory
Flavors: r-devel-linux-x86_64-debian-clang, r-devel-linux-x86_64-debian-gcc, r-devel-linux-x86_64-fedora-clang, r-devel-linux-x86_64-fedora-gcc, r-devel-windows-ix86+x86_64, r-devel-windows-x86_64-gcc10-UCRT