CRAN Package Check Results for Package usmap

Last updated on 2020-05-29 17:49:21 CEST.

Flavor Version Tinstall Tcheck Ttotal Status Flags
r-devel-linux-x86_64-debian-clang 0.5.0 2.83 73.03 75.86 OK
r-devel-linux-x86_64-debian-gcc 0.5.0 2.42 55.51 57.93 OK
r-devel-linux-x86_64-fedora-clang 0.5.0 95.40 NOTE
r-devel-linux-x86_64-fedora-gcc 0.5.0 92.28 NOTE
r-devel-windows-ix86+x86_64 0.5.0 11.00 144.00 155.00 NOTE
r-patched-linux-x86_64 0.5.0 3.25 70.09 73.34 OK
r-patched-solaris-x86 0.5.0 131.90 NOTE
r-release-linux-x86_64 0.5.0 3.03 69.52 72.55 OK
r-release-osx-x86_64 0.5.0 NOTE
r-release-windows-ix86+x86_64 0.5.0 8.00 89.00 97.00 NOTE
r-oldrel-osx-x86_64 0.5.0 NOTE
r-oldrel-windows-ix86+x86_64 0.5.0 11.00 90.00 101.00 NOTE

Check Details

Version: 0.5.0
Check: installed package size
Result: NOTE
     installed size is 8.4Mb
     sub-directories of 1Mb or more:
     doc 1.6Mb
     extdata 6.4Mb
Flavors: r-devel-linux-x86_64-fedora-clang, r-devel-windows-ix86+x86_64, r-patched-solaris-x86, r-release-osx-x86_64, r-release-windows-ix86+x86_64, r-oldrel-osx-x86_64, r-oldrel-windows-ix86+x86_64

Version: 0.5.0
Check: data for non-ASCII characters
Result: NOTE
     Note: found 1 marked UTF-8 string
Flavors: r-devel-linux-x86_64-fedora-clang, r-devel-linux-x86_64-fedora-gcc, r-patched-solaris-x86, r-release-osx-x86_64, r-oldrel-osx-x86_64