CRAN Package Check Results for Package urltools

Last updated on 2020-02-27 17:51:12 CET.

Flavor Version Tinstall Tcheck Ttotal Status Flags
r-devel-linux-x86_64-debian-clang 1.7.3 70.06 32.34 102.40 OK
r-devel-linux-x86_64-debian-gcc 1.7.3 45.38 25.91 71.29 OK
r-devel-linux-x86_64-fedora-clang 1.7.3 150.84 NOTE
r-devel-linux-x86_64-fedora-gcc 1.7.3 135.36 NOTE
r-devel-windows-ix86+x86_64 1.7.3 134.00 79.00 213.00 OK
r-devel-windows-ix86+x86_64-gcc8 1.7.3 143.00 74.00 217.00 OK
r-patched-linux-x86_64 1.7.3 55.77 30.24 86.01 OK
r-patched-solaris-x86 1.7.3 139.20 NOTE
r-release-linux-x86_64 1.7.3 58.67 30.00 88.67 OK
r-release-windows-ix86+x86_64 1.7.3 140.00 70.00 210.00 OK
r-release-osx-x86_64 1.7.3 NOTE
r-oldrel-windows-ix86+x86_64 1.7.3 103.00 74.00 177.00 OK
r-oldrel-osx-x86_64 1.7.3 NOTE

Check Details

Version: 1.7.3
Check: data for non-ASCII characters
Result: NOTE
     Note: found 488 marked UTF-8 strings
Flavors: r-devel-linux-x86_64-fedora-clang, r-devel-linux-x86_64-fedora-gcc, r-patched-solaris-x86, r-release-osx-x86_64, r-oldrel-osx-x86_64