CRAN Package Check Results for Package unisensR

Last updated on 2021-04-15 09:50:20 CEST.

Flavor Version Tinstall Tcheck Ttotal Status Flags
r-devel-linux-x86_64-debian-clang 0.3.3 2.47 33.33 35.80 NOTE
r-devel-linux-x86_64-debian-gcc 0.3.3 1.68 26.46 28.14 NOTE
r-devel-linux-x86_64-fedora-clang 0.3.3 52.86 NOTE
r-devel-linux-x86_64-fedora-gcc 0.3.3 44.43 NOTE
r-devel-windows-ix86+x86_64 0.3.3 6.00 44.00 50.00 NOTE
r-devel-windows-x86_64-gcc10-UCRT 0.3.3 NOTE
r-patched-linux-x86_64 0.3.3 2.44 32.64 35.08 OK
r-patched-solaris-x86 0.3.3 69.30 OK
r-release-linux-x86_64 0.3.3 2.28 32.85 35.13 OK
r-release-macos-x86_64 0.3.3 OK
r-release-windows-ix86+x86_64 0.3.3 31.00 52.00 83.00 OK
r-oldrel-macos-x86_64 0.3.3 OK
r-oldrel-windows-ix86+x86_64 0.3.3 3.00 38.00 41.00 OK

Check Details

Version: 0.3.3
Check: LazyData
Result: NOTE
     'LazyData' is specified without a 'data' directory
Flavors: r-devel-linux-x86_64-debian-clang, r-devel-linux-x86_64-debian-gcc, r-devel-linux-x86_64-fedora-clang, r-devel-linux-x86_64-fedora-gcc, r-devel-windows-ix86+x86_64, r-devel-windows-x86_64-gcc10-UCRT