CRAN Package Check Results for Package unbalanced

Last updated on 2020-03-30 20:48:46 CEST.

Flavor Version Tinstall Tcheck Ttotal Status Flags
r-devel-linux-x86_64-debian-clang 2.0 10.25 138.32 148.57 NOTE
r-devel-linux-x86_64-debian-gcc 2.0 8.07 108.41 116.48 NOTE
r-devel-linux-x86_64-fedora-clang 2.0 172.81 NOTE
r-devel-linux-x86_64-fedora-gcc 2.0 170.98 NOTE
r-devel-windows-ix86+x86_64 2.0 28.00 157.00 185.00 NOTE
r-devel-windows-ix86+x86_64-gcc8 2.0 24.00 155.00 179.00 NOTE
r-patched-linux-x86_64 2.0 9.39 131.78 141.17 NOTE
r-patched-solaris-x86 2.0 263.30 NOTE
r-release-linux-x86_64 2.0 7.53 124.01 131.54 NOTE
r-release-windows-ix86+x86_64 2.0 36.00 227.00 263.00 NOTE
r-release-osx-x86_64 2.0 NOTE
r-oldrel-windows-ix86+x86_64 2.0 19.00 230.00 249.00 NOTE
r-oldrel-osx-x86_64 2.0 NOTE

Check Details

Version: 2.0
Check: R code for possible problems
Result: NOTE
    ubRacing : predCandidate: no visible global function definition for
     'predict'
    ubRacing : aux2.friedman.edit: no visible global function definition
     for 'pchisq'
    ubRacing : aux2.friedman.edit: no visible global function definition
     for 'qt'
    ubRacing : aux.friedman.edit: no visible global function definition for
     'wilcox.test'
    ubRacing : aux.ttest.edit: no visible global function definition for
     't.test'
    ubRacing : aux.ttest.edit: no visible global function definition for
     'p.adjust'
    ubRacing : idFolds: no visible global function definition for
     'quantile'
    ubRacing: no visible binding for global variable 'sd'
    ubSmoteExs: no visible global function definition for 'runif'
    Undefined global functions or variables:
     p.adjust pchisq predict qt quantile runif sd t.test wilcox.test
    Consider adding
     importFrom("stats", "p.adjust", "pchisq", "predict", "qt", "quantile",
     "runif", "sd", "t.test", "wilcox.test")
    to your NAMESPACE file.
Flavors: r-devel-linux-x86_64-debian-clang, r-devel-linux-x86_64-debian-gcc, r-devel-linux-x86_64-fedora-clang, r-devel-linux-x86_64-fedora-gcc, r-devel-windows-ix86+x86_64, r-devel-windows-ix86+x86_64-gcc8, r-patched-linux-x86_64, r-patched-solaris-x86, r-release-linux-x86_64, r-release-windows-ix86+x86_64, r-release-osx-x86_64, r-oldrel-windows-ix86+x86_64, r-oldrel-osx-x86_64