CRAN Package Check Results for Package umx

Last updated on 2021-04-15 09:50:20 CEST.

Flavor Version Tinstall Tcheck Ttotal Status Flags
r-devel-linux-x86_64-debian-clang 4.3.0 35.90 356.57 392.47 OK
r-devel-linux-x86_64-debian-gcc 4.3.0 28.57 243.43 272.00 OK
r-devel-linux-x86_64-fedora-clang 4.3.0 452.01 NOTE
r-devel-linux-x86_64-fedora-gcc 4.3.0 457.80 OK
r-devel-windows-ix86+x86_64 4.3.0 76.00 419.00 495.00 NOTE
r-devel-windows-x86_64-gcc10-UCRT 4.3.0 OK
r-patched-linux-x86_64 4.3.0 33.89 304.42 338.31 OK
r-release-linux-x86_64 4.3.0 33.08 308.98 342.06 OK
r-release-macos-x86_64 4.3.0 NOTE
r-release-windows-ix86+x86_64 4.3.0 77.00 479.00 556.00 NOTE
r-oldrel-macos-x86_64 4.3.0 NOTE
r-oldrel-windows-ix86+x86_64 4.3.0 45.00 341.00 386.00 NOTE

Check Details

Version: 4.3.0
Check: installed package size
Result: NOTE
     installed size is 5.4Mb
     sub-directories of 1Mb or more:
     help 4.0Mb
Flavors: r-devel-linux-x86_64-fedora-clang, r-devel-windows-ix86+x86_64, r-release-macos-x86_64, r-release-windows-ix86+x86_64, r-oldrel-macos-x86_64, r-oldrel-windows-ix86+x86_64

Version: 4.3.0
Check: Rd cross-references
Result: NOTE
    Undeclared package ‘sem’ in Rd xrefs
Flavor: r-devel-linux-x86_64-fedora-clang