CRAN Package Check Results for Package udunits2

Last updated on 2021-06-14 08:49:55 CEST.

Flavor Version Tinstall Tcheck Ttotal Status Flags
r-devel-linux-x86_64-debian-clang 0.13 5.36 23.72 29.08 OK
r-devel-linux-x86_64-debian-gcc 0.13 3.34 19.17 22.51 OK
r-devel-linux-x86_64-fedora-clang 0.13 42.71 NOTE
r-devel-linux-x86_64-fedora-gcc 0.13 32.46 NOTE
r-devel-windows-x86_64 0.13 6.00 30.00 36.00 OK
r-devel-windows-x86_64-gcc10-UCRT 0.13 OK
r-patched-linux-x86_64 0.13 4.14 23.29 27.43 OK
r-patched-solaris-x86 0.13 48.50 OK
r-release-linux-x86_64 0.13 3.86 23.54 27.40 OK
r-release-macos-arm64 0.13 ERROR
r-release-macos-x86_64 0.13 ERROR
r-release-windows-ix86+x86_64 0.13 7.00 35.00 42.00 OK
r-oldrel-macos-x86_64 0.13 ERROR
r-oldrel-windows-ix86+x86_64 0.13 8.00 37.00 45.00 OK

Check Details

Version: 0.13
Check: compiled code
Result: NOTE
    File ‘udunits2/libs/udunits2.so’:
     Found no calls to: ‘R_registerRoutines’, ‘R_useDynamicSymbols’
    
    It is good practice to register native routines and to disable symbol
    search.
    
    See ‘Writing portable packages’ in the ‘Writing R Extensions’ manual.
Flavors: r-devel-linux-x86_64-fedora-clang, r-devel-linux-x86_64-fedora-gcc

Version: 0.13
Check: whether package can be installed
Result: ERROR
    Installation failed.
Flavors: r-release-macos-arm64, r-release-macos-x86_64, r-oldrel-macos-x86_64