CRAN Package Check Results for Package ucminf

Last updated on 2020-07-06 21:50:41 CEST.

Flavor Version Tinstall Tcheck Ttotal Status Flags
r-devel-linux-x86_64-debian-clang 1.1-4 2.93 21.01 23.94 OK
r-devel-linux-x86_64-debian-gcc 1.1-4 2.15 16.87 19.02 OK
r-devel-linux-x86_64-fedora-clang 1.1-4 37.87 NOTE
r-devel-linux-x86_64-fedora-gcc 1.1-4 28.35 NOTE
r-devel-windows-ix86+x86_64 1.1-4 14.00 42.00 56.00 OK
r-patched-linux-x86_64 1.1-4 2.60 20.95 23.55 OK
r-patched-solaris-x86 1.1-4 42.30 OK
r-release-linux-x86_64 1.1-4 2.28 21.09 23.37 OK
r-release-osx-x86_64 1.1-4 OK
r-release-windows-ix86+x86_64 1.1-4 9.00 63.00 72.00 OK
r-oldrel-osx-x86_64 1.1-4 OK
r-oldrel-windows-ix86+x86_64 1.1-4 14.00 46.00 60.00 OK

Additional issues

rchk

Check Details

Version: 1.1-4
Check: compiled code
Result: NOTE
    File ‘ucminf/libs/ucminf.so’:
     Found no calls to: ‘R_registerRoutines’, ‘R_useDynamicSymbols’
    
    It is good practice to register native routines and to disable symbol
    search.
    
    See ‘Writing portable packages’ in the ‘Writing R Extensions’ manual.
Flavors: r-devel-linux-x86_64-fedora-clang, r-devel-linux-x86_64-fedora-gcc