CRAN Package Check Results for Package uHMM

Last updated on 2020-05-29 17:49:20 CEST.

Flavor Version Tinstall Tcheck Ttotal Status Flags
r-devel-linux-x86_64-debian-clang 1.0 13.04 65.94 78.98 OK
r-devel-linux-x86_64-debian-gcc 1.0 9.88 51.79 61.67 OK
r-devel-linux-x86_64-fedora-clang 1.0 111.02 OK
r-devel-linux-x86_64-fedora-gcc 1.0 100.94 OK
r-devel-windows-ix86+x86_64 1.0 25.00 100.00 125.00 OK
r-patched-linux-x86_64 1.0 13.08 65.66 78.74 OK
r-patched-solaris-x86 1.0 146.40 OK
r-release-linux-x86_64 1.0 11.33 66.19 77.52 OK
r-release-osx-x86_64 1.0 OK
r-release-windows-ix86+x86_64 1.0 25.00 122.00 147.00 OK
r-oldrel-osx-x86_64 1.0 FAIL
r-oldrel-windows-ix86+x86_64 1.0 17.00 73.00 90.00 OK

Check Details

Version: 1.0
Check: whether package can be installed
Result: FAIL
Flavor: r-oldrel-osx-x86_64