CRAN Package Check Results for Package twfy

Last updated on 2021-06-22 09:51:57 CEST.

Flavor Version Tinstall Tcheck Ttotal Status Flags
r-devel-linux-x86_64-debian-clang 0.1.0 2.48 24.31 26.79 NOTE
r-devel-linux-x86_64-debian-gcc 0.1.0 1.79 19.33 21.12 NOTE
r-devel-linux-x86_64-fedora-clang 0.1.0 41.41 NOTE
r-devel-linux-x86_64-fedora-gcc 0.1.0 32.06 NOTE
r-devel-windows-x86_64 0.1.0 4.00 41.00 45.00 NOTE
r-devel-windows-x86_64-gcc10-UCRT 0.1.0 ERROR
r-patched-linux-x86_64 0.1.0 2.85 23.81 26.66 NOTE
r-patched-solaris-x86 0.1.0 48.60 NOTE
r-release-linux-x86_64 0.1.0 2.27 23.95 26.22 NOTE
r-release-macos-arm64 0.1.0 NOTE
r-release-macos-x86_64 0.1.0 NOTE
r-release-windows-ix86+x86_64 0.1.0 5.00 40.00 45.00 NOTE
r-oldrel-macos-x86_64 0.1.0 OK

Check Details

Version: 0.1.0
Check: LazyData
Result: NOTE
     'LazyData' is specified without a 'data' directory
Flavors: r-devel-linux-x86_64-debian-clang, r-devel-linux-x86_64-debian-gcc, r-devel-linux-x86_64-fedora-clang, r-devel-linux-x86_64-fedora-gcc, r-devel-windows-x86_64, r-patched-linux-x86_64, r-patched-solaris-x86, r-release-linux-x86_64, r-release-macos-arm64, r-release-macos-x86_64, r-release-windows-ix86+x86_64

Version: 0.1.0
Check: package dependencies
Result: ERROR
    Package required but not available: 'httr'
    
    See section 'The DESCRIPTION file' in the 'Writing R Extensions'
    manual.
Flavor: r-devel-windows-x86_64-gcc10-UCRT