CRAN Package Check Results for Package tuneRanger

Last updated on 2021-06-16 09:53:42 CEST.

Flavor Version Tinstall Tcheck Ttotal Status Flags
r-devel-linux-x86_64-debian-clang 0.5 14.52 146.23 160.75 NOTE
r-devel-linux-x86_64-debian-gcc 0.5 11.22 108.14 119.36 NOTE
r-devel-linux-x86_64-fedora-clang 0.5 194.38 NOTE
r-devel-linux-x86_64-fedora-gcc 0.5 185.43 NOTE
r-devel-windows-x86_64 0.5 21.00 161.00 182.00 NOTE
r-devel-windows-x86_64-gcc10-UCRT 0.5 NOTE
r-patched-linux-x86_64 0.5 13.70 136.85 150.55 NOTE
r-patched-solaris-x86 0.5 293.60 NOTE
r-release-linux-x86_64 0.5 12.02 136.28 148.30 NOTE
r-release-macos-arm64 0.5 NOTE
r-release-macos-x86_64 0.5 NOTE
r-release-windows-ix86+x86_64 0.5 31.00 162.00 193.00 NOTE
r-oldrel-macos-x86_64 0.5 OK
r-oldrel-windows-ix86+x86_64 0.5 33.00 163.00 196.00 OK

Check Details

Version: 0.5
Check: LazyData
Result: NOTE
     'LazyData' is specified without a 'data' directory
Flavors: r-devel-linux-x86_64-debian-clang, r-devel-linux-x86_64-debian-gcc, r-devel-linux-x86_64-fedora-clang, r-devel-linux-x86_64-fedora-gcc, r-devel-windows-x86_64, r-devel-windows-x86_64-gcc10-UCRT, r-patched-linux-x86_64, r-patched-solaris-x86, r-release-linux-x86_64, r-release-macos-arm64, r-release-macos-x86_64, r-release-windows-ix86+x86_64

Version: 0.5
Check: Rd cross-references
Result: NOTE
    Undeclared package ‘randomForest’ in Rd xrefs
Flavor: r-devel-linux-x86_64-fedora-clang