CRAN Package Check Results for Package tspmeta

Last updated on 2021-04-15 09:50:19 CEST.

Flavor Version Tinstall Tcheck Ttotal Status Flags
r-devel-linux-x86_64-debian-clang 1.2 15.18 129.82 145.00 NOTE
r-devel-linux-x86_64-debian-gcc 1.2 11.90 98.63 110.53 NOTE
r-devel-linux-x86_64-fedora-clang 1.2 179.19 NOTE
r-devel-linux-x86_64-fedora-gcc 1.2 168.47 NOTE
r-devel-windows-ix86+x86_64 1.2 40.00 171.00 211.00 NOTE
r-devel-windows-x86_64-gcc10-UCRT 1.2 NOTE
r-patched-linux-x86_64 1.2 14.81 119.49 134.30 OK
r-patched-solaris-x86 1.2 252.60 OK
r-release-linux-x86_64 1.2 13.29 118.94 132.23 OK
r-release-macos-x86_64 1.2 OK
r-release-windows-ix86+x86_64 1.2 50.00 204.00 254.00 OK
r-oldrel-macos-x86_64 1.2 OK
r-oldrel-windows-ix86+x86_64 1.2 25.00 149.00 174.00 OK

Check Details

Version: 1.2
Check: LazyData
Result: NOTE
     'LazyData' is specified without a 'data' directory
Flavors: r-devel-linux-x86_64-debian-clang, r-devel-linux-x86_64-debian-gcc, r-devel-linux-x86_64-fedora-clang, r-devel-linux-x86_64-fedora-gcc, r-devel-windows-ix86+x86_64, r-devel-windows-x86_64-gcc10-UCRT

Version: 1.2
Check: compiled code
Result: NOTE
    File ‘tspmeta/libs/tspmeta.so’:
     Found no calls to: ‘R_registerRoutines’, ‘R_useDynamicSymbols’
    
    It is good practice to register native routines and to disable symbol
    search.
    
    See ‘Writing portable packages’ in the ‘Writing R Extensions’ manual.
Flavors: r-devel-linux-x86_64-fedora-clang, r-devel-linux-x86_64-fedora-gcc