CRAN Package Check Results for Package tsfknn

Last updated on 2020-03-30 20:48:46 CEST.

Flavor Version Tinstall Tcheck Ttotal Status Flags
r-devel-linux-x86_64-debian-clang 0.3.0 4.43 52.45 56.88 OK
r-devel-linux-x86_64-debian-gcc 0.3.0 3.56 40.45 44.01 OK
r-devel-linux-x86_64-fedora-clang 0.3.0 67.21 OK
r-devel-linux-x86_64-fedora-gcc 0.3.0 65.64 OK
r-devel-windows-ix86+x86_64 0.3.0 17.00 56.00 73.00 OK
r-devel-windows-ix86+x86_64-gcc8 0.3.0 15.00 64.00 79.00 OK
r-patched-linux-x86_64 0.3.0 4.22 49.58 53.80 OK
r-patched-solaris-x86 0.3.0 98.20 OK
r-release-linux-x86_64 0.3.0 3.29 47.23 50.52 OK
r-release-windows-ix86+x86_64 0.3.0 21.00 86.00 107.00 OK
r-release-osx-x86_64 0.3.0 OK
r-oldrel-windows-ix86+x86_64 0.2.0 11.00 82.00 93.00 OK
r-oldrel-osx-x86_64 0.3.0 ERROR

Check Details

Version: 0.3.0
Check: whether package can be installed
Result: ERROR
    Installation failed.
Flavor: r-oldrel-osx-x86_64