CRAN Package Check Results for Package tsDyn

Last updated on 2021-04-15 09:50:19 CEST.

Flavor Version Tinstall Tcheck Ttotal Status Flags
r-devel-linux-x86_64-debian-clang 10-1.2 24.28 196.97 221.25 OK
r-devel-linux-x86_64-debian-gcc 10-1.2 20.31 143.92 164.23 OK
r-devel-linux-x86_64-fedora-clang 10-1.2 266.16 NOTE
r-devel-linux-x86_64-fedora-gcc 10-1.2 254.10 OK
r-devel-windows-ix86+x86_64 10-1.2 56.00 269.00 325.00 OK
r-devel-windows-x86_64-gcc10-UCRT 10-1.2 OK
r-patched-linux-x86_64 10-1.2 19.76 178.56 198.32 OK
r-patched-solaris-x86 10-1.2 354.40 OK
r-release-linux-x86_64 10-1.2 18.59 177.65 196.24 OK
r-release-macos-x86_64 10-1.2 OK
r-release-windows-ix86+x86_64 10-1.2 54.00 313.00 367.00 OK
r-oldrel-macos-x86_64 10-1.2 NOTE
r-oldrel-windows-ix86+x86_64 10-1.2 33.00 216.00 249.00 OK

Check Details

Version: 10-1.2
Check: Rd cross-references
Result: NOTE
    Undeclared package ‘rugarch’ in Rd xrefs
Flavor: r-devel-linux-x86_64-fedora-clang

Version: 10-1.2
Check: dependencies in R code
Result: NOTE
    No protocol specified
    No protocol specified
    No protocol specified
Flavor: r-oldrel-macos-x86_64