CRAN Package Check Results for Package trread

Last updated on 2020-03-30 20:48:46 CEST.

Flavor Version Tinstall Tcheck Ttotal Status Flags
r-devel-linux-x86_64-debian-clang 0.2.7 7.34 99.30 106.64 NOTE
r-devel-linux-x86_64-debian-gcc 0.2.7 6.11 78.02 84.13 NOTE
r-devel-linux-x86_64-fedora-clang 0.2.7 135.93 NOTE
r-devel-linux-x86_64-fedora-gcc 0.2.7 131.70 NOTE
r-devel-windows-ix86+x86_64 0.2.7 22.00 103.00 125.00 NOTE
r-devel-windows-ix86+x86_64-gcc8 0.2.7 18.00 107.00 125.00 NOTE
r-patched-linux-x86_64 0.2.7 7.10 97.68 104.78 NOTE
r-patched-solaris-x86 0.2.7 202.20 NOTE
r-release-linux-x86_64 0.2.7 6.51 96.08 102.59 OK
r-release-windows-ix86+x86_64 0.2.7 26.00 148.00 174.00 OK
r-release-osx-x86_64 0.2.7 NOTE
r-oldrel-windows-ix86+x86_64 0.2.7 20.00 141.00 161.00 OK
r-oldrel-osx-x86_64 0.2.7 NOTE

Additional issues

donttest

Check Details

Version: 0.2.7
Check: package vignettes
Result: NOTE
    Package vignette with placeholder title 'Vignette Title':
     'GTFS-table-relationships.Rmd'
Flavors: r-devel-linux-x86_64-debian-clang, r-devel-linux-x86_64-debian-gcc, r-devel-windows-ix86+x86_64, r-devel-windows-ix86+x86_64-gcc8, r-patched-linux-x86_64

Version: 0.2.7
Check: installed package size
Result: NOTE
     installed size is 5.0Mb
     sub-directories of 1Mb or more:
     extdata 4.4Mb
Flavors: r-devel-linux-x86_64-fedora-clang, r-patched-solaris-x86, r-release-osx-x86_64, r-oldrel-osx-x86_64

Version: 0.2.7
Check: dependencies in R code
Result: NOTE
    Namespaces in Imports field not imported from:
     ‘here’ ‘htmltools’ ‘scales’ ‘stringr’
     All declared Imports should be used.
Flavors: r-devel-linux-x86_64-fedora-clang, r-devel-linux-x86_64-fedora-gcc, r-patched-solaris-x86, r-release-osx-x86_64, r-oldrel-osx-x86_64

Version: 0.2.7
Check: data for non-ASCII characters
Result: NOTE
     Note: found 41 marked UTF-8 strings
Flavors: r-devel-linux-x86_64-fedora-clang, r-devel-linux-x86_64-fedora-gcc, r-patched-solaris-x86, r-release-osx-x86_64, r-oldrel-osx-x86_64