CRAN Package Check Results for Package trajr

Last updated on 2021-04-15 09:50:19 CEST.

Flavor Version Tinstall Tcheck Ttotal Status Flags
r-devel-linux-x86_64-debian-clang 1.4.0 4.27 277.37 281.64 NOTE
r-devel-linux-x86_64-debian-gcc 1.4.0 2.56 181.43 183.99 NOTE
r-devel-linux-x86_64-fedora-clang 1.4.0 321.79 NOTE
r-devel-linux-x86_64-fedora-gcc 1.4.0 319.14 NOTE
r-devel-windows-ix86+x86_64 1.4.0 8.00 281.00 289.00 NOTE
r-devel-windows-x86_64-gcc10-UCRT 1.4.0 NOTE
r-patched-linux-x86_64 1.4.0 3.42 255.65 259.07 OK
r-patched-solaris-x86 1.4.0 397.30 OK
r-release-linux-x86_64 1.4.0 3.38 257.32 260.70 OK
r-release-macos-x86_64 1.4.0 OK
r-release-windows-ix86+x86_64 1.4.0 6.00 315.00 321.00 OK
r-oldrel-macos-x86_64 1.4.0 NOTE
r-oldrel-windows-ix86+x86_64 1.4.0 6.00 235.00 241.00 OK

Check Details

Version: 1.4.0
Check: LazyData
Result: NOTE
     'LazyData' is specified without a 'data' directory
Flavors: r-devel-linux-x86_64-debian-clang, r-devel-linux-x86_64-debian-gcc, r-devel-linux-x86_64-fedora-clang, r-devel-linux-x86_64-fedora-gcc, r-devel-windows-ix86+x86_64, r-devel-windows-x86_64-gcc10-UCRT

Version: 1.4.0
Check: dependencies in R code
Result: NOTE
    No protocol specified
    No protocol specified
Flavor: r-oldrel-macos-x86_64