CRAN Package Check Results for Package tourr

Last updated on 2021-04-15 09:50:19 CEST.

Flavor Version Tinstall Tcheck Ttotal Status Flags
r-devel-linux-x86_64-debian-clang 0.6.0 5.56 83.85 89.41 OK
r-devel-linux-x86_64-debian-gcc 0.6.0 4.63 63.03 67.66 OK
r-devel-linux-x86_64-fedora-clang 0.6.0 112.61 NOTE
r-devel-linux-x86_64-fedora-gcc 0.6.0 103.98 NOTE
r-devel-windows-ix86+x86_64 0.6.0 11.00 108.00 119.00 OK
r-devel-windows-x86_64-gcc10-UCRT 0.6.0 NOTE
r-patched-linux-x86_64 0.6.0 5.11 80.03 85.14 OK
r-patched-solaris-x86 0.6.0 136.60 NOTE
r-release-linux-x86_64 0.6.0 6.09 80.20 86.29 OK
r-release-macos-x86_64 0.6.0 NOTE
r-release-windows-ix86+x86_64 0.6.0 32.00 124.00 156.00 OK
r-oldrel-macos-x86_64 0.6.0 NOTE
r-oldrel-windows-ix86+x86_64 0.6.0 6.00 95.00 101.00 OK

Check Details

Version: 0.6.0
Check: dependencies in R code
Result: NOTE
    Namespace in Imports field not imported from: ‘tibble’
     All declared Imports should be used.
Flavors: r-devel-linux-x86_64-fedora-clang, r-devel-linux-x86_64-fedora-gcc, r-devel-windows-x86_64-gcc10-UCRT, r-patched-solaris-x86, r-release-macos-x86_64, r-oldrel-macos-x86_64

Version: 0.6.0
Check: package dependencies
Result: NOTE
    Package suggested but not available for checking: 'gifski'
Flavors: r-devel-windows-x86_64-gcc10-UCRT, r-patched-solaris-x86