CRAN Package Check Results for Package tlrmvnmvt

Last updated on 2021-04-15 09:50:19 CEST.

Flavor Version Tinstall Tcheck Ttotal Status Flags
r-devel-linux-x86_64-debian-clang 1.1.0 253.46 41.67 295.13 OK
r-devel-linux-x86_64-debian-gcc 1.1.0 148.53 32.86 181.39 OK
r-devel-linux-x86_64-fedora-clang 1.1.0 419.47 NOTE
r-devel-linux-x86_64-fedora-gcc 1.1.0 339.03 OK
r-devel-windows-ix86+x86_64 1.1.0 479.00 100.00 579.00 OK
r-devel-windows-x86_64-gcc10-UCRT 1.1.0 OK
r-patched-linux-x86_64 1.1.0 183.30 41.93 225.23 OK
r-patched-solaris-x86 1.1.0 284.10 OK
r-release-linux-x86_64 1.1.0 183.57 41.93 225.50 OK
r-release-macos-x86_64 1.1.0 NOTE
r-release-windows-ix86+x86_64 1.1.0 465.00 120.00 585.00 OK
r-oldrel-macos-x86_64 1.1.0 NOTE
r-oldrel-windows-ix86+x86_64 1.1.0 478.00 88.00 566.00 OK

Check Details

Version: 1.1.0
Check: installed package size
Result: NOTE
     installed size is 11.4Mb
     sub-directories of 1Mb or more:
     libs 11.2Mb
Flavors: r-devel-linux-x86_64-fedora-clang, r-release-macos-x86_64, r-oldrel-macos-x86_64