CRAN Package Check Results for Package tidytree

Last updated on 2020-03-30 20:48:45 CEST.

Flavor Version Tinstall Tcheck Ttotal Status Flags
r-devel-linux-x86_64-debian-clang 0.3.2 5.61 45.73 51.34 OK
r-devel-linux-x86_64-debian-gcc 0.3.2 4.62 36.28 40.90 OK
r-devel-linux-x86_64-fedora-clang 0.3.2 68.11 WARN
r-devel-linux-x86_64-fedora-gcc 0.3.2 67.42 WARN
r-devel-windows-ix86+x86_64 0.3.2 16.00 57.00 73.00 OK
r-devel-windows-ix86+x86_64-gcc8 0.3.2 15.00 65.00 80.00 OK
r-patched-linux-x86_64 0.3.2 5.23 43.06 48.29 OK
r-patched-solaris-x86 0.3.2 100.10 WARN
r-release-linux-x86_64 0.3.2 3.98 40.13 44.11 OK
r-release-windows-ix86+x86_64 0.3.2 20.00 85.00 105.00 OK
r-release-osx-x86_64 0.3.2 NOTE
r-oldrel-windows-ix86+x86_64 0.3.2 12.00 83.00 95.00 OK
r-oldrel-osx-x86_64 0.3.2 NOTE

Check Details

Version: 0.3.2
Check: whether package can be installed
Result: WARN
    Found the following significant warnings:
     Warning: `data_frame()` is deprecated as of tibble 1.1.0.
Flavors: r-devel-linux-x86_64-fedora-clang, r-devel-linux-x86_64-fedora-gcc, r-patched-solaris-x86

Version: 0.3.2
Check: dependencies in R code
Result: NOTE
    Namespace in Imports field not imported from: ‘utils’
     All declared Imports should be used.
Flavors: r-devel-linux-x86_64-fedora-clang, r-devel-linux-x86_64-fedora-gcc, r-patched-solaris-x86, r-release-osx-x86_64, r-oldrel-osx-x86_64