CRAN Package Check Results for Package tidytransit

Last updated on 2021-04-15 09:50:19 CEST.

Flavor Version Tinstall Tcheck Ttotal Status Flags
r-devel-linux-x86_64-debian-clang 0.7.3 12.02 255.64 267.66 OK
r-devel-linux-x86_64-debian-gcc 0.7.3 9.17 183.86 193.03 OK
r-devel-linux-x86_64-fedora-clang 0.7.3 269.98 NOTE
r-devel-linux-x86_64-fedora-gcc 0.7.3 251.62 NOTE
r-devel-windows-ix86+x86_64 0.7.3 22.00 242.00 264.00 NOTE
r-devel-windows-x86_64-gcc10-UCRT 0.7.3 NOTE
r-patched-linux-x86_64 0.7.3 11.42 236.22 247.64 OK
r-patched-solaris-x86 0.7.3 446.90 NOTE
r-release-linux-x86_64 0.7.3 11.87 238.25 250.12 OK
r-release-macos-x86_64 0.7.3 NOTE
r-release-windows-ix86+x86_64 0.7.3 23.00 292.00 315.00 NOTE
r-oldrel-macos-x86_64 0.7.3 NOTE
r-oldrel-windows-ix86+x86_64 0.7.3 14.00 224.00 238.00 NOTE

Check Details

Version: 0.7.3
Check: installed package size
Result: NOTE
     installed size is 6.3Mb
     sub-directories of 1Mb or more:
     doc 1.3Mb
     extdata 4.4Mb
Flavors: r-devel-linux-x86_64-fedora-clang, r-devel-windows-ix86+x86_64, r-patched-solaris-x86, r-release-macos-x86_64, r-release-windows-ix86+x86_64, r-oldrel-macos-x86_64, r-oldrel-windows-ix86+x86_64

Version: 0.7.3
Check: dependencies in R code
Result: NOTE
    Namespace in Imports field not imported from: ‘tools’
     All declared Imports should be used.
Flavors: r-devel-linux-x86_64-fedora-clang, r-devel-linux-x86_64-fedora-gcc, r-devel-windows-x86_64-gcc10-UCRT, r-patched-solaris-x86, r-release-macos-x86_64, r-oldrel-macos-x86_64

Version: 0.7.3
Check: data for non-ASCII characters
Result: NOTE
     Note: found 62 marked UTF-8 strings
Flavors: r-devel-linux-x86_64-fedora-clang, r-devel-linux-x86_64-fedora-gcc, r-devel-windows-x86_64-gcc10-UCRT, r-patched-solaris-x86, r-release-macos-x86_64, r-oldrel-macos-x86_64