CRAN Package Check Results for Package tidytext

Last updated on 2021-04-15 09:50:19 CEST.

Flavor Version Tinstall Tcheck Ttotal Status Flags
r-devel-linux-x86_64-debian-clang 0.3.1 11.05 173.79 184.84 OK
r-devel-linux-x86_64-debian-gcc 0.3.1 10.09 127.76 137.85 OK
r-devel-linux-x86_64-fedora-clang 0.3.1 225.19 OK
r-devel-linux-x86_64-fedora-gcc 0.3.1 213.12 OK
r-devel-windows-ix86+x86_64 0.3.1 28.00 183.00 211.00 OK
r-devel-windows-x86_64-gcc10-UCRT 0.3.1 NOTE
r-patched-linux-x86_64 0.3.1 10.28 159.60 169.88 OK
r-patched-solaris-x86 0.3.1 329.70 OK
r-release-linux-x86_64 0.3.1 11.96 159.19 171.15 OK
r-release-macos-x86_64 0.3.1 OK
r-release-windows-ix86+x86_64 0.3.1 22.00 174.00 196.00 OK
r-oldrel-macos-x86_64 0.3.1 OK
r-oldrel-windows-ix86+x86_64 0.3.1 25.00 194.00 219.00 OK

Check Details

Version: 0.3.1
Check: package dependencies
Result: NOTE
    Packages suggested but not available for checking: 'quanteda', 'stm'
Flavor: r-devel-windows-x86_64-gcc10-UCRT