CRAN Package Check Results for Package tidyrules

Last updated on 2021-04-15 09:50:18 CEST.

Flavor Version Tinstall Tcheck Ttotal Status Flags
r-devel-linux-x86_64-debian-clang 0.1.5 6.52 81.14 87.66 NOTE
r-devel-linux-x86_64-debian-gcc 0.1.5 5.49 61.35 66.84 NOTE
r-devel-linux-x86_64-fedora-clang 0.1.5 113.70 NOTE
r-devel-linux-x86_64-fedora-gcc 0.1.5 108.43 NOTE
r-devel-windows-ix86+x86_64 0.1.5 15.00 93.00 108.00 NOTE
r-devel-windows-x86_64-gcc10-UCRT 0.1.5 NOTE
r-patched-linux-x86_64 0.1.5 6.00 78.96 84.96 OK
r-patched-solaris-x86 0.1.5 167.20 OK
r-release-linux-x86_64 0.1.5 6.47 77.81 84.28 OK
r-release-macos-x86_64 0.1.5 OK
r-release-windows-ix86+x86_64 0.1.5 37.00 109.00 146.00 OK
r-oldrel-macos-x86_64 0.1.5 OK
r-oldrel-windows-ix86+x86_64 0.1.5 11.00 81.00 92.00 OK

Check Details

Version: 0.1.5
Check: LazyData
Result: NOTE
     'LazyData' is specified without a 'data' directory
Flavors: r-devel-linux-x86_64-debian-clang, r-devel-linux-x86_64-debian-gcc, r-devel-linux-x86_64-fedora-clang, r-devel-linux-x86_64-fedora-gcc, r-devel-windows-ix86+x86_64, r-devel-windows-x86_64-gcc10-UCRT