CRAN Package Check Results for Package tidygeocoder

Last updated on 2020-02-27 17:51:11 CET.

Flavor Version Tinstall Tcheck Ttotal Status Flags
r-devel-linux-x86_64-debian-clang 0.2.4 13.23 119.27 132.50 OK
r-devel-linux-x86_64-debian-gcc 0.2.4 11.52 90.06 101.58 OK
r-devel-linux-x86_64-fedora-clang 0.2.4 167.02 OK
r-devel-linux-x86_64-fedora-gcc 0.2.4 152.65 OK
r-devel-windows-ix86+x86_64 0.2.4 27.00 131.00 158.00 OK
r-devel-windows-ix86+x86_64-gcc8 0.2.4 31.00 142.00 173.00 ERROR
r-patched-linux-x86_64 0.2.4 10.18 103.15 113.33 OK
r-patched-solaris-x86 0.2.4 234.90 OK
r-release-linux-x86_64 0.2.4 11.17 105.85 117.02 OK
r-release-windows-ix86+x86_64 0.2.4 26.00 137.00 163.00 OK
r-release-osx-x86_64 0.2.4 OK
r-oldrel-windows-ix86+x86_64 0.2.4 12.00 157.00 169.00 WARN
r-oldrel-osx-x86_64 0.2.4 WARN

Check Details

Version: 0.2.4
Check: tests
Result: ERROR
     Running 'testthat.R' [18s]
    Running the tests in 'tests/testthat.R' failed.
    Complete output:
     > library(testthat)
     > library(tidygeocoder)
     >
     > test_check("tidygeocoder")
     -- 3. Error: (unknown) (@test-geocode.R#2) ------------------------------------
     Internal error: Trace data is not square.
     Backtrace:
     1. testthat::test_check("tidygeocoder")
     2. testthat:::test_package_dir(...)
     3. testthat::test_dir(...)
     4. testthat:::test_files(...)
     10. base::lapply(...)
     11. testthat:::FUN(X[[i]], ...)
     17. testthat::source_file(...)
     18. testthat:::test_code(NULL, exprs, env)
     27. [ base::eval(...) ] with 1 more call
     29. testthat::test_that(...)
     ...
     40. testthat:::o_apply(...)
     41. base::lapply(objects, function(x) x[[method]](...))
     42. testthat:::FUN(X[[i]], ...)
     43. x[[method]](...)
     47. testthat:::failure_summary(result, self$n_fail)
     50. testthat:::format.expectation(x)
     51. testthat:::format_with_trace(x)
     53. rlang:::format.rlang_trace(...)
     54. rlang:::trace_format_branch(x, max_frames, dir, srcrefs)
     55. rlang:::branch_uncollapse_pipe(trace)
    
     == testthat results ===========================================================
     [ OK: 0 | SKIPPED: 0 | WARNINGS: 0 | FAILED: 3 ]
     1. Error: geocode default colnames (@test-geocode.R#3)
     2. Error: geocode default colnames (@test-geocode.R#2)
     3. Error: (unknown) (@test-geocode.R#2)
    
     Error: testthat unit tests failed
     Execution halted
Flavor: r-devel-windows-ix86+x86_64-gcc8

Version: 0.2.4
Check: re-building of vignette outputs
Result: WARN
    Error in re-building vignettes:
     ...
    
    Attaching package: 'dplyr'
    
    The following objects are masked from 'package:stats':
    
     filter, lag
    
    The following objects are masked from 'package:base':
    
     intersect, setdiff, setequal, union
    
    Loading required package: ggplot2
    Loading required package: maps
    Loading required package: ggrepel
    Quitting from lines 62-64 (tidygeocoder.Rmd)
    Error: processing vignette 'tidygeocoder.Rmd' failed with diagnostics:
    cannot open URL 'http://nominatim.openstreetmap.org/search?q=Fake+Address&format=xml&polygon=0&addressdetails=0'
    Execution halted
Flavor: r-oldrel-windows-ix86+x86_64

Version: 0.2.4
Check: re-building of vignette outputs
Result: WARN
    Error in re-building vignettes:
     ...
    Warning in engine$weave(file, quiet = quiet, encoding = enc) :
     Pandoc (>= 1.12.3) and/or pandoc-citeproc not available. Falling back to R Markdown v1.
    
    Attaching package: 'dplyr'
    
    The following objects are masked from 'package:stats':
    
     filter, lag
    
    The following objects are masked from 'package:base':
    
     intersect, setdiff, setequal, union
    
    Loading required package: ggplot2
    Loading required package: maps
    Loading required package: ggrepel
    Warning in FUN(X[[i]], ...) : No results found for "Fake Address".
    Quitting from lines 62-64 (tidygeocoder.Rmd)
    Error: processing vignette 'tidygeocoder.Rmd' failed with diagnostics:
    cannot open URL 'http://nominatim.openstreetmap.org/search?q=Nairobi,+Kenya&format=xml&polygon=0&addressdetails=0'
    Execution halted
Flavor: r-oldrel-osx-x86_64