CRAN Package Check Results for Package tidyfast

Last updated on 2021-06-16 09:53:41 CEST.

Flavor Version Tinstall Tcheck Ttotal Status Flags
r-devel-linux-x86_64-debian-clang 0.2.1 19.31 50.76 70.07 NOTE
r-devel-linux-x86_64-debian-gcc 0.2.1 12.24 35.94 48.18 NOTE
r-devel-linux-x86_64-fedora-clang 0.2.1 94.81 NOTE
r-devel-linux-x86_64-fedora-gcc 0.2.1 77.73 NOTE
r-devel-windows-x86_64 0.2.1 25.00 75.00 100.00 NOTE
r-devel-windows-x86_64-gcc10-UCRT 0.2.1 NOTE
r-patched-linux-x86_64 0.2.1 14.67 45.77 60.44 NOTE
r-patched-solaris-x86 0.2.1 102.40 NOTE
r-release-linux-x86_64 0.2.1 14.43 45.53 59.96 NOTE
r-release-macos-arm64 0.2.1 NOTE
r-release-macos-x86_64 0.2.1 NOTE
r-release-windows-ix86+x86_64 0.2.1 45.00 87.00 132.00 NOTE
r-oldrel-macos-x86_64 0.2.1 OK
r-oldrel-windows-ix86+x86_64 0.2.1 40.00 104.00 144.00 OK

Check Details

Version: 0.2.1
Check: LazyData
Result: NOTE
     'LazyData' is specified without a 'data' directory
Flavors: r-devel-linux-x86_64-debian-clang, r-devel-linux-x86_64-debian-gcc, r-devel-linux-x86_64-fedora-clang, r-devel-linux-x86_64-fedora-gcc, r-devel-windows-x86_64, r-devel-windows-x86_64-gcc10-UCRT, r-patched-linux-x86_64, r-patched-solaris-x86, r-release-linux-x86_64, r-release-macos-arm64, r-release-macos-x86_64, r-release-windows-ix86+x86_64